{"id":46,"date":"2022-05-24T14:38:13","date_gmt":"2022-05-24T18:38:13","guid":{"rendered":"http:\/\/portfolio-pre.uqac.ca\/gabarit\/?page_id=46"},"modified":"2026-01-26T11:58:07","modified_gmt":"2026-01-26T16:58:07","slug":"recherche","status":"publish","type":"page","link":"https:\/\/portfolio.uqac.ca\/anniedumont\/recherche\/","title":{"rendered":"Recherche"},"content":{"rendered":"<h1><span style=\"color: #808080\">Projets de recherche en cours<\/span><\/h1>\n<h3>Chercheure principale<\/h3>\n<p><em>Agentivit\u00e9 en contexte d\u2019adversit\u00e9 : d\u00e9crire les strat\u00e9gies des jeunes en transition vers la vie adulte en l&#8217;absence de soutien parental <\/em>(Co-chercheur\u00b7e\u00b7s: Jonathan Binet, Eve Pouliot, Catherine Flynn). Subvention du CRSH &#8211; Concours D\u00e9veloppement Savoir (32 585$)<\/p>\n<p><em>Projet de recherche-action Pr\u00e9vention et postvention du suicide chez les adolescents vivant en contexte de mixit\u00e9 autochtone et allochtone dans une perspective de sant\u00e9 mentale positive et de promotion de la sant\u00e9 \u2013 Phase 2<\/em> (Co-chercheur\u00b7e\u00b7s: Christiane Bergeron-Leclerc, Eve Pouliot, Jacinthe Dion, Marie-Eve Blackburn, Jacques Cherblanc). Financ\u00e9 par la Direction de sant\u00e9 publique du Saguenay (142 000$)<\/p>\n<p><em>Caract\u00e9ristiques et trajectoires de service des adolescents et adolescentes plac\u00e9s en contexte de pand\u00e9mie<\/em> (Co-chercheures: Eve Pouliot, Marie-Claude Simard). Subvention du CRUJeF (10 000$)<\/p>\n<p><strong>Projets termin\u00e9s<\/strong><\/p>\n<p><em>D\u00e9veloppement et partage de connaissances en regard de l&#8217;agentivit\u00e9 balis\u00e9e de jeunes femmes avec un v\u00e9cu de placement\u00a0<\/em>(Co-chercheures: Nadine Lanct\u00f4t, Mathilde Turcotte, Catherine Flynn, Jacinthe Dion). Subvention de la Fondation de l&#8217;UQAC (8 333$)<\/p>\n<h3>Co-chercheure<\/h3>\n<p><em>R\u00e9tablir le lien \u00e0 la nature chez des jeunes expos\u00e9s \u00e0 des inondations : une d\u00e9marche d\u2019innovation ouverte\u00a0<\/em>(Recherche dirig\u00e9e par Eve Pouliot). Subvention du R\u00e9seau Inondations InterSectoriel du Qu\u00e9bec (RIISQ) (199 710$)<\/p>\n<p><em>Une approche collaborative contre la violence conjugale &#8211; Cod\u00e9veloppement d&#8217;outils pour soutenir les intervenantes et intervenants psychosociaux\u00a0<\/em>(Recherche dirig\u00e9e par Marie-Eve Blackburn). Subvention Engagement partenariale, CRSH (25 000$)<\/p>\n<p><em>Vers un campus positif : analyse du d\u00e9ploiement et des retomb\u00e9es de l\u2019approche centr\u00e9e sur les forces en milieu universitaire\u00a0<\/em>(Recherche dirig\u00e9e par Christiane Bergeron-Leclerc). Subvention de la Fondation de l&#8217;UQAC (1000$)<\/p>\n","protected":false},"excerpt":{"rendered":"<p>Projets de recherche en cours Chercheure principale Agentivit\u00e9 en contexte d\u2019adversit\u00e9 : d\u00e9crire les strat\u00e9gies des jeunes en transition vers la vie adulte en l&#8217;absence de soutien parental (Co-chercheur\u00b7e\u00b7s: Jonathan Binet, Eve Pouliot, Catherine Flynn). Subvention du CRSH &#8211; Concours D\u00e9veloppement Savoir (32 585$) Projet de recherche-action Pr\u00e9vention et postvention du suicide chez les adolescents &hellip; <a href=\"https:\/\/portfolio.uqac.ca\/anniedumont\/recherche\/\" class=\"more-link\">Continuer la lecture de <span class=\"screen-reader-text\">Recherche<\/span>  <span class=\"meta-nav\">&rarr;<\/span><\/a><\/p>\n","protected":false},"author":89,"featured_media":0,"parent":0,"menu_order":0,"comment_status":"closed","ping_status":"closed","template":"","meta":{"footnotes":""},"tags":[],"_links":{"self":[{"href":"https:\/\/portfolio.uqac.ca\/anniedumont\/wp-json\/wp\/v2\/pages\/46"}],"collection":[{"href":"https:\/\/portfolio.uqac.ca\/anniedumont\/wp-json\/wp\/v2\/pages"}],"about":[{"href":"https:\/\/portfolio.uqac.ca\/anniedumont\/wp-json\/wp\/v2\/types\/page"}],"author":[{"embeddable":true,"href":"https:\/\/portfolio.uqac.ca\/anniedumont\/wp-json\/wp\/v2\/users\/89"}],"replies":[{"embeddable":true,"href":"https:\/\/portfolio.uqac.ca\/anniedumont\/wp-json\/wp\/v2\/comments?post=46"}],"version-history":[{"count":9,"href":"https:\/\/portfolio.uqac.ca\/anniedumont\/wp-json\/wp\/v2\/pages\/46\/revisions"}],"predecessor-version":[{"id":272,"href":"https:\/\/portfolio.uqac.ca\/anniedumont\/wp-json\/wp\/v2\/pages\/46\/revisions\/272"}],"wp:attachment":[{"href":"https:\/\/portfolio.uqac.ca\/anniedumont\/wp-json\/wp\/v2\/media?parent=46"}],"wp:term":[{"taxonomy":"post_tag","embeddable":true,"href":"https:\/\/portfolio.uqac.ca\/anniedumont\/wp-json\/wp\/v2\/tags?post=46"}],"curies":[{"name":"wp","href":"https:\/\/api.w.org\/{rel}","templated":true}]}}