{"id":18,"date":"2012-07-23T20:05:15","date_gmt":"2012-07-23T20:05:15","guid":{"rendered":"http:\/\/portfolio-pre.uqac.ca\/gabarit\/?page_id=18"},"modified":"2016-06-20T23:09:20","modified_gmt":"2016-06-21T03:09:20","slug":"enseignement","status":"publish","type":"page","link":"https:\/\/portfolio.uqac.ca\/bobantoinejerrymenelas\/enseignement\/","title":{"rendered":"Teaching"},"content":{"rendered":"<p>Some\u00a0courses taught by professor Menelas are:<\/p>\n<ul>\n<ul>\n<li><a href=\"https:\/\/cours.uqac.ca\/8INF872\" target=\"_blank\">8INF872\u00a0:\u00a0Programmation de plateformes mobiles<\/a><\/li>\n<li><a href=\"https:\/\/cours.uqac.ca\/8INF849\" target=\"_blank\">8INF849:\u00a0Interaction 3D et R\u00e9alit\u00e9 Virtuelle<\/a><\/li>\n<li><a href=\"https:\/\/cours.uqac.ca\/8INF257\" target=\"_blank\">8INF257 Informatique mobile<\/a><\/li>\n<li><a href=\"https:\/\/cours.uqac.ca\/8INF241\" target=\"_blank\">8INF241: Multim\u00e9dia, Concepts<\/a><\/li>\n<li><a href=\"https:\/\/cours.uqac.ca\/8GIF225\" target=\"_blank\">8GIF225 : Production atelier de jeux vid\u00e9o I<\/a><\/li>\n<li><a href=\"https:\/\/cours.uqac.ca\/8GIF235\" target=\"_blank\">8GIF235 : Production atelier de jeux vid\u00e9o II<\/a><\/li>\n<li><a href=\"https:\/\/cours.uqac.ca\/8INF700\" target=\"_blank\">8INF700 : Sujet sp\u00e9cial en informatique<\/a><\/li>\n<\/ul>\n<\/ul>\n<p><a href=\"https:\/\/portfolio.uqac.ca\/bobantoinejerrymenelas\/files\/2012\/07\/liv.jpg\"><img loading=\"lazy\" decoding=\"async\" class=\"alignleft size-medium wp-image-126\" src=\"https:\/\/portfolio.uqac.ca\/bobantoinejerrymenelas\/files\/2012\/07\/liv-300x181.jpg\" alt=\"liv\" width=\"300\" height=\"181\" srcset=\"https:\/\/portfolio.uqac.ca\/bobantoinejerrymenelas\/files\/2012\/07\/liv-300x181.jpg 300w, https:\/\/portfolio.uqac.ca\/bobantoinejerrymenelas\/files\/2012\/07\/liv-1024x620.jpg 1024w\" sizes=\"(max-width: 300px) 100vw, 300px\" \/><\/a><\/p>\n","protected":false},"excerpt":{"rendered":"<p>Some\u00a0courses taught by professor Menelas are: 8INF872\u00a0:\u00a0Programmation de plateformes mobiles 8INF849:\u00a0Interaction 3D et R\u00e9alit\u00e9 Virtuelle 8INF257 Informatique mobile 8INF241: Multim\u00e9dia, Concepts 8GIF225 : Production atelier de jeux vid\u00e9o I 8GIF235 : Production atelier de jeux vid\u00e9o II 8INF700 : Sujet sp\u00e9cial en informatique<\/p>\n","protected":false},"author":98,"featured_media":0,"parent":0,"menu_order":4,"comment_status":"closed","ping_status":"closed","template":"","meta":{"footnotes":""},"tags":[],"_links":{"self":[{"href":"https:\/\/portfolio.uqac.ca\/bobantoinejerrymenelas\/wp-json\/wp\/v2\/pages\/18"}],"collection":[{"href":"https:\/\/portfolio.uqac.ca\/bobantoinejerrymenelas\/wp-json\/wp\/v2\/pages"}],"about":[{"href":"https:\/\/portfolio.uqac.ca\/bobantoinejerrymenelas\/wp-json\/wp\/v2\/types\/page"}],"author":[{"embeddable":true,"href":"https:\/\/portfolio.uqac.ca\/bobantoinejerrymenelas\/wp-json\/wp\/v2\/users\/98"}],"replies":[{"embeddable":true,"href":"https:\/\/portfolio.uqac.ca\/bobantoinejerrymenelas\/wp-json\/wp\/v2\/comments?post=18"}],"version-history":[{"count":11,"href":"https:\/\/portfolio.uqac.ca\/bobantoinejerrymenelas\/wp-json\/wp\/v2\/pages\/18\/revisions"}],"predecessor-version":[{"id":128,"href":"https:\/\/portfolio.uqac.ca\/bobantoinejerrymenelas\/wp-json\/wp\/v2\/pages\/18\/revisions\/128"}],"wp:attachment":[{"href":"https:\/\/portfolio.uqac.ca\/bobantoinejerrymenelas\/wp-json\/wp\/v2\/media?parent=18"}],"wp:term":[{"taxonomy":"post_tag","embeddable":true,"href":"https:\/\/portfolio.uqac.ca\/bobantoinejerrymenelas\/wp-json\/wp\/v2\/tags?post=18"}],"curies":[{"name":"wp","href":"https:\/\/api.w.org\/{rel}","templated":true}]}}