{"id":11,"date":"2024-11-11T20:11:09","date_gmt":"2024-11-11T19:11:09","guid":{"rendered":"https:\/\/portfolio-temp.uqac.ca\/camillejutrasdupont\/?page_id=11"},"modified":"2024-11-11T20:11:09","modified_gmt":"2024-11-11T19:11:09","slug":"communications","status":"publish","type":"page","link":"https:\/\/portfolio.uqac.ca\/camillejutras\/communications\/","title":{"rendered":"Communications"},"content":{"rendered":"<ul>\n<li>Joseph, S. A., Jutras-Dupont, C., V\u00e9ronneau, M.-H., Dubeau, A. et Jacques, K. (2024, 15 mai). <em>Maman, Papa, j\u2019ai (encore) besoin d\u2019aide\u202f: la recherche d\u2019aide aupr\u00e8s des parents chez les \u00e9l\u00e8ves de la formation professionnelle.<\/em> [communication orale]. 91e Congr\u00e8s de l\u2019ACFAS, Ottawa, Ontario, Canada.<\/li>\n<li>Montminy, E., Lefebvre, E., Jutras-Dupont, C., Marra Gomes, L., Dubeau, A., Plante, I, Marcotte, D., Barker, E. T., V\u00e9ronneau, M.-H. (2024, 27 mars). <em>La qualit\u00e9 de vie postscolaire chez les \u00e9l\u00e8ves de la formation professionnelle (FP) : une question de r\u00e9ussite \u00e9ducative?<\/em> [communication orale]. Journ\u00e9e scientifique de psychologie de l\u2019Universit\u00e9 du Qu\u00e9bec \u00e0 Montr\u00e9al. Montr\u00e9al, Qu\u00e9bec, Canada.<\/li>\n<li>Tardif, J., Dubeau, A. et Jutras-Dupont, C. (2023, 10 novembre). <em>Lire pour apprendre : les strat\u00e9gies de lecture en formation professionnelle.<\/em> [communication orale]. Journ\u00e9e p\u00e9dagogique nationale en formation professionnelle. En ligne.<\/li>\n<li>Montminy, E., Lefebvre, E., Jutras-Dupont, C., Marra Gomes, L., Dubeau, A., Plante, I., Marcotte, D., Barker, E.\u00a0T. et V\u00e9ronneau, M.-H. (2023, 20\u00a0octobre). <em>La qualit\u00e9 de vie postscolaire chez les \u00e9l\u00e8ves de la formation professionnelle\u00a0: une question de r\u00e9ussite \u00e9ducative\u2009?<\/em> [communication par affiche]. 34<sup>e<\/sup>Congr\u00e8s annuel de l\u2019Association qu\u00e9b\u00e9coise des psychologues scolaires. Trois-Rivi\u00e8res, Qu\u00e9bec, Canada.<\/li>\n<li>Montminy, E., Lefebvre, E., Jutras-Dupont, C., Dubeau, A., Plante, I., Marcotte, D., Barker, E. et V\u00e9ronneau, M.-H. (2023, 28 mai). <em>Le stress de l\u2019entr\u00e9e en formation professionnelle (FP) durant la pand\u00e9mie : anxi\u00e9t\u00e9 et consommation de cannabis chez les \u00e9l\u00e8ves comparativement \u00e0 la population g\u00e9n\u00e9rale.<\/em> [communication orale]. 44e Congr\u00e8s de la Soci\u00e9t\u00e9 qu\u00e9b\u00e9coise pour la recherche en psychologie, Sherbrooke, Qu\u00e9bec, Canada.<\/li>\n<li>Plante-Gonthier, C., Jutras-Dupont, C. et V\u00e9ronneau, Marie-H\u00e9l\u00e8ne. (2023, 27\u00a0mai). <em>Soutenir la sant\u00e9 mentale des \u00e9l\u00e8ves en formation professionnelle\u00a0: Recension des services d\u2019aide selon un mod\u00e8le multiniveaux. <\/em>[communication par affiche]. 44<sup>e<\/sup>Congr\u00e8s de la Soci\u00e9t\u00e9 qu\u00e9b\u00e9coise pour la recherche en psychologie, Sherbrooke, Qu\u00e9bec, Canada.<\/li>\n<li>Lefebvre, E., Montminy, E., Jutras-Dupont, C., Plante-Gonthier, C., Dubeau, A., Plante, I., V\u00e9ronneau, M.-H. (2023, 8\u00a0mai). U<em>n portrait de l\u2019anxi\u00e9t\u00e9 des \u00e9l\u00e8ves en formation professionnelle<\/em>. [communication orale]. 90<sup>e<\/sup>Congr\u00e8s de l\u2019ACFAS, Montr\u00e9al, Qu\u00e9bec, Canada.<\/li>\n<li>Jutras-Dupont, C., Sauli, F., Wenger, M. et Berger, J.-L. (2022, 15\u00a0septembre). <em>Perceptions des enseignants et des formateurs de la formation professionnelle initiale suisse \u00e0 l\u2019\u00e9gard des motivations et des connaissances des apprentis.<\/em> [communication orale]. Congr\u00e8s international d\u2019actualit\u00e9 de la recherche en \u00e9ducation et en formation, Lausanne, Suisse.<\/li>\n<li>Jutras-Dupont, C., Dubeau, A. et Chochard, Y. (2022, 13\u00a0septembre). <em>L\u2019influence potentielle du stress per\u00e7u par les \u00e9l\u00e8ves de la formation professionnelle initiale lors d\u2019un arr\u00eat de formation impos\u00e9 sur leur motivation, leur engagement et leur rendement.<\/em> [communication orale]. Congr\u00e8s international de la soci\u00e9t\u00e9 suisse pour la recherche en \u00e9ducation, Lausanne, Suisse. <a href=\"https:\/\/www.unil.ch\/files\/live\/sites\/obsef\/files\/evenements\/sief\/SIEF2022_Livret_Resumes_final.pdf\">https:\/\/www.unil.ch\/files\/live\/sites\/obsef\/files\/evenements\/sief\/SIEF2022_Livret_Resumes_final.pdf<\/a><\/li>\n<li>Chochard, Y., Dubeau, A., Ryabets, T., Jutras-Dupont, C. et Wirth, C. (2022, 20\u00a0octobre). <em>Les nouveaux dispositifs d\u2019apprentissage accru en milieu de travail\u00a0: apports et d\u00e9fis de l\u2019usage du num\u00e9rique<\/em>. [communication orale]. 33<sup>e<\/sup>Congr\u00e8s de l\u2019AGRH, Brest, France.<\/li>\n<li>Kabis, V., Jutras-Dupont, C., Lavend\u2019homme, E., Chatelois, M., Leblanc-L\u00e9pine, L. et Dubeau, A. (2022, 12\u00a0mai). <em>Comment favoriser le cheminement scolaire des \u00e9l\u00e8ves ayant des besoins particuliers en formation professionnelle\u2009? \u2014\u00a0Portrait des mesures mises en place par les CFP du Qu\u00e9bec. <\/em>[communication orale]. 89<sup>e<\/sup>Congr\u00e8s de l\u2019ACFAS, Qu\u00e9bec, Canada.<\/li>\n<li>Poitras, A., Jutras-Dupont, C., Kabis, V. et Dubeau, A. (2022, 12 mai<em>). Accompagnement des \u00e9l\u00e8ves \u00e0 besoins particuliers en formation professionnelle : Comment les acteurs et les milieux \u00e9ducatifs s\u2019approprient-ils les politiques encadrant les EBP en FP\u2009?<\/em> [communication orale]. 89e Congr\u00e8s de l\u2019ACFAS, Qu\u00e9bec, Canada.<\/li>\n<li>Jutras-Dupont, C. et Gagnon, C. (2022, 12 mai). <em>Dispositif, approche, formule, m\u00e9thode ou mod\u00e8le : quels concepts pour la formation professionnelle\u2009?<\/em> <em>Distinction des termes et proposition de hi\u00e9rarchisation.<\/em> [communication orale]. 89e Congr\u00e8s de l\u2019ACFAS, Qu\u00e9bec, Canada.<\/li>\n<li>Jutras-Dupont, C. (2021, 6 mai). <em>L\u2019influence de la modalit\u00e9 d\u2019enseignement sur la qualit\u00e9 de l\u2019exp\u00e9rience scolaire des \u00e9l\u00e8ves en formation professionnelle : projet de recherche doctoral.<\/em> [communication orale]. 88e Congr\u00e8s de l\u2019ACFAS, Sherbrooke, Qu\u00e9bec, Canada.<\/li>\n<li>Dubeau, A., Beaulieu, M., Jutras-Dupont, C. et Vigeant, D. (2021, 4 mai). <em>Anxi\u00e9t\u00e9, d\u00e9pression et usage de substances : quel est le portrait des adultes \u00e9mergents en formation professionnelle\u2009?<\/em> [communication orale]. 88e Congr\u00e8s de l\u2019ACFAS, Sherbrooke, Qu\u00e9bec, Canada.<\/li>\n<li>Jutras-Dupont, C. (2019, 29 mai). <em>L\u2019influence des pratiques s\u00e9lectives lors du passage primaire-secondaire chez les \u00e9l\u00e8ves ayant des comportements perturbateurs.<\/em> [communication par affiche]. 87e Congr\u00e8s de l\u2019ACFAS, Gatineau, Qu\u00e9bec, Canada.<\/li>\n<li>Jutras-Dupont, C. (2019, 23 janvier). <em>L\u2019effet des pratiques s\u00e9lectives sur la motivation, l\u2019engagement et le rendement scolaire des \u00e9l\u00e8ves ayant des comportements perturbateurs lors du passage primaire-secondaire.<\/em> [communication par affiche]. Concours de vulgarisation de la recherche en \u00e9ducation, Montr\u00e9al, Qu\u00e9bec, Canada.<\/li>\n<\/ul>\n","protected":false},"excerpt":{"rendered":"<p>Joseph, S. A., Jutras-Dupont, C., V\u00e9ronneau, M.-H., Dubeau, A. et Jacques, K. (2024, 15 mai). Maman, Papa, j\u2019ai (encore) besoin d\u2019aide\u202f: la recherche d\u2019aide aupr\u00e8s des parents chez les \u00e9l\u00e8ves de la formation professionnelle. [communication orale]. 91e Congr\u00e8s de l\u2019ACFAS, Ottawa, Ontario, Canada. Montminy, E., Lefebvre, E., Jutras-Dupont, C., Marra Gomes, L., Dubeau, A., Plante, &hellip; <a href=\"https:\/\/portfolio.uqac.ca\/camillejutras\/communications\/\" class=\"more-link\">Continuer la lecture de <span class=\"screen-reader-text\">Communications<\/span>  <span class=\"meta-nav\">&rarr;<\/span><\/a><\/p>\n","protected":false},"author":89,"featured_media":0,"parent":0,"menu_order":0,"comment_status":"closed","ping_status":"closed","template":"","meta":{"footnotes":""},"tags":[],"_links":{"self":[{"href":"https:\/\/portfolio.uqac.ca\/camillejutras\/wp-json\/wp\/v2\/pages\/11"}],"collection":[{"href":"https:\/\/portfolio.uqac.ca\/camillejutras\/wp-json\/wp\/v2\/pages"}],"about":[{"href":"https:\/\/portfolio.uqac.ca\/camillejutras\/wp-json\/wp\/v2\/types\/page"}],"author":[{"embeddable":true,"href":"https:\/\/portfolio.uqac.ca\/camillejutras\/wp-json\/wp\/v2\/users\/89"}],"replies":[{"embeddable":true,"href":"https:\/\/portfolio.uqac.ca\/camillejutras\/wp-json\/wp\/v2\/comments?post=11"}],"version-history":[{"count":1,"href":"https:\/\/portfolio.uqac.ca\/camillejutras\/wp-json\/wp\/v2\/pages\/11\/revisions"}],"predecessor-version":[{"id":12,"href":"https:\/\/portfolio.uqac.ca\/camillejutras\/wp-json\/wp\/v2\/pages\/11\/revisions\/12"}],"wp:attachment":[{"href":"https:\/\/portfolio.uqac.ca\/camillejutras\/wp-json\/wp\/v2\/media?parent=11"}],"wp:term":[{"taxonomy":"post_tag","embeddable":true,"href":"https:\/\/portfolio.uqac.ca\/camillejutras\/wp-json\/wp\/v2\/tags?post=11"}],"curies":[{"name":"wp","href":"https:\/\/api.w.org\/{rel}","templated":true}]}}

<ul>
<li>Joseph, S. A., Jutras-Dupont, C., Véronneau, M.-H., Dubeau, A. et Jacques, K. (2024, 15 mai). <em>Maman, Papa, j’ai (encore) besoin d’aide : la recherche d’aide auprès des parents chez les élèves de la formation professionnelle.</em> [communication orale]. 91e Congrès de l’ACFAS, Ottawa, Ontario, Canada.</li>
<li>Montminy, E., Lefebvre, E., Jutras-Dupont, C., Marra Gomes, L., Dubeau, A., Plante, I, Marcotte, D., Barker, E. T., Véronneau, M.-H. (2024, 27 mars). <em>La qualité de vie postscolaire chez les élèves de la formation professionnelle (FP) : une question de réussite éducative?</em> [communication orale]. Journée scientifique de psychologie de l’Université du Québec à Montréal. Montréal, Québec, Canada.</li>
<li>Tardif, J., Dubeau, A. et Jutras-Dupont, C. (2023, 10 novembre). <em>Lire pour apprendre : les stratégies de lecture en formation professionnelle.</em> [communication orale]. Journée pédagogique nationale en formation professionnelle. En ligne.</li>
<li>Montminy, E., Lefebvre, E., Jutras-Dupont, C., Marra Gomes, L., Dubeau, A., Plante, I., Marcotte, D., Barker, E. T. et Véronneau, M.-H. (2023, 20 octobre). <em>La qualité de vie postscolaire chez les élèves de la formation professionnelle : une question de réussite éducative ?</em> [communication par affiche]. 34<sup>e</sup>Congrès annuel de l’Association québécoise des psychologues scolaires. Trois-Rivières, Québec, Canada.</li>
<li>Montminy, E., Lefebvre, E., Jutras-Dupont, C., Dubeau, A., Plante, I., Marcotte, D., Barker, E. et Véronneau, M.-H. (2023, 28 mai). <em>Le stress de l’entrée en formation professionnelle (FP) durant la pandémie : anxiété et consommation de cannabis chez les élèves comparativement à la population générale.</em> [communication orale]. 44e Congrès de la Société québécoise pour la recherche en psychologie, Sherbrooke, Québec, Canada.</li>
<li>Plante-Gonthier, C., Jutras-Dupont, C. et Véronneau, Marie-Hélène. (2023, 27 mai). <em>Soutenir la santé mentale des élèves en formation professionnelle : Recension des services d’aide selon un modèle multiniveaux. </em>[communication par affiche]. 44<sup>e</sup>Congrès de la Société québécoise pour la recherche en psychologie, Sherbrooke, Québec, Canada.</li>
<li>Lefebvre, E., Montminy, E., Jutras-Dupont, C., Plante-Gonthier, C., Dubeau, A., Plante, I., Véronneau, M.-H. (2023, 8 mai). U<em>n portrait de l’anxiété des élèves en formation professionnelle</em>. [communication orale]. 90<sup>e</sup>Congrès de l’ACFAS, Montréal, Québec, Canada.</li>
<li>Jutras-Dupont, C., Sauli, F., Wenger, M. et Berger, J.-L. (2022, 15 septembre). <em>Perceptions des enseignants et des formateurs de la formation professionnelle initiale suisse à l’égard des motivations et des connaissances des apprentis.</em> [communication orale]. Congrès international d’actualité de la recherche en éducation et en formation, Lausanne, Suisse.</li>
<li>Jutras-Dupont, C., Dubeau, A. et Chochard, Y. (2022, 13 septembre). <em>L’influence potentielle du stress perçu par les élèves de la formation professionnelle initiale lors d’un arrêt de formation imposé sur leur motivation, leur engagement et leur rendement.</em> [communication orale]. Congrès international de la société suisse pour la recherche en éducation, Lausanne, Suisse. <a href="https://www.unil.ch/files/live/sites/obsef/files/evenements/sief/SIEF2022_Livret_Resumes_final.pdf">https://www.unil.ch/files/live/sites/obsef/files/evenements/sief/SIEF2022_Livret_Resumes_final.pdf</a></li>
<li>Chochard, Y., Dubeau, A., Ryabets, T., Jutras-Dupont, C. et Wirth, C. (2022, 20 octobre). <em>Les nouveaux dispositifs d’apprentissage accru en milieu de travail : apports et défis de l’usage du numérique</em>. [communication orale]. 33<sup>e</sup>Congrès de l’AGRH, Brest, France.</li>
<li>Kabis, V., Jutras-Dupont, C., Lavend’homme, E., Chatelois, M., Leblanc-Lépine, L. et Dubeau, A. (2022, 12 mai). <em>Comment favoriser le cheminement scolaire des élèves ayant des besoins particuliers en formation professionnelle ? — Portrait des mesures mises en place par les CFP du Québec. </em>[communication orale]. 89<sup>e</sup>Congrès de l’ACFAS, Québec, Canada.</li>
<li>Poitras, A., Jutras-Dupont, C., Kabis, V. et Dubeau, A. (2022, 12 mai<em>). Accompagnement des élèves à besoins particuliers en formation professionnelle : Comment les acteurs et les milieux éducatifs s’approprient-ils les politiques encadrant les EBP en FP ?</em> [communication orale]. 89e Congrès de l’ACFAS, Québec, Canada.</li>
<li>Jutras-Dupont, C. et Gagnon, C. (2022, 12 mai). <em>Dispositif, approche, formule, méthode ou modèle : quels concepts pour la formation professionnelle ?</em> <em>Distinction des termes et proposition de hiérarchisation.</em> [communication orale]. 89e Congrès de l’ACFAS, Québec, Canada.</li>
<li>Jutras-Dupont, C. (2021, 6 mai). <em>L’influence de la modalité d’enseignement sur la qualité de l’expérience scolaire des élèves en formation professionnelle : projet de recherche doctoral.</em> [communication orale]. 88e Congrès de l’ACFAS, Sherbrooke, Québec, Canada.</li>
<li>Dubeau, A., Beaulieu, M., Jutras-Dupont, C. et Vigeant, D. (2021, 4 mai). <em>Anxiété, dépression et usage de substances : quel est le portrait des adultes émergents en formation professionnelle ?</em> [communication orale]. 88e Congrès de l’ACFAS, Sherbrooke, Québec, Canada.</li>
<li>Jutras-Dupont, C. (2019, 29 mai). <em>L’influence des pratiques sélectives lors du passage primaire-secondaire chez les élèves ayant des comportements perturbateurs.</em> [communication par affiche]. 87e Congrès de l’ACFAS, Gatineau, Québec, Canada.</li>
<li>Jutras-Dupont, C. (2019, 23 janvier). <em>L’effet des pratiques sélectives sur la motivation, l’engagement et le rendement scolaire des élèves ayant des comportements perturbateurs lors du passage primaire-secondaire.</em> [communication par affiche]. Concours de vulgarisation de la recherche en éducation, Montréal, Québec, Canada.</li>
</ul>

<p>Joseph, S. A., Jutras-Dupont, C., Véronneau, M.-H., Dubeau, A. et Jacques, K. (2024, 15 mai). Maman, Papa, j’ai (encore) besoin d’aide : la recherche d’aide auprès des parents chez les élèves de la formation professionnelle. [communication orale]. 91e Congrès de l’ACFAS, Ottawa, Ontario, Canada. Montminy, E., Lefebvre, E., Jutras-Dupont, C., Marra Gomes, L., Dubeau, A., Plante, &hellip; <a href="https://portfolio.uqac.ca/camillejutras/communications/" class="more-link">Continuer la lecture de <span class="screen-reader-text">Communications</span>  <span class="meta-nav">&rarr;</span></a></p>
