{"id":15,"date":"2024-11-11T20:11:57","date_gmt":"2024-11-11T19:11:57","guid":{"rendered":"https:\/\/portfolio-temp.uqac.ca\/camillejutrasdupont\/?page_id=15"},"modified":"2024-11-11T20:11:57","modified_gmt":"2024-11-11T19:11:57","slug":"curriculum-vitae","status":"publish","type":"page","link":"https:\/\/portfolio.uqac.ca\/camillejutras\/curriculum-vitae\/","title":{"rendered":"Curriculum vitae"},"content":{"rendered":"<h2><strong>Dipl\u00f4mes<\/strong><\/h2>\n<ul>\n<li>Maitrise en \u00e9ducation (M.A.)<\/li>\n<li>Baccalaur\u00e9at en adaptation scolaire et sociale, concentration enseignement au secondaire (B.\u00c9d.)<\/li>\n<\/ul>\n<h2><strong> Distinctions et bourses<br \/>\n<\/strong><\/h2>\n<ul>\n<li>Bourse de la rel\u00e8ve professorale 2023-2024 offerte par le minist\u00e8re de l\u2019Enseignement sup\u00e9rieur (20\u00a0000 $)<\/li>\n<li>Bourse Laure-Gaudreault offerte par le Centre de recherche et d\u2019intervention sur la r\u00e9ussite scolaire (3\u00a0000 $)<\/li>\n<li>Bourse de doctorat de recherche des Fonds de recherche du Qu\u00e9bec (54\u00a0333 $)<\/li>\n<li>Bourse d\u2019excellence au doctorat de la Facult\u00e9 des sciences de l\u2019\u00e9ducation de l\u2019Universit\u00e9 du Qu\u00e9bec \u00e0 Montr\u00e9al (5\u00a0000 $)<\/li>\n<li>Bourse de la Fondation J.-A. DeS\u00e8ve (5\u00a0500 $)<\/li>\n<li>Bourse \u00e0 la mobilit\u00e9 pour l\u2019int\u00e9gration \u00e0 la communaut\u00e9 scientifique en \u00e9ducation de la Facult\u00e9 des sciences de l\u2019\u00e9ducation de l\u2019Universit\u00e9 du Qu\u00e9bec \u00e0 Montr\u00e9al (1\u00a0000 $)<\/li>\n<li>Prix Serge-S\u00e9guin en \u00e9ducation (3\u00a0000 $)<\/li>\n<li>Prix Claude-Corbo en \u00e9tudes qu\u00e9b\u00e9coises (3\u00a0000 $)<\/li>\n<\/ul>\n<h2><strong>Affiliations professionnelles<\/strong><\/h2>\n<ul>\n<li>Membre du <a href=\"https:\/\/ceap.uqam.ca\/\" target=\"_blank\" rel=\"noopener\">Centre d\u2019\u00e9tudes sur l\u2019apprentissage et la performance UQAM<\/a> (2024- )<\/li>\n<li>Membre du <a href=\"https:\/\/lepsis.uqam.ca\/\" target=\"_blank\" rel=\"noopener\">Laboratoire d\u2019\u00e9tudes sur les parcours scolaires et les influences sociales<\/a> (2022- )<\/li>\n<li>Membre de l\u2019<a href=\"https:\/\/oce.uqam.ca\/\" target=\"_blank\" rel=\"noopener\">Observatoire Comp\u00e9tences-Emploi<\/a> (2021- )<\/li>\n<li>Membre de l\u2019<a href=\"https:\/\/observatoirefp.org\/\" target=\"_blank\" rel=\"noopener\">Observatoire de la formation professionnelle du Qu\u00e9bec <\/a>(2020- )<\/li>\n<li>Membre du <a href=\"https:\/\/great-fp.uqam.ca\/\" target=\"_blank\" rel=\"noopener\">Groupe de recherche sur l\u2019enseignement, l\u2019apprentissage et la transition en formation professionnelle<\/a> (2019- )<\/li>\n<\/ul>\n","protected":false},"excerpt":{"rendered":"<p>Dipl\u00f4mes Maitrise en \u00e9ducation (M.A.) Baccalaur\u00e9at en adaptation scolaire et sociale, concentration enseignement au secondaire (B.\u00c9d.) Distinctions et bourses Bourse de la rel\u00e8ve professorale 2023-2024 offerte par le minist\u00e8re de l\u2019Enseignement sup\u00e9rieur (20\u00a0000 $) Bourse Laure-Gaudreault offerte par le Centre de recherche et d\u2019intervention sur la r\u00e9ussite scolaire (3\u00a0000 $) Bourse de doctorat de recherche &hellip; <a href=\"https:\/\/portfolio.uqac.ca\/camillejutras\/curriculum-vitae\/\" class=\"more-link\">Continuer la lecture de <span class=\"screen-reader-text\">Curriculum vitae<\/span>  <span class=\"meta-nav\">&rarr;<\/span><\/a><\/p>\n","protected":false},"author":89,"featured_media":0,"parent":0,"menu_order":0,"comment_status":"closed","ping_status":"closed","template":"","meta":{"footnotes":""},"tags":[],"_links":{"self":[{"href":"https:\/\/portfolio.uqac.ca\/camillejutras\/wp-json\/wp\/v2\/pages\/15"}],"collection":[{"href":"https:\/\/portfolio.uqac.ca\/camillejutras\/wp-json\/wp\/v2\/pages"}],"about":[{"href":"https:\/\/portfolio.uqac.ca\/camillejutras\/wp-json\/wp\/v2\/types\/page"}],"author":[{"embeddable":true,"href":"https:\/\/portfolio.uqac.ca\/camillejutras\/wp-json\/wp\/v2\/users\/89"}],"replies":[{"embeddable":true,"href":"https:\/\/portfolio.uqac.ca\/camillejutras\/wp-json\/wp\/v2\/comments?post=15"}],"version-history":[{"count":1,"href":"https:\/\/portfolio.uqac.ca\/camillejutras\/wp-json\/wp\/v2\/pages\/15\/revisions"}],"predecessor-version":[{"id":16,"href":"https:\/\/portfolio.uqac.ca\/camillejutras\/wp-json\/wp\/v2\/pages\/15\/revisions\/16"}],"wp:attachment":[{"href":"https:\/\/portfolio.uqac.ca\/camillejutras\/wp-json\/wp\/v2\/media?parent=15"}],"wp:term":[{"taxonomy":"post_tag","embeddable":true,"href":"https:\/\/portfolio.uqac.ca\/camillejutras\/wp-json\/wp\/v2\/tags?post=15"}],"curies":[{"name":"wp","href":"https:\/\/api.w.org\/{rel}","templated":true}]}}

<h2><strong>Diplômes</strong></h2>
<ul>
<li>Maitrise en éducation (M.A.)</li>
<li>Baccalauréat en adaptation scolaire et sociale, concentration enseignement au secondaire (B.Éd.)</li>
</ul>
<h2><strong> Distinctions et bourses<br />
</strong></h2>
<ul>
<li>Bourse de la relève professorale 2023-2024 offerte par le ministère de l’Enseignement supérieur (20 000 $)</li>
<li>Bourse Laure-Gaudreault offerte par le Centre de recherche et d’intervention sur la réussite scolaire (3 000 $)</li>
<li>Bourse de doctorat de recherche des Fonds de recherche du Québec (54 333 $)</li>
<li>Bourse d’excellence au doctorat de la Faculté des sciences de l’éducation de l’Université du Québec à Montréal (5 000 $)</li>
<li>Bourse de la Fondation J.-A. DeSève (5 500 $)</li>
<li>Bourse à la mobilité pour l’intégration à la communauté scientifique en éducation de la Faculté des sciences de l’éducation de l’Université du Québec à Montréal (1 000 $)</li>
<li>Prix Serge-Séguin en éducation (3 000 $)</li>
<li>Prix Claude-Corbo en études québécoises (3 000 $)</li>
</ul>
<h2><strong>Affiliations professionnelles</strong></h2>
<ul>
<li>Membre du <a href="https://ceap.uqam.ca/" target="_blank" rel="noopener">Centre d’études sur l’apprentissage et la performance UQAM</a> (2024- )</li>
<li>Membre du <a href="https://lepsis.uqam.ca/" target="_blank" rel="noopener">Laboratoire d’études sur les parcours scolaires et les influences sociales</a> (2022- )</li>
<li>Membre de l’<a href="https://oce.uqam.ca/" target="_blank" rel="noopener">Observatoire Compétences-Emploi</a> (2021- )</li>
<li>Membre de l’<a href="https://observatoirefp.org/" target="_blank" rel="noopener">Observatoire de la formation professionnelle du Québec </a>(2020- )</li>
<li>Membre du <a href="https://great-fp.uqam.ca/" target="_blank" rel="noopener">Groupe de recherche sur l’enseignement, l’apprentissage et la transition en formation professionnelle</a> (2019- )</li>
</ul>

<p>Diplômes Maitrise en éducation (M.A.) Baccalauréat en adaptation scolaire et sociale, concentration enseignement au secondaire (B.Éd.) Distinctions et bourses Bourse de la relève professorale 2023-2024 offerte par le ministère de l’Enseignement supérieur (20 000 $) Bourse Laure-Gaudreault offerte par le Centre de recherche et d’intervention sur la réussite scolaire (3 000 $) Bourse de doctorat de recherche &hellip; <a href="https://portfolio.uqac.ca/camillejutras/curriculum-vitae/" class="more-link">Continuer la lecture de <span class="screen-reader-text">Curriculum vitae</span>  <span class="meta-nav">&rarr;</span></a></p>
