{"id":24,"date":"2024-11-11T20:15:16","date_gmt":"2024-11-11T19:15:16","guid":{"rendered":"https:\/\/portfolio-temp.uqac.ca\/camillejutrasdupont\/?page_id=24"},"modified":"2024-11-11T20:15:16","modified_gmt":"2024-11-11T19:15:16","slug":"recherche","status":"publish","type":"page","link":"https:\/\/portfolio.uqac.ca\/camillejutras\/recherche\/","title":{"rendered":"Recherche"},"content":{"rendered":"<h5>Recherches<\/h5>\n<ul>\n<li>Retomb\u00e9es du programme <em>Lire pour apprendre<\/em> sur la compr\u00e9hension en lecture d\u2019\u00e9l\u00e8ves r\u00e9alisant une formation professionnelle impliquant un dispositif de formation individualis\u00e9e (Jutras Dupont, 2019-2025)<\/li>\n<\/ul>\n<h5>Encadrement\/supervision<\/h5>\n<ul>\n<li>Catherine Plante-Gonthier (2022-2023), Universit\u00e9 du Qu\u00e9bec \u00e0 Montr\u00e9al<br \/>\nTitre du projet\u00a0: <a href=\"https:\/\/psychologie.uqam.ca\/wp-content\/uploads\/sites\/73\/2023\/08\/30_These_spe_Catherine_Plante-Gonthier.pdf\" target=\"_blank\" rel=\"noopener\">\u00c9tude qualitative sur les services visant \u00e0 soutenir la sant\u00e9 mentale des \u00e9l\u00e8ves dans diff\u00e9rents centres de formation professionnelle de la r\u00e9gion montr\u00e9alaise<\/a> (co supervision avec la pre Marie-H\u00e9l\u00e8ne V\u00e9ronneau, UQAM)<\/li>\n<\/ul>\n<ul>\n<li>Laurence Trudeau (2024- ), Universit\u00e9 du Qu\u00e9bec \u00e0 Montr\u00e9al<br \/>\nTitre du projet\u00a0: Est-ce que je peux y arriver\u2009? Liens entre le parcours scolaire ant\u00e9rieur et le sentiment d\u2019efficacit\u00e9 personnelle d\u2019\u00e9l\u00e8ves de la formation professionnelle du secondaire (co supervision avec la pre Marie-H\u00e9l\u00e8ne V\u00e9ronneau, UQAM)<\/li>\n<\/ul>\n","protected":false},"excerpt":{"rendered":"<p>Recherches Retomb\u00e9es du programme Lire pour apprendre sur la compr\u00e9hension en lecture d\u2019\u00e9l\u00e8ves r\u00e9alisant une formation professionnelle impliquant un dispositif de formation individualis\u00e9e (Jutras Dupont, 2019-2025) Encadrement\/supervision Catherine Plante-Gonthier (2022-2023), Universit\u00e9 du Qu\u00e9bec \u00e0 Montr\u00e9al Titre du projet\u00a0: \u00c9tude qualitative sur les services visant \u00e0 soutenir la sant\u00e9 mentale des \u00e9l\u00e8ves dans diff\u00e9rents centres de &hellip; <a href=\"https:\/\/portfolio.uqac.ca\/camillejutras\/recherche\/\" class=\"more-link\">Continuer la lecture de <span class=\"screen-reader-text\">Recherche<\/span>  <span class=\"meta-nav\">&rarr;<\/span><\/a><\/p>\n","protected":false},"author":89,"featured_media":0,"parent":0,"menu_order":0,"comment_status":"closed","ping_status":"closed","template":"","meta":{"footnotes":""},"tags":[],"_links":{"self":[{"href":"https:\/\/portfolio.uqac.ca\/camillejutras\/wp-json\/wp\/v2\/pages\/24"}],"collection":[{"href":"https:\/\/portfolio.uqac.ca\/camillejutras\/wp-json\/wp\/v2\/pages"}],"about":[{"href":"https:\/\/portfolio.uqac.ca\/camillejutras\/wp-json\/wp\/v2\/types\/page"}],"author":[{"embeddable":true,"href":"https:\/\/portfolio.uqac.ca\/camillejutras\/wp-json\/wp\/v2\/users\/89"}],"replies":[{"embeddable":true,"href":"https:\/\/portfolio.uqac.ca\/camillejutras\/wp-json\/wp\/v2\/comments?post=24"}],"version-history":[{"count":1,"href":"https:\/\/portfolio.uqac.ca\/camillejutras\/wp-json\/wp\/v2\/pages\/24\/revisions"}],"predecessor-version":[{"id":25,"href":"https:\/\/portfolio.uqac.ca\/camillejutras\/wp-json\/wp\/v2\/pages\/24\/revisions\/25"}],"wp:attachment":[{"href":"https:\/\/portfolio.uqac.ca\/camillejutras\/wp-json\/wp\/v2\/media?parent=24"}],"wp:term":[{"taxonomy":"post_tag","embeddable":true,"href":"https:\/\/portfolio.uqac.ca\/camillejutras\/wp-json\/wp\/v2\/tags?post=24"}],"curies":[{"name":"wp","href":"https:\/\/api.w.org\/{rel}","templated":true}]}}

<h5>Recherches</h5>
<ul>
<li>Retombées du programme <em>Lire pour apprendre</em> sur la compréhension en lecture d’élèves réalisant une formation professionnelle impliquant un dispositif de formation individualisée (Jutras Dupont, 2019-2025)</li>
</ul>
<h5>Encadrement/supervision</h5>
<ul>
<li>Catherine Plante-Gonthier (2022-2023), Université du Québec à Montréal<br />
Titre du projet : <a href="https://psychologie.uqam.ca/wp-content/uploads/sites/73/2023/08/30_These_spe_Catherine_Plante-Gonthier.pdf" target="_blank" rel="noopener">Étude qualitative sur les services visant à soutenir la santé mentale des élèves dans différents centres de formation professionnelle de la région montréalaise</a> (co supervision avec la pre Marie-Hélène Véronneau, UQAM)</li>
</ul>
<ul>
<li>Laurence Trudeau (2024- ), Université du Québec à Montréal<br />
Titre du projet : Est-ce que je peux y arriver ? Liens entre le parcours scolaire antérieur et le sentiment d’efficacité personnelle d’élèves de la formation professionnelle du secondaire (co supervision avec la pre Marie-Hélène Véronneau, UQAM)</li>
</ul>

<p>Recherches Retombées du programme Lire pour apprendre sur la compréhension en lecture d’élèves réalisant une formation professionnelle impliquant un dispositif de formation individualisée (Jutras Dupont, 2019-2025) Encadrement/supervision Catherine Plante-Gonthier (2022-2023), Université du Québec à Montréal Titre du projet : Étude qualitative sur les services visant à soutenir la santé mentale des élèves dans différents centres de &hellip; <a href="https://portfolio.uqac.ca/camillejutras/recherche/" class="more-link">Continuer la lecture de <span class="screen-reader-text">Recherche</span>  <span class="meta-nav">&rarr;</span></a></p>
