{"id":25,"date":"2012-07-24T12:43:40","date_gmt":"2012-07-24T12:43:40","guid":{"rendered":"http:\/\/portfolio-pre.uqac.ca\/gabarit\/?page_id=25"},"modified":"2014-08-30T10:25:00","modified_gmt":"2014-08-30T14:25:00","slug":"communications","status":"publish","type":"page","link":"https:\/\/portfolio.uqac.ca\/carolinegagne\/communications\/","title":{"rendered":"Communications"},"content":{"rendered":"<h2>2014<\/h2>\n<ul>\n<li>Sioud A., <strong>Gagn\u00e9 C.<\/strong>, Gravel M., (2014), <em>Minimizing total tardiness in a hybrid flexible flowshop with sequence dependent setup times<\/em>, The Fourth International Conference on Advanced Communications and Computation (INFOCOMP 2014), Paris, France, July 20-24 2014.<\/li>\n<li>Lebel A., <strong>Gagn\u00e9 C.<\/strong>,\u00a0(2014),<em> Algorithmes d&#8217;Optimisation par Colonie de Fourmis Pareto pour l&#8217;optimisation multi-objectifs : Comparaison Uni\/Multi colonie<\/em>, Journ\u00e9es de l&#8217;optimisation 2014, HEC Montr\u00e9al, Canada, 5-7 mai 2014.<\/li>\n<\/ul>\n<ul>\n<li>Desch\u00eanes H., <strong>Gagn\u00e9 C.<\/strong>, (2014), <em>Discr\u00e9tisation de l&#8217;optimisation par essaim particulaire<\/em>, S\u00e9maire du Groupe de Recherche en Informatique (GRI), UQAC, 22 avril 2014.<\/li>\n<\/ul>\n<ul>\n<li>Fournier M., <strong>Gagn\u00e9 C.<\/strong>, (2014), <em>Hybridation DEMO\/GISMOO<\/em>, S\u00e9maire du Groupe de Recherche en Informatique (GRI), UQAC, 22 avril 2014.<\/li>\n<\/ul>\n<ul>\n<li>Mazi\u00e8re F., <strong>Gagn\u00e9 C.<\/strong>, Delisle P., (2014), L\u2019optimisation multi-objectifs, S\u00e9maire du Groupe de Recherche en Informatique (GRI), UQAC, 22 avril 2014.<\/li>\n<\/ul>\n<ul>\n<li>Dort J., <strong>Gagn\u00e9 C.<\/strong>, Sioud A., (2014), <em>Parall\u00e9lisation de l&#8217;algorithme GISMOO<\/em>, S\u00e9maire du Groupe de Recherche en Informatique (GRI), UQAC, 22 avril 2014.<\/li>\n<\/ul>\n<ul>\n<li>Lebel A., <strong>Gagn\u00e9 C.<\/strong>, (2014), <em>Algorithmes d\u2019optimisation par Colonie de Fourmis Pareto pour l\u2019optimisation multi-objectifs: Comparaison Uni\/Multi Colonie<\/em>, S\u00e9maire du Groupe de Recherche en Informatique (GRI), UQAC, 22 avril 2014.<\/li>\n<\/ul>\n<h2>2013<\/h2>\n<ul>\n<li><strong>Gagn\u00e9 C.<\/strong>, Zinflou A., (2013), <i>Solving multi-objective quadratic assignment problems using hybrid genetic\/immune strategy<\/i>, Proceedings of the 10th edition of the Metaheuristics International Conference (MIC 2013), Singapore, August 5-8 2013.<\/li>\n<\/ul>\n<ul>\n<li><strong>Gagn\u00e9 C.<\/strong>, Lebel A., Zinflou A., Yalaoui F., (2013), <i>\u00c9tude comparative d\u2019approches Pareto pour un probl\u00e8me d\u2019ordonnancement multi-objectifs avec r\u00e9glages et retard<\/i>, 14e congr\u00e8s annuel de la Soci\u00e9t\u00e9 fran\u00e7aise de Recherche Op\u00e9rationnelle et d\u2019Aide \u00e0 la D\u00e9cision (Roadef 2013), February 13-15 2013, Troyes, France.<\/li>\n<\/ul>\n<h2><b>2012<\/b><\/h2>\n<ul>\n<li>Sioud A.,\u00a0<strong>Gagn\u00e9 C.<\/strong>, Gravel M., (2012),\u00a0<i>Designing hybrid evolutionary\/Ant optimization approach to scheduling problem<\/i>, Institute for Operations Research ans Management Sciences (INFORMS) Annual Meeting, Phoenix, USA, October 14-17 2012.<\/li>\n<\/ul>\n<ul>\n<li>Sioud A., Gravel M.,\u00a0<strong>Gagn\u00e9 C.<\/strong>, (2012),\u00a0<i>New crossover operator in a hybrid genetic algorithm for the single machine scheduling problem with sequence-dependent setup times<\/i>, 4th International Conference on Evolutionary Computation Theory and Applications (ECTA2012), Barcelona, Spain, October 5-7 2012.<\/li>\n<\/ul>\n<ul>\n<li>Sioud A., Gravel M.,\u00a0<strong>Gagn\u00e9 C.<\/strong>, (2012),\u00a0<i>Using ACO and archive concepts in a hybrid genetic crossover for a scheduling problem with sequence-dependent setup times<\/i>, International Conference on Metaheuristics and Nature Inspired Computing (META\u201912), Port El-Kantaoui, Tunisia, October 27-31 2012.<\/li>\n<\/ul>\n<ul>\n<li><strong>Gagn\u00e9 C.<\/strong>, Zinflou A., (2012),\u00a0<i>An hybrid algorithm for the industrial car sequencing problem<\/i>, IEEE World Congress on Computational Intelligence (WCCI 2012), Brisbane, Australia, June 10-15 2012.<\/li>\n<\/ul>\n<ul>\n<li><strong>Gagn\u00e9 C.<\/strong>, (2012)\u00a0<i>Planification et ordonnancement: le cas d\u2019une aluminerie<\/i>, 3e \u00e9dition de\u00a0International Workshop on Optimization and Logistics for Industrial Applications (IWOLIA 2012), Toyes, France, 15 mai 2012.<\/li>\n<\/ul>\n<h2><b>2011<\/b><\/h2>\n<ul>\n<li>Zinflou A.,\u00a0<strong>Gagn\u00e9 C.<\/strong>, Gravel M., (2011),\u00a0<i>GISMOO vs Genetic and differential evolution algorithms in multiobjective optimization<\/i>, Metaheuristics International Conference (MIC\u20192011), Udine, Italy, July 25-28 2011.<\/li>\n<\/ul>\n<h2><b><\/b><b>2010<\/b><\/h2>\n<ul>\n<li>Monteiro S.M.,\u00a0<strong>Gagn\u00e9 C.<\/strong>, Gravel M. (2010),\u00a0<i>Ant Colony Optimization with backwards solutions construction for a scheduling problem<\/i>, International Conference on Metaheuristics and Nature Inspired Computing (META\u201910), Djerba, Tunisie, 27-31 octobre 2010.<\/li>\n<\/ul>\n<ul>\n<li>Sioud A., Gravel M.,\u00a0<strong>Gagn\u00e9 C.\u00a0<\/strong>(2010),\u00a0<i>Constraint based scheduling in a genetic algorithm for the single machine scheduling problem with sequence-dependent setup times<\/i>, International Conference on Evolutionary Computation (ICEC 2010), Valence, Espagne, 24-26 octobre 2010.<\/li>\n<\/ul>\n<ul>\n<li>Zinflou A.,\u00a0<strong>Gagn\u00e9 C.<\/strong>, Gravel M. (2010),\u00a0<i>GISMOO on Continuous Multiple-Objective Problems: a Comparison Study<\/i>, The 2010 International Conference on Genetic and Evolutionary Methods (GEM&#8217;10), Las Vegas, USA, 12-15 Juillet 2010.<\/li>\n<\/ul>\n<ul>\n<li>Sioud A., Gravel M.,\u00a0<strong>Gagn\u00e9 C.\u00a0<\/strong>(2010),\u00a0<i>A Modeling for the Total Tardiness SMSDST Problem using Constraint Programming<\/i>, The 2010 International Conference on Artificial Intelligence (ICAI\u201910), Las Vegas, USA, 12-15 Juillet 2010.<\/li>\n<\/ul>\n<ul>\n<li>Lemamou E.A.,\u00a0<strong>Gagn\u00e9 C.<\/strong>, Gravel M. (2010),\u00a0<i>Optimisation par essaims particulaires pour le probl\u00e8me RPCSP<\/i>,\u00a0\u00a08<sup>e<\/sup>\u00a0conf\u00e9rence francophone de MOd\u00e9lisation et SIMulation (MOSIM 2010), Hammamet, Tunisie, 10-12 mai 2010.<\/li>\n<\/ul>\n<h2><b><\/b><b>2009<\/b><\/h2>\n<ul>\n<li>Zinflou A.,\u00a0<strong>Gagn\u00e9 C.<\/strong>, Gravel M. (2009),\u00a0<i>Solving\u00a0\u00a0multiple-objective optimization problems using GISSMO algorithm<\/i>, World Congress on Nature and Biologically Inspired Computing (NaBIC 2009), Coimbatore, India, 9-11 d\u00e9cembre 2009.<\/li>\n<\/ul>\n<ul>\n<li>Gravel M.,\u00a0<strong>Gagn\u00e9 C.<\/strong>, Monteiro S.M., (2009),\u00a0<i>New ant colony system for single machine scheduling problem<\/i>, Institute for Operations Research ans Management Sciences (INFORMS) Annual Meeting, San Diego, USA, October 11-14 2009.<\/li>\n<\/ul>\n<ul>\n<li>Sioud A., Gravel M.,\u00a0<strong>Gagn\u00e9 C.\u00a0<\/strong>(2009),\u00a0<i>New crossover operator for the single machine scheduling problem with sequence-dependent setup times<\/i>, The 2009 International Conference on Genetic and Evolutionary Methods (GEM&#8217;09), Las Vegas, USA, 13-16 Juillet 2009.<\/li>\n<\/ul>\n<ul>\n<li>Sioud A., Gravel M.,\u00a0<strong>Gagn\u00e9 C.\u00a0<\/strong>(2009),\u00a0<i>Ordonnancement d&#8217;une machine unique avec un algorithme g\u00e9n\u00e9tique<\/i>, Journ\u00e9es de l\u2019optimisation, Montr\u00e9al, 4-6 mai 2009.<\/li>\n<\/ul>\n<ul>\n<li>Zinflou A.,\u00a0<strong>Gagn\u00e9 C.<\/strong>, Gravel M. (2009),\u00a0<i>Solving the industrial car sequencing problem in a Pareto sense<\/i>, The 12<sup>th<\/sup>\u00a0International Workshop on Nature Inspired Distributed Computing, Rome, Italie, 25-29 mai 2009.<\/li>\n<\/ul>\n<h2><b><\/b><b>2008<\/b><\/h2>\n<ul>\n<li>Zinflou A.,\u00a0<strong>Gagn\u00e9 C.<\/strong>, Gravel M. (2008),\u00a0<i>Tackling the industrial car sequencing problem using genetic algorithm<\/i>, International Conference on Metaheuristics and Nature Inspired Computing (META\u201908), Hammamet, Tunisie, 26-31 octobre 2008.<\/li>\n<\/ul>\n<ul>\n<li>Zinflou A.,\u00a0<strong>Gagn\u00e9 C.<\/strong>, Gravel M. (2008),\u00a0<i>Designing hybrid integrative evolutionary approaches to the car sequencing problem<\/i>, The 11th International Workshop on Nature Inspired Distributed Computing, Miami, Florida, 14-18 avril 2008.<\/li>\n<\/ul>\n<ul>\n<li>Zinflou A.,\u00a0<strong>Gagn\u00e9 C.<\/strong>, Gravel M. (2008),\u00a0<i>Algorithme g\u00e9n\u00e9tique avec croisements hybrides utilisant la programmation lin\u00e9aire en nombres entiers<\/i>, 7e Conf\u00e9rence Internationale\u00a0\u00a0de MOd\u00e9lisation et SIMulation\u00a0\u00a0(MOSIM\u201908), Paris, France, 31 mars &#8211; 2 avril 2008.<b>\u00a0<\/b><\/li>\n<\/ul>\n<h2><b>2007<\/b><\/h2>\n<ul>\n<li>Zinflou A.,\u00a0<strong>Gagn\u00e9 C.<\/strong>, Gravel M. (2007),\u00a0<i>Genetic algorithm for the car sequencing problem<\/i>, The Seventh Metaheuristics International Conference (MIC\u20192007), Montr\u00e9al, 25-29 juin 2007.<\/li>\n<\/ul>\n<ul>\n<li>Zinflou A.,\u00a0<strong>Gagn\u00e9 C.<\/strong>, Gravel M. (2007),\u00a0<i>Crossover operators for the car-sequencing problem<\/i>, Seventh European Conference on Evolutionary Computation in Combinatorial Optimisation (EvoCOP 2007), Valence, Spain, 11-13 avril 2007.<\/li>\n<\/ul>\n<h2><b>2006<\/b><\/h2>\n<ul>\n<li>Gravel M.,\u00a0<strong>Gagn\u00e9 C.<\/strong>, No\u00ebl S. (2006),\u00a0<i>M\u00e9taheuristique hybride collaborative pour la resolution du probl\u00e8me d\u2019ordonnancement de voitures<\/i>, First Workshop on Metaheuristics (META\u201906), Hammamet, Tunisie, 2-4 novembre 2006.<\/li>\n<\/ul>\n<ul>\n<li>Zinflou A.,\u00a0<strong>Gagn\u00e9 C.<\/strong>, Gravel M. (2006),\u00a0<i>Op\u00e9rateurs de croisement g\u00e9n\u00e9tique pour l\u2019ordonnancement de voitures<\/i>, First Workshop on Metaheuristics (META\u201906), Hammamet, Tunisie, 2-4 novembre 2006.<\/li>\n<\/ul>\n<ul>\n<li>Gravel M.,\u00a0<strong>Gagn\u00e9 C.<\/strong>, Price W.L. (2006),\u00a0<i>Hybrid Metaheuristic for Solving Multiple Objective Real Car Sequencing Problems<\/i>, 7th International Conference on MultiObjective Programming and Goal Programming (MOPGP\u201906), Tours, France, 12-14 juin 2006.<\/li>\n<\/ul>\n<ul>\n<li>Morin S.,\u00a0<strong>Gagn\u00e9 C.<\/strong>, Gravel M., Price W.L. (2006),\u00a0<i>Trace de ph\u00e9romone sp\u00e9cialis\u00e9e dans un algorithme de fourmi pour le probl\u00e8me de \u00ab car sequencing \u00bb<\/i>, 6e conf\u00e9rence francophone de MOd\u00e9lisation et SIMulation (MOSIM 2006), Rabat, Maroc, 3-5 avril 2006.<\/li>\n<\/ul>\n<h2><b>\u00a0<\/b><b>2005<\/b><\/h2>\n<ul>\n<li>Delisle P., Gravel M., Krajecki M., <strong>Gagn\u00e9 C.<\/strong>, Price W.L.,\u00a0<i>Comparing parallelization of an ACO: message passing vs. shared-memory<\/i>, Second International Workshop on Hybrid Metaheuristics 2005 (HM 2005), Barcelone, Espagne, 29-31 ao\u00fbt 2005.<\/li>\n<\/ul>\n<ul>\n<li>Delisle P., Gravel M., Krajecki M., <strong>Gagn\u00e9 C.<\/strong>, Price W.L.,\u00a0<i>A shared memory parallel implementation of ant colony optimization<\/i>, 6th Metaheuristics International Conference (MIC\u20192005), Vienne, Autriche, 22-26 ao\u00fbt 2005.<\/li>\n<\/ul>\n<ul>\n<li><strong>Gagn\u00e9, C.<\/strong>\u00a0<i>Les Fourmis, muses des math\u00e9maticiens<\/i>, Entrevue accord\u00e9e \u00e0 l\u2019\u00c9mission Les Ann\u00e9es Lumi\u00e8re, Premi\u00e8re Cha\u00eene de Radio-Canada, diffus\u00e9 le dimanche 28 ao\u00fbt 2005.<\/li>\n<\/ul>\n<ul>\n<li>Boivin S., Gravel M., Krajecki M., <strong>Gagn\u00e9 C.<\/strong>,\u00a0<i>R\u00e9solution du probl\u00e8me de car-sequencing \u00e0 l\u2019aide d\u2019une approche de type FC<\/i>, Premi\u00e8res Journ\u00e9es Francophones de Programmation par Contraintes, Lens, France, 8-10 juin 2005.<\/li>\n<\/ul>\n<ul>\n<li>Morin S., <strong>Gagn\u00e9 C.<\/strong>,\u00a0<i>Optimisation par colonie de fourmis avec trace de ph\u00e9romone tridimensionnelle et construction mixte pour la r\u00e9solution du probl\u00e8me d\u2019ordonnancement de voitures<\/i>, ACFAS, Universit\u00e9 du Qu\u00e9bec \u00e0 Chicoutimi, 9-13 mai 2005.<\/li>\n<\/ul>\n<ul>\n<li>Zinflou A., <strong>Gagn\u00e9 C.<\/strong>,\u00a0<i>CSGA<sup>MO<\/sup>\u00a0: Un nouvel algorithme g\u00e9n\u00e9tique pour l\u2019optimisation multi-objectifs<\/i>, ACFAS, Universit\u00e9 du Qu\u00e9bec \u00e0 Chicoutimi, 9-13 mai 2005.<\/li>\n<\/ul>\n<ul>\n<li>Boivin S., Gravel M., Krajecki M., <strong>Gagn\u00e9 C.<\/strong>,\u00a0<i>D\u00e9finition d\u2019un FC concurrent pour la r\u00e9solution du probl\u00e8me du car sequencing<\/i>, pr\u00e9sent\u00e9 dans le cadre d\u2019un workshop sur\u00a0la R\u00e9solution Parall\u00e8le\u00a0de Probl\u00e8mes NP-Complets, Rencontres francophones du Parall\u00e9lisme (RenPar\u201916), Le Croisic, France, 6-8 avril 2005.<\/li>\n<\/ul>\n<ul>\n<li>Gravel M., <strong>Gagn\u00e9 C.<\/strong>,\u00a0<i>Ordonnancement de la production dans l&#8217;industrie de l&#8217;aluminium \u00e0 l&#8217;aide de strat\u00e9gies m\u00e9taheuristiques<\/i>, S\u00e9minaire du LOOP, Universit\u00e9 Laval, 31 mars 2005.<\/li>\n<\/ul>\n<ul>\n<li><strong>Gagn\u00e9 C.<\/strong>, Gravel M., Price W.L., Krajecki M., Jaillet C.,\u00a0<i>M\u00e9taheuristique hybride pour la r\u00e9solution du probl\u00e8me de \u00ab\u00a0car sequencing \u00bb<\/i>, ROADEF 2005, Tours, France, 14-16 f\u00e9vrier 2005.<\/li>\n<\/ul>\n<h2><b>2004<\/b><\/h2>\n<ul>\n<li>Gravel M., <strong>Gagn\u00e9 C.<\/strong>, Price W.L.,\u00a0<i>Comparaison de trois m\u00e9thodes pour solutionner le probl\u00e8me de car sequencing<\/i>, 4e Conf\u00e9rence international en recherche op\u00e9rationnelle (FRANCORO IV), Fribourg, Suisse, 18-21 ao\u00fbt 2004.<\/li>\n<\/ul>\n<ul>\n<li><strong>Gagn\u00e9 C.<\/strong>, Gravel M., Price W.L.,\u00a0<i>Compromise programming solves multiobjective scheduling problems<\/i>, CORS\/INFORMS Joint International Meeting, Banff, Canada, 16-19 mai 2004.<\/li>\n<\/ul>\n<ul>\n<li>Zinflou A., <strong>Gagn\u00e9 C.<\/strong>, Gravel M.,\u00a0<i>Algorithmes g\u00e9n\u00e9tiques et syst\u00e8me interactif pour la prise de d\u00e9cision en ordonnancement<\/i>, 59 i\u00e8me Journ\u00e9es du groupe de travail europ\u00e9en sur l\u2019aide multicrit\u00e8re \u00e0 la d\u00e9cision (MCDM), Brest, France, 29-30 avril 2004.<\/li>\n<\/ul>\n<ul>\n<li><strong>Gagn\u00e9 C.<\/strong>, Gravel M., Price W.L.,\u00a0<i>Using metaheuristics for the solution of multiobjective scheduling problems via compromise programming<\/i>, Multi Objective Programming and Goal Programming Conference: New Trends and Applications (MOPGP\u201904), Hammamet, Tunisie, 14-16 avril 2004.<\/li>\n<\/ul>\n<ul>\n<li>Zinflou A., <strong>Gagn\u00e9 C.<\/strong>, Gravel M.,\u00a0<i>Decision support system using genetic algorithms for multi-objective optimization<\/i>, Multi Objective Programming and Goal Programming Conference: New Trends and Applications (MOPGP\u201904), Hammamet, Tunisie, 14-16 avril 2004.<\/li>\n<\/ul>\n<ul>\n<li>Zinflou A., <strong>Gagn\u00e9 C.<\/strong>,\u00a0<i>Syst\u00e8me interactif d\u2019aide \u00e0 la d\u00e9cision bas\u00e9 sur des algorithmes g\u00e9n\u00e9tiques pour l\u2019optimisation multi-objectifs<\/i>, Midi-conf\u00e9rence du Groupe de Recherche en Informatique (GRI), UQAC, 2 avril 2004.<\/li>\n<\/ul>\n<h2><b>2003<\/b><\/h2>\n<ul>\n<li>Gravel M., <strong>Gagn\u00e9 C.<\/strong>,\u00a0<i>Intelligence artificielle et ordonnancement de la production<\/i>, CURAL, UQAC, 24 octobre 2003.<\/li>\n<\/ul>\n<ul>\n<li>Delisle P., Gravel M., Krajecki M., <strong>Gagn\u00e9 C.<\/strong>, Price W.L.,\u00a0<i>Optimisation par colonies de fourmis parall\u00e8les sur architecture \u00e0 m\u00e9moire partag\u00e9e<\/i>, pr\u00e9sent\u00e9 dans le cadre d\u2019un workshop sur\u00a0la R\u00e9solution Parall\u00e8le\u00a0de Probl\u00e8mes NP-Complets, Rencontres francophones du Parall\u00e9lisme (RenPar\u201915),\u00a0La Colle\u00a0sur Loup, France, 14-17 octobre 2003.<\/li>\n<\/ul>\n<ul>\n<li><strong>Gagn\u00e9 C.<\/strong>, Gravel M., Price W.L.,\u00a0<i>Recherche de solutions de compromis en ordonnancement \u00e0 l\u2019aide de m\u00e9taheuristiques<\/i>, MOd\u00e9lisation et SIMulation (MOSIM \u201903), Toulouse, France, avril 2003.<\/li>\n<\/ul>\n<h2><b>2002<\/b><\/h2>\n<ul>\n<li>Price W., Gravel M., <strong>Gagn\u00e9 C.<\/strong>,\u00a0<i>Scheduling casting operations using ant optimization<\/i>, INFORMS Conference on OR\/MS Practice, Analysing and Enhancing the Extended Entreprise, Montr\u00e9al, 19-21 mai 2002.<\/li>\n<\/ul>\n<ul>\n<li>Delisle P., Gravel M., <strong>Gagn\u00e9 C.<\/strong>,\u00a0<i>Parall\u00e9lisation co-\u00e9volutive de l&#8217;Optimisation par Colonie de Fourmis pour un probl\u00e8me d&#8217;optimisation combinatoire<\/i>, Journ\u00e9es de l&#8217;optimisation 2002, Montr\u00e9al, 6-8 mai 2002.<\/li>\n<\/ul>\n<ul>\n<li>Delisle P., Gravel M., <strong>Gagn\u00e9 C.<\/strong>, Krajecki M.,\u00a0<i>Parall\u00e9lisation co-\u00e9volutive de l&#8217;Optimisation par Colonie de Fourmis pour la r\u00e9solution d&#8217;un probl\u00e8me d&#8217;ordonnancement industriel<\/i>, pr\u00e9sent\u00e9 dans le cadre d&#8217;un workshop sur\u00a0la R\u00e9solution Parall\u00e8le\u00a0de Probl\u00e8mes NP-Complets, Rencontres francophones du Parall\u00e9lisme (RenPar&#8217;14), Hammamet, Tunisie, 9-13 avril 2002.<\/li>\n<\/ul>\n<h2><b>2001<\/b><\/h2>\n<ul>\n<li>Gravel M., <strong>Gagn\u00e9 C.<\/strong>, Delisle P.,\u00a0<i>Ordonnancement industriel dans une aluminerie\u00a0: un probl\u00e8me d\u2019optimisation combinatoire solutionn\u00e9 \u00e0 l\u2019aide de m\u00e9taheuristiques<\/i>, Midi-DIM, UQAC, 16 novembre 2001.<\/li>\n<\/ul>\n<ul>\n<li><strong>Gagn\u00e9 C.<\/strong>, Gravel M., Price W.L.,\u00a0<i>Computational results in single machine scheduling with sequence-dependent setup times using an ant colony algorithm<\/i>, INFORMS,\u00a0Miami, 4-7 novembre 2001.<\/li>\n<\/ul>\n<ul>\n<li><strong>Gagn\u00e9 C.<\/strong>, Gravel M., Price W.L.,\u00a0<i>La recherche de solutions de compromis en ordonnancement industriel \u00e0 l\u2019aide de m\u00e9taheuristiques<\/i>, Groupe de travail europ\u00e9en sur l\u2019aide multicrit\u00e8re \u00e0 la d\u00e9cision, Durbuy, Belgique, 4-5 octobre 2001.<\/li>\n<\/ul>\n<ul>\n<li><strong>Gagn\u00e9 C.<\/strong>, Gravel M., Price W.L.,\u00a0<i>A look-ahead addition to the ant colony optimization algorithm and its application to an industrial scheduling problem<\/i>, 4th Metaheuristics International Conference, Porto, Portugal, 16 au 20 juillet 2001.<\/li>\n<\/ul>\n<ul>\n<li><strong>Gagn\u00e9 C.<\/strong>, Gravel M., Price W.L.,\u00a0<i>Analysis of the performance of an ACO algorithm for a multi-objective industrial problem<\/i>, INFORMS International Hawaii, Maui, Hawaii, 17 au 20 juin 2001.<\/li>\n<\/ul>\n<ul>\n<li><strong>Gagn\u00e9 C.<\/strong>, Gravel M., Price W.L.,\u00a0<i>Analyse de la performance d&#8217;un OCF pour un probl\u00e8me d&#8217;ordonnancement industriel multi-objectifs<\/i>, 3e journ\u00e9es francophones de recherche op\u00e9rationnelle (Francoro III), Qu\u00e9bec, Canada, 9 au 12 mai 2001.<\/li>\n<\/ul>\n<ul>\n<li>Gravel M., <strong>Gagn\u00e9 C.<\/strong>, Price W.L.,\u00a0<i>Utilisation de m\u00e9taheuristiques pour solutionner un probl\u00e8me d\u2019ordonnancement industriel<\/i>, 3<sup>e<\/sup>\u00a0journ\u00e9es francophones de recherche op\u00e9rationnelle (Francoro III), Qu\u00e9bec, Canada, 9 au 12 mai 2001.<\/li>\n<\/ul>\n<ul>\n<li><strong>Gagn\u00e9 C.<\/strong>, Gravel M., Price W.L.,\u00a0<i>Optimisation par colonie de fourmis pour un probl\u00e8me d\u2019ordonnancement industriel avec temps de r\u00e9glages d\u00e9pendants de la s\u00e9quence<\/i>,\u00a0Conf\u00e9rence MOSIM\u201901, Troyes, France, 25 au 27 avril 2001.<\/li>\n<\/ul>\n<h2><b>2000<\/b><\/h2>\n<ul>\n<li><strong>Gagn\u00e9, C.<\/strong>, Gravel, M. &amp; Price, W.L.,\u00a0<i>Scheduling a single machine with sequence-dependent setup durations using an ant colony algorithm<\/i>, INFORMS,\u00a0San Antonio,\u00a0USA, 5-8 novembre 2000.<\/li>\n<\/ul>\n<ul>\n<li><strong>Gagn\u00e9, C.<\/strong>, Gravel, M. &amp; Price, W.L.,\u00a0<i>Scheduling a single machine where setup times are sequence dependent using an ant colony heuristic<\/i>, ANTS&#8217;2000, Bruxelles, Belgique, 7-9 septembre 2000.<\/li>\n<\/ul>\n<h2><b>1999<\/b><\/h2>\n<ul>\n<li>Gravel, M., Price, W.L. &amp; <strong>Gagn\u00e9, C.<\/strong>,\u00a0<i>Solving industrial scheduling problems using current heuristics methods<\/i>, S\u00e9minaires du CERMID, Facult\u00e9 des sciences de l\u2019administration, Universit\u00e9 Laval, 22 octobre 1999.<\/li>\n<\/ul>\n<ul>\n<li>Gravel, M., Price, W.L. &amp; <strong>Gagn\u00e9, C.<\/strong>,\u00a0<i>Un probl\u00e8me d\u2019ordonnancement industriel multicrit\u00e8re avec contraintes de capacit\u00e9 sur les ressources<\/i>, R\u00e9union exceptionnelle du groupe de travail europ\u00e9en &#8220;Aide multicrit\u00e8re \u00e0 la d\u00e9cision&#8221;, 50 e Journ\u00e9es, Cerisy-la-salle, France, 28 septembre-2 octobre 1999.<\/li>\n<\/ul>\n<ul>\n<li>Gravel, M., Price, W.L. &amp; <strong>Gagn\u00e9, C.<\/strong>,\u00a0<i>Solving industrial scheduling problems using current heuristics methods<\/i>, IFORS 1999, Beijing, Chine, 16 ao\u00fbt 1999.<\/li>\n<\/ul>\n<ul>\n<li>Gravel, M., <strong>Gagn\u00e9, C.<\/strong> &amp; Price, W.L.,\u00a0<i>Un contexte d\u2019ordonnancement industriel avec contraintes de capacit\u00e9 sur les ressources et objectifs multiples<\/i>, 41 e Conf\u00e9rence CORS-SCRO, Windsor, 8 juin 1999.<\/li>\n<\/ul>\n<ul>\n<li>Gravel, M., <strong>Gagn\u00e9, C.<\/strong> &amp; Price, W.L.,\u00a0<i>Un probl\u00e8me d\u2019ordonnancement multicrit\u00e8re avec contraintes de capacit\u00e9 sur les ressources<\/i>, Journ\u00e9es de l\u2019optimisation, Montr\u00e9al, 11 mai 1999.<\/li>\n<\/ul>\n<h2><b>1998<\/b><\/h2>\n<ul>\n<li>Gravel, J.-P., Price, W.L., <strong>Gagn\u00e9, C.<\/strong> &amp; Corrales, H.,\u00a0<i>Localisation de lignes de haute tension en pr\u00e9sence d&#8217;objectifs multiples<\/i>, 48 e R\u00e9union du Groupe Europ\u00e9en &#8220;Aide multicrit\u00e8re \u00e0 la d\u00e9cision&#8221;, Qu\u00e9bec, 24 septembre 1998.<\/li>\n<\/ul>\n<ul>\n<li>Gravel, M., Price, W.L. &amp; <strong>Gagn\u00e9, C.<\/strong>,\u00a0<i>Scheduling jobs in an aluminum foundry using a genetic algorithm<\/i>, OR 98, Zurich, Suisse, 31 ao\u00fbt 1998.<\/li>\n<\/ul>\n<ul>\n<li><strong>Gagn\u00e9 C.<\/strong>, Price, W.L. &amp; Gravel, M.,\u00a0<i>Heuristiques de proximit\u00e9 pour un probl\u00e8me d&#8217;atelier multigamme<\/i>, ACFAS, Qu\u00e9bec, 11 mai 1998.<\/li>\n<\/ul>\n<ul>\n<li>Gravel, M., Price, W.L. &amp; <strong>Gagn\u00e9 C.<\/strong>,\u00a0<i>Scheduling a Parallel Processing Facility in an Aluminum Smelter<\/i>, INFORMS, Montr\u00e9al, 28 avril 1998.<\/li>\n<\/ul>\n<ul>\n<li>Gravel, M., Price, W.L. &amp; <strong>Gagn\u00e9 C.<\/strong>,\u00a0<i>Conception de cellules manufacturi\u00e8res s\u00e9rielles pour un atelier g\u00e9n\u00e9ral kanban<\/i>, S\u00e9minaires CREADO-SCRO-OSD, Facult\u00e9 des sciences de l&#8217;administration, Universit\u00e9 Laval, 27 mars 1998.<\/li>\n<\/ul>\n<h2><b>1997<\/b><\/h2>\n<ul>\n<li>Gravel, M., Price, W.L. &amp; <strong>Gagn\u00e9 C.<\/strong>,\u00a0<i>Forming serial assembly cells in a JIT factory<\/i>, INFORMS,\u00a0San Diego, 4 mai 1997.<\/li>\n<\/ul>\n<h2><b>1996<\/b><\/h2>\n<ul>\n<li>Gravel, M., <strong>Gagn\u00e9, C.<\/strong>,\u00a0<i>Une approche g\u00e9n\u00e9tique pour la r\u00e9solution d\u2019un probl\u00e8me d\u2019ordonnancement industriel<\/i>, Midi-conf\u00e9rence du DSEA, UQAC, 10 octobre 1996.<\/li>\n<\/ul>\n<ul>\n<li><strong>Gagn\u00e9, C.<\/strong>, Gravel, M. &amp; Price, W.L.,\u00a0<i>A genetic algorithm for solving an industrial scheduling problem<\/i>, IFORS,\u00a0Vancouver, 5 juillet 1996.<\/li>\n<\/ul>\n<h2><b>1995<\/b><\/h2>\n<ul>\n<li>Price, W.L., Gravel, M. &amp; <strong>Gagn\u00e9, C.<\/strong>,\u00a0<i>Casting operations in an aluminum factory<\/i>, Congr\u00e8s TIMS XXXIII International,\u00a0Singapore, 25 juin 1995.<\/li>\n<\/ul>\n<ul>\n<li><strong>Gagn\u00e9, C.<\/strong> &amp; Price, W.L.,\u00a0<i>Algorithme g\u00e9n\u00e9tique pour un probl\u00e8me d\u2019ordonnancement non- sym\u00e9trique<\/i>, Travaux en cours du groupe CRAEDO\/ MONADE, Universit\u00e9 Laval, 5 mai 1995.<\/li>\n<\/ul>\n","protected":false},"excerpt":{"rendered":"<p>2014 Sioud A., Gagn\u00e9 C., Gravel M., (2014), Minimizing total tardiness in a hybrid flexible flowshop with sequence dependent setup times, The Fourth International Conference on Advanced Communications and Computation (INFOCOMP 2014), Paris, France, July 20-24 2014. Lebel A., Gagn\u00e9 C.,\u00a0(2014), Algorithmes d&#8217;Optimisation par Colonie de Fourmis Pareto pour l&#8217;optimisation multi-objectifs : Comparaison Uni\/Multi colonie, &hellip; <a href=\"https:\/\/portfolio.uqac.ca\/carolinegagne\/communications\/\" class=\"more-link\">Continuer la lecture de <span class=\"screen-reader-text\">Communications<\/span>  <span class=\"meta-nav\">&rarr;<\/span><\/a><\/p>\n","protected":false},"author":22,"featured_media":0,"parent":0,"menu_order":0,"comment_status":"closed","ping_status":"closed","template":"","meta":{"footnotes":""},"tags":[],"_links":{"self":[{"href":"https:\/\/portfolio.uqac.ca\/carolinegagne\/wp-json\/wp\/v2\/pages\/25"}],"collection":[{"href":"https:\/\/portfolio.uqac.ca\/carolinegagne\/wp-json\/wp\/v2\/pages"}],"about":[{"href":"https:\/\/portfolio.uqac.ca\/carolinegagne\/wp-json\/wp\/v2\/types\/page"}],"author":[{"embeddable":true,"href":"https:\/\/portfolio.uqac.ca\/carolinegagne\/wp-json\/wp\/v2\/users\/22"}],"replies":[{"embeddable":true,"href":"https:\/\/portfolio.uqac.ca\/carolinegagne\/wp-json\/wp\/v2\/comments?post=25"}],"version-history":[{"count":20,"href":"https:\/\/portfolio.uqac.ca\/carolinegagne\/wp-json\/wp\/v2\/pages\/25\/revisions"}],"predecessor-version":[{"id":206,"href":"https:\/\/portfolio.uqac.ca\/carolinegagne\/wp-json\/wp\/v2\/pages\/25\/revisions\/206"}],"wp:attachment":[{"href":"https:\/\/portfolio.uqac.ca\/carolinegagne\/wp-json\/wp\/v2\/media?parent=25"}],"wp:term":[{"taxonomy":"post_tag","embeddable":true,"href":"https:\/\/portfolio.uqac.ca\/carolinegagne\/wp-json\/wp\/v2\/tags?post=25"}],"curies":[{"name":"wp","href":"https:\/\/api.w.org\/{rel}","templated":true}]}}