{"id":247,"date":"2020-04-02T11:02:53","date_gmt":"2020-04-02T15:02:53","guid":{"rendered":"http:\/\/portfolio-pre.uqac.ca\/catherineflynn\/?page_id=247"},"modified":"2020-04-02T13:23:52","modified_gmt":"2020-04-02T17:23:52","slug":"dans-les-medias","status":"publish","type":"page","link":"https:\/\/portfolio.uqac.ca\/catherineflynn\/dans-les-medias\/","title":{"rendered":"Dans les m\u00e9dias"},"content":{"rendered":"<p>Tremblay-Baillargeon,\u00a0Gabrielle (7 mars 2020). &#8220;<a href=\"https:\/\/www.ledevoir.com\/societe\/574201\/feminicides-les-inegalites-assassines?fbclid=IwAR12ytt4_7VvnTH1GwNegmUUFbt0Gozuh4UNO1eK9o_DYbYsmwxfi02GM50\">F\u00e9minicides: les in\u00e9galit\u00e9s assassines<\/a>&#8220;, Le Devoir (Qu\u00e9bec).<\/p>\n<p>Lacroix, Xavier, (6 mars 2020). &#8220;<a href=\"https:\/\/ici.radio-canada.ca\/premiere\/emissions\/meme-frequence\/segments\/entrevue\/157995\/feminisme-journee-internationale-droit-femmes-catherine-flynn?fbclid=IwAR1za2rpeKJYo2GqURmPdDRGBLR7bvvqqBfWldizIgrwprEhLivok7nnkGI\">Le portrait de la r\u00e9alit\u00e9 des femmes au Qu\u00e9bec en 2020 avec Catherine Flynn<\/a>&#8220;, Dans M\u00eame Fr\u00e9quence, Radio-Canada (Qu\u00e9bec).<\/p>\n<p>Poupeau, Diane ( 20 juin 2019). &#8220;<a href=\"https:\/\/www.slate.fr\/story\/178647\/canada-rapport-genocide-femmes-autochtones-assassinats-disparitions?amp&amp;__twitter_impression=true\">Au Canada, des femmes autochtones sont tu\u00e9es dans l&#8217;indiff\u00e9rence quasi g\u00e9n\u00e9rale<\/a>&#8220;, Slate.fr.<\/p>\n","protected":false},"excerpt":{"rendered":"<p>Tremblay-Baillargeon,\u00a0Gabrielle (7 mars 2020). &#8220;F\u00e9minicides: les in\u00e9galit\u00e9s assassines&#8220;, Le Devoir (Qu\u00e9bec). Lacroix, Xavier, (6 mars 2020). &#8220;Le portrait de la r\u00e9alit\u00e9 des femmes au Qu\u00e9bec en 2020 avec Catherine Flynn&#8220;, Dans M\u00eame Fr\u00e9quence, Radio-Canada (Qu\u00e9bec). Poupeau, Diane ( 20 juin 2019). &#8220;Au Canada, des femmes autochtones sont tu\u00e9es dans l&#8217;indiff\u00e9rence quasi g\u00e9n\u00e9rale&#8220;, Slate.fr.<\/p>\n","protected":false},"author":282,"featured_media":0,"parent":0,"menu_order":0,"comment_status":"closed","ping_status":"closed","template":"","meta":{"footnotes":""},"tags":[],"_links":{"self":[{"href":"https:\/\/portfolio.uqac.ca\/catherineflynn\/wp-json\/wp\/v2\/pages\/247"}],"collection":[{"href":"https:\/\/portfolio.uqac.ca\/catherineflynn\/wp-json\/wp\/v2\/pages"}],"about":[{"href":"https:\/\/portfolio.uqac.ca\/catherineflynn\/wp-json\/wp\/v2\/types\/page"}],"author":[{"embeddable":true,"href":"https:\/\/portfolio.uqac.ca\/catherineflynn\/wp-json\/wp\/v2\/users\/282"}],"replies":[{"embeddable":true,"href":"https:\/\/portfolio.uqac.ca\/catherineflynn\/wp-json\/wp\/v2\/comments?post=247"}],"version-history":[{"count":4,"href":"https:\/\/portfolio.uqac.ca\/catherineflynn\/wp-json\/wp\/v2\/pages\/247\/revisions"}],"predecessor-version":[{"id":253,"href":"https:\/\/portfolio.uqac.ca\/catherineflynn\/wp-json\/wp\/v2\/pages\/247\/revisions\/253"}],"wp:attachment":[{"href":"https:\/\/portfolio.uqac.ca\/catherineflynn\/wp-json\/wp\/v2\/media?parent=247"}],"wp:term":[{"taxonomy":"post_tag","embeddable":true,"href":"https:\/\/portfolio.uqac.ca\/catherineflynn\/wp-json\/wp\/v2\/tags?post=247"}],"curies":[{"name":"wp","href":"https:\/\/api.w.org\/{rel}","templated":true}]}}