{"id":162,"date":"2021-06-25T08:30:48","date_gmt":"2021-06-25T12:30:48","guid":{"rendered":"http:\/\/portfolio-pre.uqac.ca\/gabarit\/?page_id=162"},"modified":"2021-11-26T20:38:26","modified_gmt":"2021-11-27T01:38:26","slug":"articles","status":"publish","type":"page","link":"https:\/\/portfolio.uqac.ca\/catherinemorency\/articles\/","title":{"rendered":"Articles"},"content":{"rendered":"<h4>Revues de cr\u00e9ation<\/h4>\n<p>2021\u00a0\u00a0\u00a0\u00a0 \u00ab<a href=\"https:\/\/novendecameron.ramures.org\/retour-a-la-terre\"> Retour \u00e0 la terre <\/a>\u00bb, <em>Novend\u00e9cam\u00e9ron<\/em> (publication num\u00e9rique), Automne.<\/p>\n<p>2021 \u00ab Terres br\u00fbl\u00e9es \u00bb, Lettres qu\u00e9b\u00e9coises, Printemps 2021.<br \/>\n2019 \u00ab Tu vas la fermer \u00bb, Estuaire, num\u00e9ro 176, Printemps 2019.<br \/>\n2018 \u00ab Pare-balles \u00bb, Moebius, num\u00e9ro 159, Automne 2018, p. 25\u201331.<br \/>\n2013 \u00ab Des constellations \u00bb, Cahiers du th\u00e9\u00e2tre fran\u00e7ais, no 3, Centre National des Arts (CNA),octobre 2013.<br \/>\n2010 \u00ab Des restes de nuit \u00bb, Les \u00e9crits, num\u00e9ro 128, avril 2010.<br \/>\n2008 \u00ab Lettres \u00e0 mon Viking \u00bb, Libert\u00e9 (Arthur Buies, notre contemporain), volume 50, num\u00e9ro 4,novembre 2008.<br \/>\n2008 \u00ab Souffle \u00bb, Libert\u00e9 (Dictionnaire politique et culturel du Qu\u00e9bec), volume 50, num\u00e9ro 2, avril 2008.<br \/>\n2007 \u00ab Feuille hypnotis\u00e9e dans l\u2019espace cherche Fanal vivant et alt\u00e9r\u00e9 de nous \u00bb dans Libert\u00e9<br \/>\n(Ren\u00e9e Char \/ Herv\u00e9 Bouchard), volume 49, num\u00e9ro 277, septembre 2007.<br \/>\n2005 \u00ab Po\u00e8mes \u00bb, Estuaire, Printemps 2006.<br \/>\n2004 \u00ab Nous n\u2019avons pas ferm\u00e9 le livre \u00bb, Possibles, Montr\u00e9al, vol.28, no 2, printemps 2004.<\/p>\n<h4>Revues scientifiques avec comit\u00e9 de lecture<\/h4>\n<p>2017 \u00ab Interruptions. \u00c9crire la destruction au f\u00e9minin \u00bb, Contre-jour, num\u00e9ro 42, printemps-\u00e9t\u00e9 2017.<br \/>\n2012 Compte rendu critique des oeuvres compl\u00e8tes de Sylvia Plath (Quarto), Spirale, dossier consacr\u00e9 \u00e0 la m\u00e9taphysique (dirig\u00e9 par Filippo Palumbo), \u00e9t\u00e9 2012.<br \/>\n2008 \u00ab \u00c9mergence et incarnations dans les premiers po\u00e8mes d\u2019Anne H\u00e9bert \u00bb, Cahiers Anne H\u00e9bert, sous la direction d\u2019Isabelle Boisclair et de Lori Saint-Martin, no 8, printemps 2008.<br \/>\n2007 \u00ab Pr\u00e9sentation \u00bb (avec Catherine Mavrikakis), Prot\u00e9e, Volume 35 num\u00e9ro 1 printemps 2007.<br \/>\n2007 \u00ab Alexis Lefran\u00e7ois ou le prisme des fuites \u00bb, dans Quebec Studies, Volume 41, Spring\/Summer 2006.<br \/>\n2007 \u00ab Les armes du m\u00e9galomane : petite m\u00e9thode pour devenir un po\u00e8te de race \u00bb, dans Acta iassyensia compararionis (num\u00e9ro sur le pouvoir), Editura universitat II IASI, Roumanie.<\/p>\n","protected":false},"excerpt":{"rendered":"<p>Revues de cr\u00e9ation 2021\u00a0\u00a0\u00a0\u00a0 \u00ab Retour \u00e0 la terre \u00bb, Novend\u00e9cam\u00e9ron (publication num\u00e9rique), Automne. 2021 \u00ab Terres br\u00fbl\u00e9es \u00bb, Lettres qu\u00e9b\u00e9coises, Printemps 2021. 2019 \u00ab Tu vas la fermer \u00bb, Estuaire, num\u00e9ro 176, Printemps 2019. 2018 \u00ab Pare-balles \u00bb, Moebius, num\u00e9ro 159, Automne 2018, p. 25\u201331. 2013 \u00ab Des constellations \u00bb, Cahiers du th\u00e9\u00e2tre fran\u00e7ais, &hellip; <a href=\"https:\/\/portfolio.uqac.ca\/catherinemorency\/articles\/\" class=\"more-link\">Continuer la lecture de <span class=\"screen-reader-text\">Articles<\/span>  <span class=\"meta-nav\">&rarr;<\/span><\/a><\/p>\n","protected":false},"author":282,"featured_media":0,"parent":0,"menu_order":0,"comment_status":"closed","ping_status":"closed","template":"","meta":{"footnotes":""},"tags":[],"_links":{"self":[{"href":"https:\/\/portfolio.uqac.ca\/catherinemorency\/wp-json\/wp\/v2\/pages\/162"}],"collection":[{"href":"https:\/\/portfolio.uqac.ca\/catherinemorency\/wp-json\/wp\/v2\/pages"}],"about":[{"href":"https:\/\/portfolio.uqac.ca\/catherinemorency\/wp-json\/wp\/v2\/types\/page"}],"author":[{"embeddable":true,"href":"https:\/\/portfolio.uqac.ca\/catherinemorency\/wp-json\/wp\/v2\/users\/282"}],"replies":[{"embeddable":true,"href":"https:\/\/portfolio.uqac.ca\/catherinemorency\/wp-json\/wp\/v2\/comments?post=162"}],"version-history":[{"count":6,"href":"https:\/\/portfolio.uqac.ca\/catherinemorency\/wp-json\/wp\/v2\/pages\/162\/revisions"}],"predecessor-version":[{"id":201,"href":"https:\/\/portfolio.uqac.ca\/catherinemorency\/wp-json\/wp\/v2\/pages\/162\/revisions\/201"}],"wp:attachment":[{"href":"https:\/\/portfolio.uqac.ca\/catherinemorency\/wp-json\/wp\/v2\/media?parent=162"}],"wp:term":[{"taxonomy":"post_tag","embeddable":true,"href":"https:\/\/portfolio.uqac.ca\/catherinemorency\/wp-json\/wp\/v2\/tags?post=162"}],"curies":[{"name":"wp","href":"https:\/\/api.w.org\/{rel}","templated":true}]}}