{"id":27,"date":"2012-07-24T12:57:18","date_gmt":"2012-07-24T12:57:18","guid":{"rendered":"http:\/\/portfolio-pre.uqac.ca\/gabarit\/?page_id=27"},"modified":"2025-10-29T09:58:12","modified_gmt":"2025-10-29T13:58:12","slug":"curriculum-vitae","status":"publish","type":"page","link":"https:\/\/portfolio.uqac.ca\/catherinetremblay\/curriculum-vitae\/","title":{"rendered":"Curriculum vitae"},"content":{"rendered":"<h2><strong>Dipl\u00f4mes<\/strong><\/h2>\n<p>Ma\u00eetrise en arts visuels et m\u00e9diatiques, UQAM (mention d\u2019honneur)<\/p>\n<p>Baccalaur\u00e9at en beaux-arts, majeure en photographie, Universit\u00e9 Concordia (avec distinction)<\/p>\n<p>Baccalaur\u00e9at en design graphique (en cours, 84 cr\u00e9dits sur 90), UQAM<\/p>\n<p>Dipl\u00f4me d\u2019\u00e9tudes coll\u00e9giales en photographie, C\u00e9gep de Matane<\/p>\n<p>Dipl\u00f4me d\u2019\u00e9tudes coll\u00e9giales en arts plastiques, C\u00e9gep de Chicoutimi<\/p>\n<h2><strong><br \/>\nAffiliations professionnelles<\/strong><\/h2>\n<p>Directrice de production et conceptrice des installations, Rencontres internationales de la photographie en Gasp\u00e9sie, depuis 2014.<\/p>\n<p>Copr\u00e9sidente du conseil d\u2019administration, L\u2019imprimerie, centre d\u2019artistes (2016-2020)<\/p>\n<p>Cofondatrice et copr\u00e9sidente, Le Cabinet, espace de production photographique (2012-2016)<\/p>\n<h2><strong><br \/>\nExpertises\u00a0<\/strong><\/h2>\n<p>Prise de vue, traitement et impression en photographie num\u00e9rique et argentique<\/p>\n<p>Production vid\u00e9o et en art sonore, cr\u00e9ation d\u2019installations m\u00e9diatiques<\/p>\n<p>Conception et mise en espace d\u2019installations photographique et immersives<\/p>\n<p>Postproduction et impression grand format : calibration, gestion des couleurs, restauration et formatage des fichiers<\/p>\n<p>Design graphique et communication visuelle : \u00e9dition, identit\u00e9 visuelle et multim\u00e9dia<\/p>\n<p>Gestion et d\u00e9veloppement d\u2019organismes culturels, notamment en centres d\u2019artistes<\/p>\n","protected":false},"excerpt":{"rendered":"<p>Dipl\u00f4mes Ma\u00eetrise en arts visuels et m\u00e9diatiques, UQAM (mention d\u2019honneur) Baccalaur\u00e9at en beaux-arts, majeure en photographie, Universit\u00e9 Concordia (avec distinction) Baccalaur\u00e9at en design graphique (en cours, 84 cr\u00e9dits sur 90), UQAM Dipl\u00f4me d\u2019\u00e9tudes coll\u00e9giales en photographie, C\u00e9gep de Matane Dipl\u00f4me d\u2019\u00e9tudes coll\u00e9giales en arts plastiques, C\u00e9gep de Chicoutimi Affiliations professionnelles Directrice de production et conceptrice &hellip; <a href=\"https:\/\/portfolio.uqac.ca\/catherinetremblay\/curriculum-vitae\/\" class=\"more-link\">Continuer la lecture de <span class=\"screen-reader-text\">Curriculum vitae<\/span>  <span class=\"meta-nav\">&rarr;<\/span><\/a><\/p>\n","protected":false},"author":406,"featured_media":0,"parent":0,"menu_order":0,"comment_status":"closed","ping_status":"closed","template":"","meta":{"footnotes":""},"tags":[],"_links":{"self":[{"href":"https:\/\/portfolio.uqac.ca\/catherinetremblay\/wp-json\/wp\/v2\/pages\/27"}],"collection":[{"href":"https:\/\/portfolio.uqac.ca\/catherinetremblay\/wp-json\/wp\/v2\/pages"}],"about":[{"href":"https:\/\/portfolio.uqac.ca\/catherinetremblay\/wp-json\/wp\/v2\/types\/page"}],"author":[{"embeddable":true,"href":"https:\/\/portfolio.uqac.ca\/catherinetremblay\/wp-json\/wp\/v2\/users\/406"}],"replies":[{"embeddable":true,"href":"https:\/\/portfolio.uqac.ca\/catherinetremblay\/wp-json\/wp\/v2\/comments?post=27"}],"version-history":[{"count":6,"href":"https:\/\/portfolio.uqac.ca\/catherinetremblay\/wp-json\/wp\/v2\/pages\/27\/revisions"}],"predecessor-version":[{"id":230,"href":"https:\/\/portfolio.uqac.ca\/catherinetremblay\/wp-json\/wp\/v2\/pages\/27\/revisions\/230"}],"wp:attachment":[{"href":"https:\/\/portfolio.uqac.ca\/catherinetremblay\/wp-json\/wp\/v2\/media?parent=27"}],"wp:term":[{"taxonomy":"post_tag","embeddable":true,"href":"https:\/\/portfolio.uqac.ca\/catherinetremblay\/wp-json\/wp\/v2\/tags?post=27"}],"curies":[{"name":"wp","href":"https:\/\/api.w.org\/{rel}","templated":true}]}}