{"id":27,"date":"2021-06-09T08:53:27","date_gmt":"2021-06-09T12:53:27","guid":{"rendered":"http:\/\/portfolio-pre.uqac.ca\/gabarit\/?page_id=27"},"modified":"2024-11-11T11:40:26","modified_gmt":"2024-11-11T16:40:26","slug":"curriculum-vitae","status":"publish","type":"page","link":"https:\/\/portfolio.uqac.ca\/chantalesimard\/curriculum-vitae\/","title":{"rendered":"Curriculum vitae"},"content":{"rendered":"<h2><strong>Dipl\u00f4mes<\/strong><\/h2>\n<p>Doctorat en sciences infirmi\u00e8res \u2013 Universit\u00e9 Laval (2021)<\/p>\n<p>Simard, C. (2021).\u00a0<em>\u00c9<a href=\"https:\/\/hdl.handle.net\/20.500.11794\/71022\">laboration d\u2019un programme d\u2019intervention clinique en sciences infirmi\u00e8res (PICSI) qui renforce le processus de r\u00e9silience de familles accompagnant un enfant atteint de cancer en contexte d\u2019\u00e9loignement\u00a0<\/a><\/em>[Th\u00e8se de doctorat in\u00e9dite]. Universit\u00e9 Laval, Qu\u00e9bec, QC.<\/p>\n<p>Scolarit\u00e9 doctorale en sciences cliniques (orientation sciences infirmi\u00e8res) &#8211; Universit\u00e9 de Sherbrooke (2012)<\/p>\n<p>Ma\u00eetrise en\u00a0\u00e9ducation &#8211;\u00a0 Universit\u00e9 de Montr\u00e9al\u00a0 (1997)<\/p>\n<p>Baccalaur\u00e9at en sciences infirmi\u00e8res \u2013 Universit\u00e9 Laval (1993)<\/p>\n<p>Dipl\u00f4me d&#8217;\u00e9tudes coll\u00e9giales en techniques infirmi\u00e8res &#8211; C\u00e9gep Fran\u00e7ois-Xavier-Garneau (1990)<\/p>\n<h2><strong>Distinctions et bourses<br \/>\n<\/strong><\/h2>\n<p>Tableau d&#8217;honneur de la Facult\u00e9 des sciences infirmi\u00e8res de l&#8217;Universit\u00e9 Laval: Doctorat (2021-2022)<\/p>\n<p>Bourses li\u00e9es aux fonds de soutien au doctorat de l\u2019Universit\u00e9 Laval octroy\u00e9es par la Facult\u00e9 des sciences infirmi\u00e8res (2012-2018)<\/p>\n<p>Bourse d\u2019\u00e9tudes doctorales du Minist\u00e8re de l\u2019Enseignement sup\u00e9rieur, de la recherche et de la science (MESRS) et les universit\u00e9s partenaires\u00a0 (2014-2015)<\/p>\n<p>Bourse d\u2019\u00e9tudes doctorales du R\u00e9seau de recherche en interventions en sciences infirmi\u00e8res du Qu\u00e9bec (RRISIQ) (2014-2015)<\/p>\n<p>Bourse d\u2019excellence au doctorat : \u00ab Danielle Blondeau \u00bb, d\u00e9cern\u00e9e par la Facult\u00e9 des sciences infirmi\u00e8res de l\u2019Universit\u00e9 Laval\u00a0 \u00a0 \u00a0 \u00a0 (2014-2015)<\/p>\n<p>Bourse d\u2019excellence au doctorat : \u00ab D\u00e9veloppement du leadership clinique \u00bb, d\u00e9cern\u00e9e par la Facult\u00e9 des sciences infirmi\u00e8res de l\u2019Universit\u00e9 Laval\u00a0 (2014-2015)<\/p>\n<p>Bourse Pierrette L\u00e9vesque en sciences infirmi\u00e8res de la Fondation de l\u2019Association des femmes dipl\u00f4m\u00e9es des universit\u00e9s de Qu\u00e9bec (AFDU) (2012-2013)<\/p>\n<h2>Titre de comp\u00e9tences<\/h2>\n<p>Ordre des Infirmi\u00e8res et Infirmiers du Qu\u00e9bec (OIIQ) (1990)<\/p>\n<h2><strong>Affiliations professionnelles<\/strong><\/h2>\n<p>Professeure\/chercheure, Sciences de la sant\u00e9, Universit\u00e9 du Qu\u00e9bec \u00e0 Chicoutimi (2009-\u00a0 )<\/p>\n<p>R\u00e9seau qu\u00e9b\u00e9cois de recherche en soins palliatifs et de fin de vie (RQSPAL) (membre r\u00e9guli\u00e8re)<\/p>\n<p>Direction de la recherche du CIUSSS-SLSJ (membre r\u00e9guli\u00e8re)<\/p>\n<p>Centre intersectoriel en sant\u00e9 durable (UQAC) (membre r\u00e9guli\u00e8re)<\/p>\n<p>R\u00e9seau intersectoriel de recherche en sant\u00e9 de l\u2019Universit\u00e9 du Qu\u00e9bec (RISUQ) (membre r\u00e9guli\u00e8re)<\/p>\n<p>Laboratoire de recherche BioNR (UQAC) (membre associ\u00e9e)<\/p>\n<h2><strong>Activit\u00e9s<\/strong><\/h2>\n<p>Membre des axes 1 et 2\u00a0: Accompagnement interdisciplinaire des personnes vuln\u00e9rables, de leur qualit\u00e9 de vie, de leurs souffrances, de leurs proches et des intervenant\u2219es impliqu\u00e9\u2219es\u00a0et d\u00e9velopper l\u2019approche palliative pour l\u2019enfant et son r\u00e9seau de la p\u00e9riode pr\u00e9natale vers l\u2019\u00e2ge adulte\u00a0du RQSPAL (2024- )<\/p>\n<p>Membre du conseil d\u2019administration de l\u2019Observatoire du d\u00e9veloppement moteur et psychomoteur des jeunes 0-18 ans de l\u2019UQAC (2022- 2024)<\/p>\n<p>Membre du conseil d\u2019administration des Clowns th\u00e9rapeutiques Saguenay (2022- )<\/p>\n<p>Membre du comit\u00e9 organisateur du Colloque de la maitrise r\u00e9seau en sciences infirmi\u00e8res de l\u2019Universit\u00e9 du Qu\u00e9bec (2022-2023)<\/p>\n<p>Membre du comit\u00e9 d\u2019\u00e9valuation des professeurs du D\u00e9partement des sciences de la sant\u00e9 de\u00a0l\u2019Universit\u00e9 du Qu\u00e9bec \u00e0 Chicoutimi (2019-\u00a02023)<\/p>\n<p>Membre des axes 2 et 3 : Soins palliatifs p\u00e9diatriques et accessibilit\u00e9 et \u00e9quit\u00e9 dans la prestation des soins et services du R\u00e9seau qu\u00e9b\u00e9cois de recherche en soins palliatifs et de fin de vie (RQSPAL) (2018-2024)<\/p>\n<p>Membre du comit\u00e9 scientifique du Comit\u00e9 d\u2019\u00e9thique de la recherche du Centre int\u00e9gr\u00e9 universitaire de Sant\u00e9 et de Services Sociaux du Saguenay-Lac-St-Jean (CIUSSS-SLSJ)\u00a0 (2017-\u00a0 )<\/p>\n<p>Membre du comit\u00e9 r\u00e9gional de Leucan Saguenay-Lac-St-Jean (2011-\u00a0 )<\/p>\n","protected":false},"excerpt":{"rendered":"<p>Dipl\u00f4mes Doctorat en sciences infirmi\u00e8res \u2013 Universit\u00e9 Laval (2021) Simard, C. (2021).\u00a0\u00c9laboration d\u2019un programme d\u2019intervention clinique en sciences infirmi\u00e8res (PICSI) qui renforce le processus de r\u00e9silience de familles accompagnant un enfant atteint de cancer en contexte d\u2019\u00e9loignement\u00a0[Th\u00e8se de doctorat in\u00e9dite]. Universit\u00e9 Laval, Qu\u00e9bec, QC. Scolarit\u00e9 doctorale en sciences cliniques (orientation sciences infirmi\u00e8res) &#8211; Universit\u00e9 de &hellip; <a href=\"https:\/\/portfolio.uqac.ca\/chantalesimard\/curriculum-vitae\/\" class=\"more-link\">Continuer la lecture de <span class=\"screen-reader-text\">Curriculum vitae<\/span>  <span class=\"meta-nav\">&rarr;<\/span><\/a><\/p>\n","protected":false},"author":319,"featured_media":0,"parent":0,"menu_order":0,"comment_status":"closed","ping_status":"closed","template":"","meta":{"footnotes":""},"tags":[],"_links":{"self":[{"href":"https:\/\/portfolio.uqac.ca\/chantalesimard\/wp-json\/wp\/v2\/pages\/27"}],"collection":[{"href":"https:\/\/portfolio.uqac.ca\/chantalesimard\/wp-json\/wp\/v2\/pages"}],"about":[{"href":"https:\/\/portfolio.uqac.ca\/chantalesimard\/wp-json\/wp\/v2\/types\/page"}],"author":[{"embeddable":true,"href":"https:\/\/portfolio.uqac.ca\/chantalesimard\/wp-json\/wp\/v2\/users\/319"}],"replies":[{"embeddable":true,"href":"https:\/\/portfolio.uqac.ca\/chantalesimard\/wp-json\/wp\/v2\/comments?post=27"}],"version-history":[{"count":30,"href":"https:\/\/portfolio.uqac.ca\/chantalesimard\/wp-json\/wp\/v2\/pages\/27\/revisions"}],"predecessor-version":[{"id":297,"href":"https:\/\/portfolio.uqac.ca\/chantalesimard\/wp-json\/wp\/v2\/pages\/27\/revisions\/297"}],"wp:attachment":[{"href":"https:\/\/portfolio.uqac.ca\/chantalesimard\/wp-json\/wp\/v2\/media?parent=27"}],"wp:term":[{"taxonomy":"post_tag","embeddable":true,"href":"https:\/\/portfolio.uqac.ca\/chantalesimard\/wp-json\/wp\/v2\/tags?post=27"}],"curies":[{"name":"wp","href":"https:\/\/api.w.org\/{rel}","templated":true}]}}