{"id":25,"date":"2012-07-24T12:43:40","date_gmt":"2012-07-24T12:43:40","guid":{"rendered":"http:\/\/portfolio-pre.uqac.ca\/gabarit\/?page_id=25"},"modified":"2021-11-12T14:20:57","modified_gmt":"2021-11-12T19:20:57","slug":"communications","status":"publish","type":"page","link":"https:\/\/portfolio.uqac.ca\/christianbelanger\/communications\/","title":{"rendered":"Communications"},"content":{"rendered":"<p><strong>Vision 2025 \/ 2050 \u2013 Universit\u00e9 du Qu\u00e9bec \u00e0 Chicoutimi (UQAC)<\/strong><\/p>\n<ul>\n<li style=\"text-align: justify\"><strong><a href=\"https:\/\/www.uqac.ca\/vision2050\">Forum r\u00e9gional sur l&#8217;enjeu du pacte social de l&#8217;aluminium<\/a><\/strong> &#8211; <em>Les \u00e9nergies renouvelables au SLSJ<\/em> &#8211; 2016\/09\/02<\/li>\n<li style=\"text-align: justify\"><strong><a href=\"https:\/\/www.uqac.ca\/vision2025\/programme.pdf\">Forum r\u00e9gional agriculture nordique<\/a> <\/strong>&#8211; <em>Stimuler et mesurer l\u2019apprentissage collectif cr\u00e9neau de l&#8217;agriculture nordique &#8211; <\/em>2011\/05\/06<\/li>\n<li style=\"text-align: justify\"><strong><a href=\"https:\/\/www.uqac.ca\/vision2025\/index.php?page=t007\">Forum relance \u00e9conomique r\u00e9gionale<\/a><\/strong> &#8211; <em>L\u2019enjeu de l\u2019apprentissage collectif r\u00e9gional \u2013 <\/em>2009\/09\/11<\/li>\n<li style=\"text-align: justify\"><strong><a href=\"https:\/\/www.uqac.ca\/vision2025\/index.php?page=forumopticoncre\">Forum Options concr\u00e8tes pour des actions structurantes<\/a><\/strong> &#8211; <em>Le portail de veille informationnelle \u2013 <\/em>2005\/09\/15<\/li>\n<li style=\"text-align: justify\"><strong><a href=\"https:\/\/www.uqac.ca\/vision2025\/index.php?page=Colloque\">Colloque Vision Saguenay 2025<\/a><\/strong> &#8211; <em>Atelier \u00ab\u00a0l\u2019information et les m\u00e9dias\u00a0\u00bb (pan\u00e9liste) \u2013 <\/em>2004\/04\/07<\/li>\n<\/ul>\n<p><strong>Congr\u00e8s de l\u2019Association francophone pour le savoir (ACFAS)<\/strong><\/p>\n<ul>\n<li style=\"text-align: justify\"><em><strong>86i\u00e8me congr\u00e8s (<a href=\"https:\/\/www.uqac.ca\">UQAC<\/a>) \u2013 <\/strong>Le rapport \u00e0 la recherche des charg\u00e9s de cours universitaires : \u00e9tude du cas de l\u2019UQAC (2018-05-11)<\/em><\/li>\n<li style=\"text-align: justify\"><strong>85i\u00e8me congr\u00e8s (<a href=\"https:\/\/www.acfas.ca\/evenements\/congres\">McGill<\/a>) \u2013 <\/strong><em>D<\/em><em>\u00e9veloppement du nord qu\u00e9b\u00e9cois: un vrai Plan Nord est demand\u00e9 <\/em>(2017\/05\/08)<\/li>\n<li style=\"text-align: justify\"><strong>84i\u00e8me congr\u00e8s (<a href=\"https:\/\/www.uqam.ca\">UQAM<\/a>) &#8211;<\/strong><em> Le rapport \u00e0 la recherche des charg\u00e9s de cours universitaires : \u00e9tude du cas de l\u2019UQAC <\/em>(2016\/05\/10)<\/li>\n<li style=\"text-align: justify\"><strong>83i\u00e8me congr\u00e8s (<a href=\"https:\/\/www.uqar.ca\">UQAR<\/a>) &#8211; <\/strong><em>Politiques et strat\u00e9gies de d\u00e9veloppement de l&#8217;apprentissage collectif <\/em>(2015\/05\/25)<\/li>\n<li style=\"text-align: justify\"><strong>81i\u00e8me congr\u00e8s (<a href=\"https:\/\/www.ulaval.ca\">Universit\u00e9 Laval<\/a>) &#8211; <\/strong><em>Les impacts de l&#8217;apprentissage collectif dans les strat\u00e9gies de d\u00e9veloppement local <\/em>(2013\/05\/09)<\/li>\n<li style=\"text-align: justify\"><strong>77i\u00e8me congr\u00e8s (<a href=\"https:\/\/www.uottawa.ca\/fr\">Universit\u00e9 d\u2019Ottawa<\/a>) &#8211; <\/strong><em>Mesure de l\u2019apprentissage collectif au sein des fili\u00e8res \u00e9nerg\u00e9tiques du SLSJ <\/em>(2009\/05)<\/li>\n<li style=\"text-align: justify\"><strong>76i\u00e8me congr\u00e8s (<a href=\"https:\/\/www.inrs.ca\/\">INRS<\/a>)<\/strong> &#8211; <em> Gestion des processus d\u2019implantation des porcheries dans les municipalit\u00e9s rurales qu\u00e9b\u00e9coises <\/em>(2008\/05\/09)<\/li>\n<li style=\"text-align: justify\"><strong>73i\u00e8me congr\u00e8s (<a href=\"https:\/\/www.uqac.ca\">UQAC<\/a>) &#8211; <\/strong><em>Apports des exp\u00e9riences d\u2019appropriation des TIC par les collectivit\u00e9s qu\u00e9b\u00e9coises <\/em>(2005\/05\/10)<\/li>\n<\/ul>\n<p><strong>Groupe de recherche et d\u2019intervention r\u00e9gionales (GRIR)<\/strong><\/p>\n<ul>\n<li style=\"text-align: justify\"><strong>Table-ronde (pan\u00e9liste) &#8211;<\/strong> <em>Extinction de voix \u2013 Plaidoyer pour la sauvegarde de l\u2019information r\u00e9gionale<\/em> (2019\/03\/20)<\/li>\n<li style=\"text-align: justify\"><strong>Exposition d\u2019affiches du GRIR (R\u00e9alisation d&#8217;une affiche poster) &#8211; <\/strong><em>Les ateliers d\u2019animation et de formation en sociologie appliqu\u00e9e<\/em><br \/>\n(2019\/01\/16)<\/li>\n<li style=\"text-align: justify\"><strong>Colloque annuel du GRIR \u2013 <\/strong><em>Les ateliers d\u2019animation et de formation en sociologie appliqu\u00e9e\u00a0: une strat\u00e9gie d\u2019\u00e9ducation populaire<\/em> (2017\/03\/30)<\/li>\n<li style=\"text-align: justify\"><strong>Conf\u00e9rence au Coll\u00e8ge FTQ-Fonds &#8211; <\/strong><em>R\u00e9flexions sur les enjeux de d\u00e9veloppement r\u00e9gional <\/em>(2016\/05\/19)<\/li>\n<li style=\"text-align: justify\"><strong>Colloque annuel du GRIR &#8211; <\/strong><em>Le &#8220;vivre ensemble&#8221; et l&#8217;action collective &#8211; Le cas du collectif Coexister au Saguenay-Lac-Saint-Jean (en collaboration) <\/em>(2016\/04\/15)<\/li>\n<li style=\"text-align: justify\"><strong>Colloque annuel du GRIR &#8211; <\/strong><em>L\u2019aust\u00e9rit\u00e9, entre perte et blocage de l\u2019apprentissage collectif r\u00e9gional <\/em>(2015\/03\/26)<\/li>\n<li style=\"text-align: justify\"><strong>Conf\u00e9rence du GRIR<\/strong> &#8211; <em>D\u00e9veloppement et r\u00e9alit\u00e9 du nord qu\u00e9b\u00e9cois : un autre \u00ab Plan nord \u00bb \u00e0 envisager (cours 4ESR862) <\/em>(2015\/03\/26)<\/li>\n<\/ul>\n<p><strong>Autres communications<\/strong><\/p>\n<ul>\n<li style=\"text-align: justify\"><strong>Personne-ressource<\/strong> &#8211; <a href=\"https:\/\/www.cbc.ca\/news\/canada\/montreal\/saguenay-and-sherbrooke-vote-out-incumbents-and-get-new-mayors-1.6241440?fbclid=IwAR3ltBU951ewZZEM8WHQ1ym3V8PENT5cA2RXgZrk96Eg6ioRUo4z24EnW-8\">Change blows through several Quebec towns, with incumbents ousted by fresh faces<\/a>. Article r\u00e9dig\u00e9 par Emilie Warren, paru sur le site de CBC Quebec, 2021\/11\/09<\/li>\n<li style=\"text-align: justify\"><strong>Personne-ressource<\/strong> &#8211; <a href=\"https:\/\/www.cbc.ca\/news\/canada\/montreal\/saguenay-municipal-elections-2021-1.6218209?fbclid=IwAR1YrFHz6_qSav-od0NrwicUSvzbS2C7_8x950ZkgG4H0fUU6N-MO0EIcfs\">Saguenay at a crossroads: 6 candidates say they&#8217;re the best mayor to shift economy toward the future<\/a>. Article r\u00e9dig\u00e9 par Emilie Warren, paru sur le site de CBC Quebec, 2021\/10\/22<\/li>\n<li style=\"text-align: justify\"><strong>Personne-ressource<\/strong> &#8211; <a href=\"https:\/\/www.ledevoir.com\/societe\/639624\/elections-municipales-saguenay-a-la-croisee-des-chemin\">Saguenay \u00ab\u00e0 la crois\u00e9e des chemins\u00bb? <\/a>Article r\u00e9dig\u00e9 par Isabelle Porter, paru dans le journal Le Devoir, 2021\/10\/12<\/li>\n<li style=\"text-align: justify\"><strong>Pan\u00e9liste \u00e0 une table-ronde<\/strong> &#8211;\u00a0 <a href=\"https:\/\/www.facebook.com\/derrajimonsef\/videos\/256476762267751\/\">Impacts de la r\u00e9forme du Programme de l&#8217;exp\u00e9rience qu\u00e9b\u00e9coise (P\u00c9Q)<\/a>. Anim\u00e9e par Monsef Derraji (D\u00e9put\u00e9 de Nelligan) &#8211; 2020-05-31<\/li>\n<li style=\"text-align: justify\"><strong>Conf\u00e9rence \u2013<\/strong> ma\u00eetrise en travail social (UQAC) Soci\u00e9t\u00e9, communication et propagande (cours TSO6001) &#8211; 2019\/03\/09<\/li>\n<li style=\"text-align: justify\"><strong>Conf\u00e9rence de l\u2019AECSSS-UQO \u00ab\u00a0D\u00e9velopper le nord du Qu\u00e9bec\u00a0?\u00a0\u00bb &#8211; <\/strong><em>Plan Nord\u00a0: bases et perspectives<\/em> \u2013 2016\/11\/28<\/li>\n<li style=\"text-align: justify\"><strong>3i\u00e8me rencontre-r\u00e9flexion de la TLPES de Jonqui\u00e8re &#8211; <\/strong><em>De l\u2019apprentissage individuel \u00e0 l\u2019apprentissage collectif \u2013 <\/em>2015\/06<\/li>\n<li style=\"text-align: justify\"><strong>Conf\u00e9rence \u2013 s\u00e9minaire (UQTR) &#8211;<\/strong> <em>D\u00e9veloppement r\u00e9gional, processus de communication et dialogue avec la soci\u00e9t\u00e9 civile (cours COM6007) \u2013 <\/em>2015\/01\/26<\/li>\n<li style=\"text-align: justify\"><strong>Conf\u00e9rence \u2013 <a href=\"https:\/\/saglac-chibougamauchapais.ftq.qc.ca\/actualites\/developper-a-partir-des-forces-de-la-region\/http:\/\">Congr\u00e8s r\u00e9gional FTQ<\/a> &#8211; <\/strong><em>Bilan, impacts et enjeux de la mondialisation au SLSJ \u2013 <\/em>2013\/06\/06<\/li>\n<li style=\"text-align: justify\"><strong>Forum-Caf\u00e9 \u2013<a href=\"https:\/\/www.forumsocial02.org\/\"> Forum social r\u00e9gional<\/a> &#8211; <\/strong><em>Doit-on prioriser la nationalisation des ressources naturelles ou les redevances r\u00e9gionales? (pan\u00e9liste) \u2013 <\/em>2012\/10<\/li>\n<li style=\"text-align: justify\"><strong><u>SEDER <\/u><\/strong><strong><a href=\"https:\/\/www.u-bordeaux.fr\/\">Universit\u00e9 Bordeaux IV<\/a> (France) \u2013 <\/strong><em>La mesure de l\u2019apprentissage collectif au sein des fili\u00e8res \u00e9nerg\u00e9tiques de la r\u00e9gion du SLSJ \u00a0&#8211; <\/em>2009\/06\/30<\/li>\n<\/ul>\n","protected":false},"excerpt":{"rendered":"<p>Vision 2025 \/ 2050 \u2013 Universit\u00e9 du Qu\u00e9bec \u00e0 Chicoutimi (UQAC) Forum r\u00e9gional sur l&#8217;enjeu du pacte social de l&#8217;aluminium &#8211; Les \u00e9nergies renouvelables au SLSJ &#8211; 2016\/09\/02 Forum r\u00e9gional agriculture nordique &#8211; Stimuler et mesurer l\u2019apprentissage collectif cr\u00e9neau de l&#8217;agriculture nordique &#8211; 2011\/05\/06 Forum relance \u00e9conomique r\u00e9gionale &#8211; L\u2019enjeu de l\u2019apprentissage collectif r\u00e9gional \u2013 &hellip; <a href=\"https:\/\/portfolio.uqac.ca\/christianbelanger\/communications\/\" class=\"more-link\">Continuer la lecture de <span class=\"screen-reader-text\">Communications<\/span>  <span class=\"meta-nav\">&rarr;<\/span><\/a><\/p>\n","protected":false},"author":140,"featured_media":0,"parent":0,"menu_order":0,"comment_status":"closed","ping_status":"closed","template":"","meta":{"footnotes":""},"tags":[9,7,6,10,8],"_links":{"self":[{"href":"https:\/\/portfolio.uqac.ca\/christianbelanger\/wp-json\/wp\/v2\/pages\/25"}],"collection":[{"href":"https:\/\/portfolio.uqac.ca\/christianbelanger\/wp-json\/wp\/v2\/pages"}],"about":[{"href":"https:\/\/portfolio.uqac.ca\/christianbelanger\/wp-json\/wp\/v2\/types\/page"}],"author":[{"embeddable":true,"href":"https:\/\/portfolio.uqac.ca\/christianbelanger\/wp-json\/wp\/v2\/users\/140"}],"replies":[{"embeddable":true,"href":"https:\/\/portfolio.uqac.ca\/christianbelanger\/wp-json\/wp\/v2\/comments?post=25"}],"version-history":[{"count":63,"href":"https:\/\/portfolio.uqac.ca\/christianbelanger\/wp-json\/wp\/v2\/pages\/25\/revisions"}],"predecessor-version":[{"id":307,"href":"https:\/\/portfolio.uqac.ca\/christianbelanger\/wp-json\/wp\/v2\/pages\/25\/revisions\/307"}],"wp:attachment":[{"href":"https:\/\/portfolio.uqac.ca\/christianbelanger\/wp-json\/wp\/v2\/media?parent=25"}],"wp:term":[{"taxonomy":"post_tag","embeddable":true,"href":"https:\/\/portfolio.uqac.ca\/christianbelanger\/wp-json\/wp\/v2\/tags?post=25"}],"curies":[{"name":"wp","href":"https:\/\/api.w.org\/{rel}","templated":true}]}}