{"id":4,"date":"2012-07-23T17:46:31","date_gmt":"2012-07-23T17:46:31","guid":{"rendered":"http:\/\/portfolio-pre.uqac.ca\/gabarit\/?page_id=4"},"modified":"2015-12-11T13:37:56","modified_gmt":"2015-12-11T18:37:56","slug":"presentatio","status":"publish","type":"page","link":"https:\/\/portfolio.uqac.ca\/christianbelanger\/","title":{"rendered":"Pr\u00e9sentation"},"content":{"rendered":"<h2>Christian B\u00e9langer, Ph.D<\/h2>\n<p>Charg\u00e9 de cours au d\u00e9partement des sciences humaines et sociales<\/p>\n<h2>Champs d&#8217;int\u00e9r\u00eat<\/h2>\n<ul>\n<li>D\u00e9veloppement r\u00e9gional<\/li>\n<li>Communication sociale<\/li>\n<li>Sociologie<\/li>\n<li>Apprentissage collectif<\/li>\n<li>Intervention et mobilisation collective<\/li>\n<\/ul>\n<p>&nbsp;<\/p>\n","protected":false},"excerpt":{"rendered":"<p>Christian B\u00e9langer, Ph.D Charg\u00e9 de cours au d\u00e9partement des sciences humaines et sociales Champs d&#8217;int\u00e9r\u00eat D\u00e9veloppement r\u00e9gional Communication sociale Sociologie Apprentissage collectif Intervention et mobilisation collective &nbsp;<\/p>\n","protected":false},"author":140,"featured_media":0,"parent":0,"menu_order":0,"comment_status":"closed","ping_status":"closed","template":"","meta":{"footnotes":""},"tags":[9,7,6,10,8],"_links":{"self":[{"href":"https:\/\/portfolio.uqac.ca\/christianbelanger\/wp-json\/wp\/v2\/pages\/4"}],"collection":[{"href":"https:\/\/portfolio.uqac.ca\/christianbelanger\/wp-json\/wp\/v2\/pages"}],"about":[{"href":"https:\/\/portfolio.uqac.ca\/christianbelanger\/wp-json\/wp\/v2\/types\/page"}],"author":[{"embeddable":true,"href":"https:\/\/portfolio.uqac.ca\/christianbelanger\/wp-json\/wp\/v2\/users\/140"}],"replies":[{"embeddable":true,"href":"https:\/\/portfolio.uqac.ca\/christianbelanger\/wp-json\/wp\/v2\/comments?post=4"}],"version-history":[{"count":15,"href":"https:\/\/portfolio.uqac.ca\/christianbelanger\/wp-json\/wp\/v2\/pages\/4\/revisions"}],"predecessor-version":[{"id":93,"href":"https:\/\/portfolio.uqac.ca\/christianbelanger\/wp-json\/wp\/v2\/pages\/4\/revisions\/93"}],"wp:attachment":[{"href":"https:\/\/portfolio.uqac.ca\/christianbelanger\/wp-json\/wp\/v2\/media?parent=4"}],"wp:term":[{"taxonomy":"post_tag","embeddable":true,"href":"https:\/\/portfolio.uqac.ca\/christianbelanger\/wp-json\/wp\/v2\/tags?post=4"}],"curies":[{"name":"wp","href":"https:\/\/api.w.org\/{rel}","templated":true}]}}