{"id":166,"date":"2019-10-16T11:42:22","date_gmt":"2019-10-16T15:42:22","guid":{"rendered":"http:\/\/portfolio-pre.uqac.ca\/christianebergeronleclerc\/?page_id=166"},"modified":"2024-11-11T11:16:00","modified_gmt":"2024-11-11T16:16:00","slug":"rapports-de-recherche","status":"publish","type":"page","link":"https:\/\/portfolio.uqac.ca\/christianebergeronleclerc\/rapports-de-recherche\/","title":{"rendered":"Rapports de recherche"},"content":{"rendered":"<p>Tremblay, J., Mailloux, A.-S., Savard, J., Tremblay, S., Bergeron-Leclerc, C., C\u00f4t\u00e9, C. et Boivin, S. (2024).\u00a0<a href=\"https:\/\/constellation.uqac.ca\/id\/eprint\/9797\/\"><em>Favoriser l\u2019inclusion socioprofessionnelle des personnes \u00e9loign\u00e9es ou tr\u00e8s \u00e9loign\u00e9es du march\u00e9 du travail : projet de recherche-action avec l\u2019entreprise d\u2019insertion \u00c9quitem.<\/em><\/a>\u00a0GRIR.<\/p>\n<p>Tremblay, J., Mailloux, A.-S., Savard, J., Tremblay, S., Bergeron-Leclerc, C., C\u00f4t\u00e9, C. et Boivin, S. (2023).\u00a0<a href=\"https:\/\/constellation.uqac.ca\/id\/eprint\/9689\/\"><em>Rapport-synth\u00e8se : favoriser l&#8217;inclusion socioprofessionnelle des personnes \u00e9loign\u00e9es ou tr\u00e8s \u00e9loign\u00e9es du march\u00e9 du travail : projet de recherche-action avec l&#8217;entreprise d&#8217;insertion \u00c9quitem.<\/em><\/a>\u00a0Universit\u00e9 du Qu\u00e9bec \u00e0 Chicoutimi, \u00c9quitem.<\/p>\n<p>Boily, E., Tremblay, M., Bergeron-Leclerc, C., Maltais, D., Cherblanc, J., Pouliot, E., Dion, J., Bernard, S., Dub\u00e9, M., Gravel, A.-R., Grenier, J., Labra, O., Maillet, L., Marchand, A.-A., Morin, M.-H., Ouellet-Plamondon, C., Vaillancourt, C. et Vaillancourt-Morel, M.-P. (2022).<a href=\"https:\/\/constellation.uqac.ca\/id\/eprint\/8055\/1\/RAPPORTFINAL_FQPPU_OCTOBRE2022.pdf\" target=\"_blank\" rel=\"noopener\">\u00a0<\/a><em><a href=\"https:\/\/constellation.uqac.ca\/id\/eprint\/8055\/1\/RAPPORTFINAL_FQPPU_OCTOBRE2022.pdf\" target=\"_blank\" rel=\"noopener\">Les cons\u00e9quences de la pand\u00e9mie sur la sant\u00e9 globale des professeures et des professeurs universitaires<\/a>.<\/em>\u00a0Universit\u00e9 du Qu\u00e9bec \u00e0 Chicoutimi (UQAC).<\/p>\n<p>Laguna Mu\u00f1oz, I., Cloutier, I., Mercure, C., Boily, E., LeTellier, A., Trottier, A.-S., Blackburn, A., Tremblay, M., Bergeron-Leclerc, C., Bradette-H\u00e9bert, M.-E., Gauthier, J., Imbeault, M. et Simard, \u00c8. (2022).\u00a0<em><a href=\"https:\/\/constellation.uqac.ca\/id\/eprint\/8475\/1\/Cartographie_SM_finale_2dec2022.pdf\" target=\"_blank\" rel=\"noopener\">Cartographie des mesures de soutien \u00e0 la sant\u00e9 mentale des \u00e9tudiant.es et des employ\u00e9.es de l\u2019UQAC<\/a>.<\/em><\/p>\n<p>Tremblay, M., Bergeron-Leclerc, C., Mercure, C., Boily, E., Julien, S., Cloutier, I., LeTellier, A., Trottier, A.-S., Blackburn, A., C\u00f4t\u00e9, R., Cherblanc, J., Dion, J., Langelier, M.-\u00c8., Maltais, D., Paquette, L., Pouliot, E. et Riffon, O. (2022).\u00a0<em><a href=\"https:\/\/constellation.uqac.ca\/id\/eprint\/8474\/1\/Rapportfinal-LabVivantUQAC-13dec2022.pdf\" target=\"_blank\" rel=\"noopener\">Sant\u00e9 mentale et population universitaire : un laboratoire-vivant au service de la communaut\u00e9 : rapport de recherche<\/a>.<\/em><\/p>\n<p>Bergeron-Leclerc, C. et Tremblay, P.-A. (2019).\u00a0<a href=\"https:\/\/santesaglac.gouv.qc.ca\/wp-content\/uploads\/2019\/04\/Rapport-final-itinerance-24-janvier-2019.pdf\"><em>\u00c9tude sur le ph\u00e9nom\u00e8ne de l\u2019itin\u00e9rance au Saguenay-Lac-St-Jean. Rapport final<\/em><\/a>.<\/p>\n<p>Bergeron-Leclerc, C., Tremblay, P.-A., Bisson, M. et Maltais-Th\u00e9riault, C. (2019).\u00a0<em><a href=\"https:\/\/santesaglac.gouv.qc.ca\/wp-content\/uploads\/2019\/04\/Itinerance-Rapport-intervenants.pdf\">\u00c9tude sur le ph\u00e9nom\u00e8ne de l\u2019itin\u00e9rance au Saguenay-Lac-St-Jean. Rapport 1. Collecte de donn\u00e9es aupr\u00e8s des intervenants<\/a>.\u00a0<\/em><\/p>\n<p>Bergeron-Leclerc, C., Tremblay, P.-A., Bisson, M. et Maltais-Th\u00e9riault, C. (2019).\u00a0<a href=\"https:\/\/santesaglac.gouv.qc.ca\/wp-content\/uploads\/2019\/04\/Itinerance-Rapport-PSI.pdf\"><em>\u00c9tude sur le ph\u00e9nom\u00e8ne de l\u2019itin\u00e9rance au Saguenay-Lac-St-Jean. Rapport 2. Collecte de donn\u00e9es aupr\u00e8s des personnes en situation d\u2019itin\u00e9rance<\/em><\/a>.<\/p>\n<p>Bergeron-Leclerc, C., Richard, M.-C., Tremblay, M., Robert, \u00c9., Dufour, M., &amp; Plante, A. (2015). \u00c9valuation du processus et des effets du Groupe J\u2019en Barque du Centre jeunesse du Saguenay-Lac-St-Jean.\u00a0 Chicoutimi\u00a0: Centre jeunesse du Saguenay-Lac-St-Jean.<\/p>\n<p>Pouliot, E.,\u00a0Bergeron-Leclerc, C., Dessureault-Pelletier, M., Veronneau, A., Lapointe, K., &amp; Pedneault, C. (2010).\u00a0<em>\u00c9valuation du programme\u00a0: Intervention en toxicomanie aupr\u00e8s des jeunes marginalis\u00e9s de 18 \u00e0 30 ans dans les maisons de chambre du centre-ville de Chicoutimi<\/em>.\u00a0 Chicoutimi. GRIR.\u00a0 Collection Innovation sociale.\u00a0 ISBN\u00a0: 978-2-923095-38-7.<\/p>\n","protected":false},"excerpt":{"rendered":"<p>Tremblay, J., Mailloux, A.-S., Savard, J., Tremblay, S., Bergeron-Leclerc, C., C\u00f4t\u00e9, C. et Boivin, S. (2024).\u00a0Favoriser l\u2019inclusion socioprofessionnelle des personnes \u00e9loign\u00e9es ou tr\u00e8s \u00e9loign\u00e9es du march\u00e9 du travail : projet de recherche-action avec l\u2019entreprise d\u2019insertion \u00c9quitem.\u00a0GRIR. Tremblay, J., Mailloux, A.-S., Savard, J., Tremblay, S., Bergeron-Leclerc, C., C\u00f4t\u00e9, C. et Boivin, S. (2023).\u00a0Rapport-synth\u00e8se : favoriser l&#8217;inclusion &hellip; <a href=\"https:\/\/portfolio.uqac.ca\/christianebergeronleclerc\/rapports-de-recherche\/\" class=\"more-link\">Continuer la lecture de <span class=\"screen-reader-text\">Rapports de recherche<\/span>  <span class=\"meta-nav\">&rarr;<\/span><\/a><\/p>\n","protected":false},"author":282,"featured_media":0,"parent":0,"menu_order":0,"comment_status":"closed","ping_status":"closed","template":"","meta":{"footnotes":""},"tags":[],"_links":{"self":[{"href":"https:\/\/portfolio.uqac.ca\/christianebergeronleclerc\/wp-json\/wp\/v2\/pages\/166"}],"collection":[{"href":"https:\/\/portfolio.uqac.ca\/christianebergeronleclerc\/wp-json\/wp\/v2\/pages"}],"about":[{"href":"https:\/\/portfolio.uqac.ca\/christianebergeronleclerc\/wp-json\/wp\/v2\/types\/page"}],"author":[{"embeddable":true,"href":"https:\/\/portfolio.uqac.ca\/christianebergeronleclerc\/wp-json\/wp\/v2\/users\/282"}],"replies":[{"embeddable":true,"href":"https:\/\/portfolio.uqac.ca\/christianebergeronleclerc\/wp-json\/wp\/v2\/comments?post=166"}],"version-history":[{"count":5,"href":"https:\/\/portfolio.uqac.ca\/christianebergeronleclerc\/wp-json\/wp\/v2\/pages\/166\/revisions"}],"predecessor-version":[{"id":363,"href":"https:\/\/portfolio.uqac.ca\/christianebergeronleclerc\/wp-json\/wp\/v2\/pages\/166\/revisions\/363"}],"wp:attachment":[{"href":"https:\/\/portfolio.uqac.ca\/christianebergeronleclerc\/wp-json\/wp\/v2\/media?parent=166"}],"wp:term":[{"taxonomy":"post_tag","embeddable":true,"href":"https:\/\/portfolio.uqac.ca\/christianebergeronleclerc\/wp-json\/wp\/v2\/tags?post=166"}],"curies":[{"name":"wp","href":"https:\/\/api.w.org\/{rel}","templated":true}]}}