{"id":4,"date":"2012-07-23T17:46:31","date_gmt":"2012-07-23T17:46:31","guid":{"rendered":"http:\/\/portfolio-pre.uqac.ca\/gabarit\/?page_id=4"},"modified":"2026-03-02T07:42:47","modified_gmt":"2026-03-02T12:42:47","slug":"presentatio","status":"publish","type":"page","link":"https:\/\/portfolio.uqac.ca\/christianebergeronleclerc\/","title":{"rendered":"Pr\u00e9sentation"},"content":{"rendered":"<p>Christiane Bergeron-Leclerc, Ph.D., Docteure en service social, est professeure \u00e0 l\u2019Unit\u00e9 d\u2019enseignement en travail social de l\u2019Universit\u00e9 du Qu\u00e9bec \u00e0 Chicoutimi. Travailleuse sociale de formation, elle a \u0153uvr\u00e9 au sein d\u2019un h\u00f4pital psychiatrique, faisant de la \u00ab\u00a0sant\u00e9 mentale\u00a0\u00bb son champ de pr\u00e9dilection.\u00a0 En continuit\u00e9 avec son parcours clinique, elle s\u2019int\u00e9resse en tant que chercheure, aux pratiques psychosociales (ou compl\u00e9mentaires \u00e0 l\u2019intervention) qui s\u2019inscrivent en soutien au processus de r\u00e9tablissement des personnes ayant des probl\u00e8mes de sant\u00e9 mentale ou des troubles mentaux diagnostiqu\u00e9s.<\/p>\n<h2>Champs d&#8217;int\u00e9r\u00eat<\/h2>\n<p>Travail social et sant\u00e9 mentale, inclusion sociale et r\u00e9tablissement, itin\u00e9rance, approche centr\u00e9e sur les forces, approches alternatives et novatrices en sant\u00e9 mentale, \u00e9tudiants universitaires, \u00e9tudiants en situation de handicap,\u00a0spiritualit\u00e9, COVID-19, scoping review.<\/p>\n<h2>Nouvelle parution<\/h2>\n<p>La r\u00e9\u00e9dition de l&#8217;ouvrage &#8220;<a href=\"https:\/\/www.puq.ca\/catalogue\/livres\/pratique-travail-social-sante-mentale-edition-4275.html?fbclid=IwY2xjawQSZDZleHRuA2FlbQIxMABicmlkETJ3cjZyVlhGOG16WDR3Qzlqc3J0YwZhcHBfaWQQMjIyMDM5MTc4ODIwMDg5MgABHkdnNCg04piUl29V4BxjhDkaNl_0KJSznaBYWGt9AmgqonEO7cAWjHWWhvNG_aem_MRCiz3pw_tID9NHPCAMKgw\">La pratique du travail social en sant\u00e9 mentale : apprendre, comprendre, s&#8217;engager<\/a>&#8221; est disponible depuis le 25 f\u00e9vrier 2026.<\/p>\n<p style=\"text-align: left\"><img class=\"alignright size-medium wp-image-145\" \/>Cette nouvelle version comprend un chapitre in\u00e9dit ainsi qu\u2019une r\u00e9vision compl\u00e8te et approfondie de l\u2019ensemble des chapitres de la premi\u00e8re \u00e9dition, afin d\u2019actualiser les contenus et de refl\u00e9ter les r\u00e9alit\u00e9s contemporaines de la pratique.<\/p>\n<div class=\"x14z9mp xat24cr x1lziwak x1vvkbs xtlvy1s x126k92a\">\n<div dir=\"auto\">Un ouvrage repens\u00e9, enrichi et plus que jamais ancr\u00e9 dans les enjeux actuels du travail social en sant\u00e9 mentale.<\/p>\n<\/div>\n<\/div>\n<div dir=\"auto\"><a href=\"https:\/\/www.puq.ca\/catalogue\/livres\/pratique-travail-social-sante-mentale-edition-4275.html?fbclid=IwY2xjawQSZDZleHRuA2FlbQIxMABicmlkETJ3cjZyVlhGOG16WDR3Qzlqc3J0YwZhcHBfaWQQMjIyMDM5MTc4ODIwMDg5MgABHkdnNCg04piUl29V4BxjhDkaNl_0KJSznaBYWGt9AmgqonEO7cAWjHWWhvNG_aem_MRCiz3pw_tID9NHPCAMKgw\"><img loading=\"lazy\" decoding=\"async\" class=\"alignnone size-medium wp-image-398\" src=\"https:\/\/portfolio.uqac.ca\/christianebergeronleclerc\/files\/2026\/03\/TSSM2eedit-200x300.jpg\" alt=\"\" width=\"200\" height=\"300\" srcset=\"https:\/\/portfolio.uqac.ca\/christianebergeronleclerc\/files\/2026\/03\/TSSM2eedit-200x300.jpg 200w, https:\/\/portfolio.uqac.ca\/christianebergeronleclerc\/files\/2026\/03\/TSSM2eedit.jpg 526w\" sizes=\"(max-width: 200px) 100vw, 200px\" \/><\/a><\/div>\n<div dir=\"auto\"><\/div>\n<div dir=\"auto\"><\/div>\n","protected":false},"excerpt":{"rendered":"<p>Christiane Bergeron-Leclerc, Ph.D., Docteure en service social, est professeure \u00e0 l\u2019Unit\u00e9 d\u2019enseignement en travail social de l\u2019Universit\u00e9 du Qu\u00e9bec \u00e0 Chicoutimi. Travailleuse sociale de formation, elle a \u0153uvr\u00e9 au sein d\u2019un h\u00f4pital psychiatrique, faisant de la \u00ab\u00a0sant\u00e9 mentale\u00a0\u00bb son champ de pr\u00e9dilection.\u00a0 En continuit\u00e9 avec son parcours clinique, elle s\u2019int\u00e9resse en tant que chercheure, aux &hellip; <a href=\"https:\/\/portfolio.uqac.ca\/christianebergeronleclerc\/\" class=\"more-link\">Continuer la lecture de <span class=\"screen-reader-text\">Pr\u00e9sentation<\/span>  <span class=\"meta-nav\">&rarr;<\/span><\/a><\/p>\n","protected":false},"author":125,"featured_media":0,"parent":0,"menu_order":0,"comment_status":"closed","ping_status":"closed","template":"","meta":{"footnotes":""},"tags":[],"_links":{"self":[{"href":"https:\/\/portfolio.uqac.ca\/christianebergeronleclerc\/wp-json\/wp\/v2\/pages\/4"}],"collection":[{"href":"https:\/\/portfolio.uqac.ca\/christianebergeronleclerc\/wp-json\/wp\/v2\/pages"}],"about":[{"href":"https:\/\/portfolio.uqac.ca\/christianebergeronleclerc\/wp-json\/wp\/v2\/types\/page"}],"author":[{"embeddable":true,"href":"https:\/\/portfolio.uqac.ca\/christianebergeronleclerc\/wp-json\/wp\/v2\/users\/125"}],"replies":[{"embeddable":true,"href":"https:\/\/portfolio.uqac.ca\/christianebergeronleclerc\/wp-json\/wp\/v2\/comments?post=4"}],"version-history":[{"count":31,"href":"https:\/\/portfolio.uqac.ca\/christianebergeronleclerc\/wp-json\/wp\/v2\/pages\/4\/revisions"}],"predecessor-version":[{"id":400,"href":"https:\/\/portfolio.uqac.ca\/christianebergeronleclerc\/wp-json\/wp\/v2\/pages\/4\/revisions\/400"}],"wp:attachment":[{"href":"https:\/\/portfolio.uqac.ca\/christianebergeronleclerc\/wp-json\/wp\/v2\/media?parent=4"}],"wp:term":[{"taxonomy":"post_tag","embeddable":true,"href":"https:\/\/portfolio.uqac.ca\/christianebergeronleclerc\/wp-json\/wp\/v2\/tags?post=4"}],"curies":[{"name":"wp","href":"https:\/\/api.w.org\/{rel}","templated":true}]}}