{"id":18,"date":"2022-08-04T14:19:53","date_gmt":"2022-08-04T18:19:53","guid":{"rendered":"http:\/\/portfolio-pre.uqac.ca\/gabarit\/?page_id=18"},"modified":"2022-08-04T15:13:19","modified_gmt":"2022-08-04T19:13:19","slug":"enseignement","status":"publish","type":"page","link":"https:\/\/portfolio.uqac.ca\/christianmercure\/enseignement\/","title":{"rendered":"Enseignement"},"content":{"rendered":"<h4><a href=\"https:\/\/www.uqac.ca\/programme\/1597\/\">Dipl\u00f4me d\u2019\u00e9tudes sup\u00e9rieures sp\u00e9cialis\u00e9es en intervention nature et aventure<\/a><\/h4>\n<ul>\n<li><a href=\"https:\/\/cours.uqac.ca\/4INA601\">4INA601<\/a>\u00a0: Laboratoire sp\u00e9cifique aux INA<\/li>\n<li><span style=\"line-height: 1.5\"><a href=\"https:\/\/cours.uqac.ca\/4INA603\">4INA603<\/a> :\u00a0Fondements et philosophies de l\u2019INA<\/span><\/li>\n<li><span style=\"line-height: 1.5\"><a href=\"https:\/\/cours.uqac.ca\/4INA615\">4INA615<\/a> : Lectures dirig\u00e9es<\/span><\/li>\n<li><span style=\"line-height: 1.5\"><a href=\"https:\/\/cours.uqac.ca\/4INA617\">4INA617<\/a> : Conception et \u00e9laboration de programmes d&#8217;INA<\/span><\/li>\n<li><span style=\"line-height: 1.5\"><a href=\"https:\/\/cours.uqac.ca\/4INA619\">4INA619<\/a> : R\u00e9alisation et \u00e9valuation de programmes d&#8217;INA<\/span><\/li>\n<\/ul>\n<h4><a href=\"https:\/\/www.uqac.ca\/programme\/7309\/\">Baccalaur\u00e9at en intervention plein air<\/a><\/h4>\n<ul>\n<li><span style=\"line-height: 1.5\"><a href=\"https:\/\/cours.uqac.ca\/4ipa347\">4INA347<\/a> : Intervention \u00e9ducative par la nature et l\u2019aventure<\/span><\/li>\n<li><span style=\"line-height: 1.5\"><a href=\"https:\/\/cours.uqac.ca\/4ipa329\">4IPA329<\/a> : Intervention d\u2019urgence II<\/span><\/li>\n<li><a href=\"https:\/\/cours.uqac.ca\/4ipa408\">4IPA408<\/a> : Projet de sp\u00e9cialisation en plein air<\/li>\n<\/ul>\n","protected":false},"excerpt":{"rendered":"<p>Dipl\u00f4me d\u2019\u00e9tudes sup\u00e9rieures sp\u00e9cialis\u00e9es en intervention nature et aventure 4INA601\u00a0: Laboratoire sp\u00e9cifique aux INA 4INA603 :\u00a0Fondements et philosophies de l\u2019INA 4INA615 : Lectures dirig\u00e9es 4INA617 : Conception et \u00e9laboration de programmes d&#8217;INA 4INA619 : R\u00e9alisation et \u00e9valuation de programmes d&#8217;INA Baccalaur\u00e9at en intervention plein air 4INA347 : Intervention \u00e9ducative par la nature et l\u2019aventure 4IPA329 &hellip; <a href=\"https:\/\/portfolio.uqac.ca\/christianmercure\/enseignement\/\" class=\"more-link\">Continuer la lecture de <span class=\"screen-reader-text\">Enseignement<\/span>  <span class=\"meta-nav\">&rarr;<\/span><\/a><\/p>\n","protected":false},"author":89,"featured_media":0,"parent":0,"menu_order":0,"comment_status":"closed","ping_status":"closed","template":"","meta":{"footnotes":""},"tags":[],"_links":{"self":[{"href":"https:\/\/portfolio.uqac.ca\/christianmercure\/wp-json\/wp\/v2\/pages\/18"}],"collection":[{"href":"https:\/\/portfolio.uqac.ca\/christianmercure\/wp-json\/wp\/v2\/pages"}],"about":[{"href":"https:\/\/portfolio.uqac.ca\/christianmercure\/wp-json\/wp\/v2\/types\/page"}],"author":[{"embeddable":true,"href":"https:\/\/portfolio.uqac.ca\/christianmercure\/wp-json\/wp\/v2\/users\/89"}],"replies":[{"embeddable":true,"href":"https:\/\/portfolio.uqac.ca\/christianmercure\/wp-json\/wp\/v2\/comments?post=18"}],"version-history":[{"count":6,"href":"https:\/\/portfolio.uqac.ca\/christianmercure\/wp-json\/wp\/v2\/pages\/18\/revisions"}],"predecessor-version":[{"id":183,"href":"https:\/\/portfolio.uqac.ca\/christianmercure\/wp-json\/wp\/v2\/pages\/18\/revisions\/183"}],"wp:attachment":[{"href":"https:\/\/portfolio.uqac.ca\/christianmercure\/wp-json\/wp\/v2\/media?parent=18"}],"wp:term":[{"taxonomy":"post_tag","embeddable":true,"href":"https:\/\/portfolio.uqac.ca\/christianmercure\/wp-json\/wp\/v2\/tags?post=18"}],"curies":[{"name":"wp","href":"https:\/\/api.w.org\/{rel}","templated":true}]}}