{"id":4,"date":"2022-08-04T14:19:53","date_gmt":"2022-08-04T18:19:53","guid":{"rendered":"http:\/\/portfolio-pre.uqac.ca\/gabarit\/?page_id=4"},"modified":"2022-08-05T14:42:40","modified_gmt":"2022-08-05T18:42:40","slug":"presentatio","status":"publish","type":"page","link":"https:\/\/portfolio.uqac.ca\/christianmercure\/","title":{"rendered":"Pr\u00e9sentation"},"content":{"rendered":"<h2>Christian Mercure<\/h2>\n<p>Professeur \u00e0 l\u2019Unit\u00e9 d\u2019enseignement en intervention plein air au <a href=\"https:\/\/www.uqac.ca\/departements\/dsh\/\">D\u00e9partement des sciences humaines et sociales<\/a> de l\u2019<a href=\"https:\/\/www.uqac.ca\/\">Universit\u00e9 du Qu\u00e9bec \u00e0 Chicoutimi<\/a><\/p>\n<p>Directeur du <a href=\"https:\/\/www.uqac.ca\/programme\/1597-dess-en-intervention\/\">DESS en intervention nature et aventure<\/a><\/p>\n<p>Membre du <a href=\"https:\/\/lerpa.uqac.ca\/\">Laboratoire d\u2019expertise et de recherche en plein air<\/a> (LERPA)<\/p>\n<p>Membre du\u00a0<a href=\"https:\/\/lereseau.co\/\">R\u00e9seau pour une intervention psychosociale par le sport et le plein air<\/a><\/p>\n<p>Membre de la <a href=\"https:\/\/www.fse.ulaval.ca\/cree\/qui-sommes-nous\/\">Communaut\u00e9 de recherche et d\u2019entraide en \u00e9ducation<\/a> (CRE\u00c9)<\/p>\n<h2>Champs d&#8217;int\u00e9r\u00eat<\/h2>\n<p>\u00c9laboration, implantation et \u00e9valuation de programmes d\u2019intervention en contexte de plein air (intervention en contexte de nature et d\u2019aventure (INA), <em>outdoor adventure education<\/em>, <em>adventure therapy<\/em>, etc.)<\/p>\n<p>\u00c9ducation et plein air<\/p>\n<p>S\u00e9curit\u00e9 et intervention d\u2019urgence en plein air (planification et encadrement de sorties en plein air, gestion des risques, recherche et sauvetage, etc.).<\/p>\n<hr \/>\n<p><a href=\"https:\/\/www.youtube.com\/watch?v=QxTvnmjqvxc\">https:\/\/www.youtube.com\/watch?v=QxTvnmjqvxc<\/a><\/p>\n<p><a href=\"https:\/\/www.youtube.com\/watch?v=40t72EYYWqw\">https:\/\/www.youtube.com\/watch?v=40t72EYYWqw<\/a><\/p>\n<p><a href=\"https:\/\/www.youtube.com\/watch?v=sw6cOFXq-dM\">https:\/\/www.youtube.com\/watch?v=sw6cOFXq-dM<\/a><\/p>\n","protected":false},"excerpt":{"rendered":"<p>Christian Mercure Professeur \u00e0 l\u2019Unit\u00e9 d\u2019enseignement en intervention plein air au D\u00e9partement des sciences humaines et sociales de l\u2019Universit\u00e9 du Qu\u00e9bec \u00e0 Chicoutimi Directeur du DESS en intervention nature et aventure Membre du Laboratoire d\u2019expertise et de recherche en plein air (LERPA) Membre du\u00a0R\u00e9seau pour une intervention psychosociale par le sport et le plein air &hellip; <a href=\"https:\/\/portfolio.uqac.ca\/christianmercure\/\" class=\"more-link\">Continuer la lecture de <span class=\"screen-reader-text\">Pr\u00e9sentation<\/span>  <span class=\"meta-nav\">&rarr;<\/span><\/a><\/p>\n","protected":false},"author":89,"featured_media":0,"parent":0,"menu_order":0,"comment_status":"closed","ping_status":"closed","template":"","meta":{"footnotes":""},"tags":[],"_links":{"self":[{"href":"https:\/\/portfolio.uqac.ca\/christianmercure\/wp-json\/wp\/v2\/pages\/4"}],"collection":[{"href":"https:\/\/portfolio.uqac.ca\/christianmercure\/wp-json\/wp\/v2\/pages"}],"about":[{"href":"https:\/\/portfolio.uqac.ca\/christianmercure\/wp-json\/wp\/v2\/types\/page"}],"author":[{"embeddable":true,"href":"https:\/\/portfolio.uqac.ca\/christianmercure\/wp-json\/wp\/v2\/users\/89"}],"replies":[{"embeddable":true,"href":"https:\/\/portfolio.uqac.ca\/christianmercure\/wp-json\/wp\/v2\/comments?post=4"}],"version-history":[{"count":17,"href":"https:\/\/portfolio.uqac.ca\/christianmercure\/wp-json\/wp\/v2\/pages\/4\/revisions"}],"predecessor-version":[{"id":241,"href":"https:\/\/portfolio.uqac.ca\/christianmercure\/wp-json\/wp\/v2\/pages\/4\/revisions\/241"}],"wp:attachment":[{"href":"https:\/\/portfolio.uqac.ca\/christianmercure\/wp-json\/wp\/v2\/media?parent=4"}],"wp:term":[{"taxonomy":"post_tag","embeddable":true,"href":"https:\/\/portfolio.uqac.ca\/christianmercure\/wp-json\/wp\/v2\/tags?post=4"}],"curies":[{"name":"wp","href":"https:\/\/api.w.org\/{rel}","templated":true}]}}