{"id":145,"date":"2019-03-07T12:45:28","date_gmt":"2019-03-07T17:45:28","guid":{"rendered":"http:\/\/portfolio-pre.uqac.ca\/daniellemaltais\/?page_id=145"},"modified":"2019-03-07T12:45:28","modified_gmt":"2019-03-07T17:45:28","slug":"rapports-de-recherche","status":"publish","type":"page","link":"https:\/\/portfolio.uqac.ca\/daniellemaltais\/rapports-de-recherche\/","title":{"rendered":"Rapports de recherche"},"content":{"rendered":"<p>Maltais, D., Pouliot, E., Petit, G. et collaborateurs (2017). Le portrait des jeunes de la communaut\u00e9 de Lac-M\u00e9gantic. Vision sant\u00e9 publique. Num\u00e9ro 40, octobre. 9 pages<br \/>\nhttps:\/\/www.santeestrie.qc.ca\/clients\/CIUSSSE-CHUS\/medias-publications\/publication\/bulletin\/vision-sante-publique\/2017\/40_Vision_sante_publique_Portrait_Jeunes_Lac-Megantic.pdf<\/p>\n<p>*Maltais, D., Pouliot, E., Petit, G. et collaborateurs (2017). Portrait of the Community of Lac-M\u00e9gantic\u2019s Youth. Vision sant\u00e9 publique. Num\u00e9ro 40, octobre. 9 pages<br \/>\nhttps:\/\/www.santeestrie.qc.ca\/clients\/CIUSSSE-CHUS\/medias-publications\/publication\/bulletin\/vision-sante-publique\/2017\/40_Vision_sante_publique_Portrait_JeunesL-M_ang.pdf<\/p>\n<p>Cr\u00eate, A., Paquette, L., Maltais, D. (2017). \u00c9tude qualitative du lien entre les attentes pr\u00e9alables et les retomb\u00e9es de la participation \u00e0 une exp\u00e9dition th\u00e9rapeutique chez les adolescents atteints de cancer. Saguenay : GRIR\/UQAC. <\/p>\n<p> Sous la direction de Fall, M., Maltais, D., Tremblay, S. (2017). Vivre ensemble dans les r\u00e9gions du Qu\u00e9bec : d\u00e9fis et enjeux contemporains. Saguenay : GRIR\/UQAC.<\/p>\n<p>*G\u00e9n\u00e9reux, M., Maltais, D (2017). Three Years After the Tragedy: How the Le Granit Community is Coping? Vision sant\u00e9 publique. Num\u00e9ro 34. 8 pages<br \/>\nhttps:\/\/www.santeestrie.qc.ca\/clients\/CIUSSSE-CHUS\/medias-publications\/publication\/bulletin\/vision-sante-publique\/2017\/34_Vision_sante_publique_Lac-Megantic_enquete_ENG.pdf<\/p>\n<p>*G\u00e9n\u00e9raux, M., Maltais, D. (2017). Plus de trois ans apr\u00e8s la trag\u00e9die : comment la communaut\u00e9 du Granit se porte-t-elle ?  Vision sant\u00e9 publique. Num\u00e9ro 34. 8 pages<br \/>\nhttps:\/\/www.santeestrie.qc.ca\/clients\/CIUSSSE-CHUS\/medias-publications\/publication\/bulletin\/vision-sante-publique\/2017\/34_Vision_sante_publique_Lac-Megantic_enquete_3.pdf<\/p>\n<p>*Camelo, C. Dub\u00e9, M. Maltais D. (2016). Portrait des pratiques de m\u00e9diation culturelle au Saguenay-Lac-Saint-Jean. Saguenay : Conf\u00e9rence r\u00e9gionale des \u00c9lus.<\/p>\n<p>*Maltais, D., N\u00e9ron J. et coll. (2016). L\u2019intervention de milieu aupr\u00e8s des a\u00een\u00e9s en situation de vuln\u00e9rabilit\u00e9 : l\u2019exp\u00e9rience de trois communaut\u00e9s du Saguenay\u2013Lac-Saint-Jean. Saguenay : GRIR\/UQAC et Montr\u00e9al : CRISES <\/p>\n<p>*Sous la direction de Maltais, D., Tremblay, S., Jean, C., Bonneau, J-A., Pelletier, G. (2016). Les visages de l\u2019action communautaire autonome. Saguenay : GRIR\/UQAC.<\/p>\n<p>Sous la direction de Roche, M., Tremblay, S., Maltais, D. (2016). Aust\u00e9rit\u00e9 budg\u00e9taire et d\u00e9mocratie : Quels enjeux pour les r\u00e9gions ? Saguenay : GRIR\/UQAC.<\/p>\n<p>*Gauthier, S., Maltais, D. en collaboration avec Racine, J., Tremblay, A., Laforest, C., N\u00e9ron, C. (2012). Faits saillants du rapport de recherche intitul\u00e9 : M\u00e9canismes de gestion et strat\u00e9gies utilis\u00e9s par les centres d\u2019\u00e9coute et d\u2019intervention t\u00e9l\u00e9phonique aupr\u00e8s des appelants r\u00e9gulier, Saguenay : CSSS de Lac-Saint-Jean-Est\/Groupe de recherche et d\u2019intervention r\u00e9gionales\/UQAC, Qu\u00e9bec. <\/p>\n<p>*Maltais, D. (2011). Les personnes \u00e2g\u00e9es d\u00e9pendantes et leurs proches : maintenir \u00e0 domicile, mais \u00e0 quel prix ? Saguenay : GRIR\/UQAC. <\/p>\n<p>*Plante, A. Roy, E. Maltais, D. Tremblay, M., Hall\u00e9e Y. (2011). Femmes autochtones et gouvernance : Br\u00e8ve recension des \u00e9crits. Saguenay, GRIR-UQAC.<\/p>\n<p>Bourque, D., Lachapelle, R., Savard, S., Tremblay, M., Maltais, D., (2011). La cr\u00e9ation des CSSS sur les pratiques partenariales, psychosociales et communautaires. Rapport de recherche publi\u00e9 conjointement par la Chaire de recherche du Canada en organisation communautaire (CRCOC), l\u2019Alliance de recherche universit\u00e9-communaut\u00e9-Innovation sociale et d\u00e9veloppement des communaut\u00e9s (ARUC-ISDC), le Groupe de recherche et d\u2019intervention r\u00e9gionales (GRIR) et le Laboratoire de recherche sur les pratiques et les politiques sociales (LAREPPS). <\/p>\n<p>*Maltais, D., Savard, S., Gauthier, S. (2010). Les centres d\u2019aide t\u00e9l\u00e9phonique au Qu\u00e9bec : une oreille et un c\u0153ur pour les personnes vuln\u00e9rables. Rapport de recherche portant sur la pertinence et l\u2019efficacit\u00e9 des services d\u2019\u00e9coute t\u00e9l\u00e9phonique. Saguenay : GRIR\/UQAC.<\/p>\n<p>*Poirier, L., Aucoin, S., Chouinard, M-C., Maltais, D., C\u00f4t\u00e9, N., Racine, J. (2010). Exploration des perceptions des proches d\u2019un donneur d\u2019organes de l\u2019accompagnement offert par les professionnels lors du processus de don. Saguenay : GRIR\/UQAC<\/p>\n<p>*Tremblay, S., Maltais, D. Boudreault, F. Palin, J. Gagn\u00e9, C., Couture, C. (2010). \u00c9valuation de l\u2019implantation du mod\u00e8le Nurture dans les classes d\u2019\u00e9l\u00e8ves dont le trouble rel\u00e8ve de la psychopathologie \u00e0 la Commission scolaire des Rives-du-Saguenay.  Saguenay : GRIR\/UQAC.<\/p>\n<p>*Bizot, D., Maltais, D., Pilote, \u00c9., Savard, S. (2010). Inventaire r\u00e9gional des activit\u00e9s, services, programmes et ressources offerts aux hommes au Saguenay-Lac- Saint-Jean. Saguenay : GRIR\/UQAC.<\/p>\n<p>*Leclerc, M-J., Maltais, D., Tremblay, M., Savard, S., Corneau, S., Tremblay, S. (2009). Le processus de la cr\u00e9ation du CSSS et la reconfiguration des services du programme perte d\u2019autonomie li\u00e9e au vieillissement. Monographie du CSSS Cl\u00e9ophas-Claveau. Saguenay, GRIR\/UQAC. Aussi publi\u00e9 au LAREPPS\/UQAM et au CRCOC\/UQO.<\/p>\n<p> *Corneau, S., Savard, S., Tremblay, M., Maltais, D., Leclerc, M-J et Tremblay, S. (2009). Le processus de la cr\u00e9ation du CSSS et la reconfiguration des services du programme perte d\u2019autonomie li\u00e9e au vieillissement. Monographie du CSSS de Chicoutimi. Saguenay, GRIR\/UQAC. Aussi publi\u00e9 au LAREPPS\/UQAM et au CRCOC\/UQO.<\/p>\n<p>Richard, M-C., Maltais, D. (2007). Le vieillissement des personnes pr\u00e9sentant une d\u00e9ficience intellectuelle : bref rapport. Montr\u00e9al, LAREPPS\/UQAM, 32p. (Cool. Cahiers de LAREPPS). no\u00b0 07-08.<\/p>\n<p>*Maltais, D., Tremblay, S., C\u00f4t\u00e9, N. (2006). Intervention en situation de d\u00e9sastre : Conna\u00eetre les cons\u00e9quences de l\u2019exposition aux catastrophes pour mieux intervenir, Saguenay, GRIR-UQAC.<\/p>\n<p>*Maltais, D., Lachance, L., Richard, M-C., Ouellet, M. (2006). Le point de vue des aidants sur l\u2019articulation de l\u2019aide formelle et informelle en fonction des milieux de vie des personnes \u00e2g\u00e9es. Saguenay, GRIR-UQAC.<\/p>\n<p>*Richard, M-C., Maltais, D., Bourque, D., Savard, S., Tremblay, M., Buissi\u00e8res, D., Dumont-Lemasson, M., Fournier, J. (2006). Enjeux de la configuration des Centres de sant\u00e9 et de Services Sociaux- Recension des \u00e9crits, Sommaire et R\u00e9sum\u00e9, Montr\u00e9al, C\u00c9RIS\/UQO, 22p. (S\u00e9rie de recherche no.40). Aussi publi\u00e9 au GRIR\/UQAC et au LAREPPS\/UQAM.<\/p>\n<p>*Richard, M-C., Maltais, D., Robichaud, S. (2006). La Villa des Peupliers. Monographie d\u2019une habitation \u00e0 loyer modique pour retrait\u00e9s. Montr\u00e9al, LAREPPS\/UQAM, 89p. (Cool. Cahiers de LAREPPS). no\u00b0 06-06.<\/p>\n<p>*Richard, M-C., Maltais, D., Bourque, D., Savard, S., Tremblay, M., Buissi\u00e8res, D., Dumont-Lemasson, M., Fournier, J. (2005). Enjeux de la configuration des Centres de sant\u00e9 et de Services Sociaux, Montr\u00e9al, LAREPPS\/UQAM, 78p. (Cool. Cahiers de LAREPPS). no\u00b0 05-14. Aussi publi\u00e9 au GRIR et au Cahier du C\u00e9ris.<\/p>\n<p>*Richard, M-C., Maltais, D., Robichaud, S. (2005). La Villa Montfort : monographie d\u2019une r\u00e9sidence priv\u00e9e pour personnes \u00e2g\u00e9es autonomes ou en l\u00e9g\u00e8re perte d\u2019autonomie, Montr\u00e9al, LAREPPS\/UQAM, 71p. (Cool. Cahiers de LAREPPS). no\u00b0 05-06.<\/p>\n<p>*Savard, J., Maltais, D., Robichaud, S. (2005). Le Domaine de la Pr\u00e9sentation. Une r\u00e9sidence sans but lucratif du Saguenay\u2013Lac-St-Jean, Montr\u00e9al, Montr\u00e9al, LAREPPS\/UQAM, 71p. (Cool. Cahiers de LAREPPS). No.05-02.<\/p>\n<p>*Charpentier, M., Maltais, D., Bickerstaff, C. (2003). Guide d\u2019accompagnement et d\u2019observation sp\u00e9cifique pour l\u2019\u00e9tude des milieux de vie pour personnes \u00e2g\u00e9es, Montr\u00e9al, LAREPPS\/UQAM, 70p. (Cool. Cahiers de LAREPPS). No. 03-10.<\/p>\n<p>*Rheault, M-A, Maltais, D., Gueyaud, J-A., (2003). \u00c9valuation des effets des interventions du Conseil R\u00e9gional de pr\u00e9vention de l\u2019abandon scolaire (CR\u00c9PAS). Universit\u00e9 du Qu\u00e9bec \u00e0 Chicoutimi, 125 pages. <\/p>\n<p>*Maltais, D., Robichaud, S., Simard, A. (2001). Les cons\u00e9quences des inondations de juillet 1996 sur la sant\u00e9 biopsychosociale des sinistr\u00e9s vivant en amont des barrages, Universit\u00e9 du Qu\u00e9bec \u00e0 Chicoutimi, 45 p.<\/p>\n<p>*Maltais, D., Robichaud, S, Simard, A. (2001). Les cons\u00e9quences de la temp\u00eate de verglas sur la sant\u00e9 biopsychosociale des familles, des personnes \u00e2g\u00e9es et des agriculteurs de la Mont\u00e9r\u00e9gie, GRIR, Universit\u00e9 du Qu\u00e9bec \u00e0 Chicoutimi, 75 p.<\/p>\n<p>*Maltais, D., Robichaud, S., Moffat, G., Simard, A. (2001). Les cons\u00e9quences de l&#8217;application des mesures d&#8217;urgence lors de la temp\u00eate de verglas sur la sant\u00e9 biopsychosociale des intervenants du Saguenay\u2013Lac-Saint-Jean et de l\u2019Estrie, GRIR, Universit\u00e9 du Qu\u00e9bec \u00e0 Chicoutimi, 106 p.<\/p>\n<p>*Maltais, D., Lalonde, C. Bellerose, C., Robichaud, S., Simard, A., Fortin, M., Lebeau, A., Mayer, R. (2001). Les cons\u00e9quences de la temp\u00eate de verglas sur la sant\u00e9 des individus, des intervenants et des communaut\u00e9s : rapport-synth\u00e8se, GRIR, Universit\u00e9 du Qu\u00e9bec \u00e0 Chicoutimi, 83 p.<\/p>\n<p>*Maltais, D., Robichaud, S., Simard, A. (2001). Les cons\u00e9quences de la temp\u00eate de verglas sur la sant\u00e9 biopsychosociale des intervenants de la Mont\u00e9r\u00e9gie, GRIR, Universit\u00e9 du Qu\u00e9bec \u00e0 Chicoutimi, 110 p.<\/p>\n<p>*Maltais, D., Robichaud, S., Simard, A. (2000).  La temp\u00eate de verglas : l&#8217;impact du travail en situation de d\u00e9sastre sur la sant\u00e9 biopsychosociale des intervenants.  Revue des \u00e9crits, Universit\u00e9 du Qu\u00e9bec \u00e0 Chicoutimi, 149 p.<\/p>\n<p>*Maltais, D., Robichaud, S., Simard, A. (2000). La temp\u00eate de verglas : cons\u00e9quences des catastrophes sur la sant\u00e9 des individus. Recension des \u00e9crits, Universit\u00e9 du Qu\u00e9bec \u00e0 Chicoutimi, 185 p.<\/p>\n<p>*Maltais, D., Robichaud, S., Simard, A. (2000). Vivre \u00e0 domicile ou en r\u00e9sidences priv\u00e9es : un d\u00e9fi pour les a\u00een\u00e9s et les intervenants. Soci\u00e9t\u00e9 canadienne d\u2019hypoth\u00e8ques et de logement, Ottawa, Canada, 400 p.<\/p>\n<p>*Maltais, D., Robichaud, S., Simard, A. (1999). La catastrophe de juillet 1996 du Saguenay : les impacts des inondations sur la sant\u00e9 biopsychosociale des sinistr\u00e9s.  Universit\u00e9 du Qu\u00e9bec \u00e0 Chicoutimi, 116 p.<\/p>\n<p>*Maltais, D., Robichaud, S., Simard, A. (1999). Le sinistre de juillet 1996 au Saguenay : cons\u00e9quences sur la red\u00e9finition de l&#8217;habitat, Soci\u00e9t\u00e9 canadienne d&#8217;hypoth\u00e8ques et de logement, Ottawa, 144 pages.<\/p>\n<p>*Maltais, D., Robichaud, S., Simard, A. (1999). The July 1996 Saguenay Disaster: impacts on redefining the habitat. Soci\u00e9t\u00e9 canadienne d\u2019hypoth\u00e8ques et de logement, Ottawa, Canada, 140 p.<\/p>\n<p>Gutman, G., Gnaedenger, N., Maltais, D., Luba, S., Bruce, D. (1999). Housing options for older canadians : case studies and user satisfaction, Soci\u00e9t\u00e9 canadienne d&#8217;hypoth\u00e8ques et de logement, 225 p.<\/p>\n<p>Gutman, G., Gnaedenger, N., Maltais, D., Luba, S., Bruce, D. (1999). Housing options for older canadians : findings from the residents satisfaction survey, Soci\u00e9t\u00e9 canadienne d&#8217;hypoth\u00e8ques et de logement, 52 p.<\/p>\n<p>*Teasdale, P., Maltais, D., \u00c9cho-sondage (1998). \u00c9valuation du projet de r\u00e9am\u00e9nagement de l&#8217;ensemble Benny Farm : rapport final, Soci\u00e9t\u00e9 canadienne d&#8217;hypoth\u00e8ques et de logement.<\/p>\n<p>*Maltais, D. (1997). Vivre en r\u00e9sidence : liens entre les caract\u00e9ristiques organisationnelles et les comportements des a\u00een\u00e9s, th\u00e8se de doctorat, Universit\u00e9 de Montr\u00e9al, Sciences humaines appliqu\u00e9es.<\/p>\n","protected":false},"excerpt":{"rendered":"<p>Maltais, D., Pouliot, E., Petit, G. et collaborateurs (2017). Le portrait des jeunes de la communaut\u00e9 de Lac-M\u00e9gantic. Vision sant\u00e9 publique. Num\u00e9ro 40, octobre. 9 pages https:\/\/www.santeestrie.qc.ca\/clients\/CIUSSSE-CHUS\/medias-publications\/publication\/bulletin\/vision-sante-publique\/2017\/40_Vision_sante_publique_Portrait_Jeunes_Lac-Megantic.pdf *Maltais, D., Pouliot, E., Petit, G. et collaborateurs (2017). Portrait of the Community of Lac-M\u00e9gantic\u2019s Youth. Vision sant\u00e9 publique. Num\u00e9ro 40, octobre. 9 pages https:\/\/www.santeestrie.qc.ca\/clients\/CIUSSSE-CHUS\/medias-publications\/publication\/bulletin\/vision-sante-publique\/2017\/40_Vision_sante_publique_Portrait_JeunesL-M_ang.pdf Cr\u00eate, A., Paquette, &hellip; <a href=\"https:\/\/portfolio.uqac.ca\/daniellemaltais\/rapports-de-recherche\/\" class=\"more-link\">Continuer la lecture de <span class=\"screen-reader-text\">Rapports de recherche<\/span>  <span class=\"meta-nav\">&rarr;<\/span><\/a><\/p>\n","protected":false},"author":232,"featured_media":0,"parent":0,"menu_order":0,"comment_status":"closed","ping_status":"closed","template":"","meta":{"footnotes":""},"tags":[],"_links":{"self":[{"href":"https:\/\/portfolio.uqac.ca\/daniellemaltais\/wp-json\/wp\/v2\/pages\/145"}],"collection":[{"href":"https:\/\/portfolio.uqac.ca\/daniellemaltais\/wp-json\/wp\/v2\/pages"}],"about":[{"href":"https:\/\/portfolio.uqac.ca\/daniellemaltais\/wp-json\/wp\/v2\/types\/page"}],"author":[{"embeddable":true,"href":"https:\/\/portfolio.uqac.ca\/daniellemaltais\/wp-json\/wp\/v2\/users\/232"}],"replies":[{"embeddable":true,"href":"https:\/\/portfolio.uqac.ca\/daniellemaltais\/wp-json\/wp\/v2\/comments?post=145"}],"version-history":[{"count":1,"href":"https:\/\/portfolio.uqac.ca\/daniellemaltais\/wp-json\/wp\/v2\/pages\/145\/revisions"}],"predecessor-version":[{"id":146,"href":"https:\/\/portfolio.uqac.ca\/daniellemaltais\/wp-json\/wp\/v2\/pages\/145\/revisions\/146"}],"wp:attachment":[{"href":"https:\/\/portfolio.uqac.ca\/daniellemaltais\/wp-json\/wp\/v2\/media?parent=145"}],"wp:term":[{"taxonomy":"post_tag","embeddable":true,"href":"https:\/\/portfolio.uqac.ca\/daniellemaltais\/wp-json\/wp\/v2\/tags?post=145"}],"curies":[{"name":"wp","href":"https:\/\/api.w.org\/{rel}","templated":true}]}}