{"id":18,"date":"2019-06-12T16:43:28","date_gmt":"2019-06-12T20:43:28","guid":{"rendered":"http:\/\/portfolio-pre.uqac.ca\/gabarit\/?page_id=18"},"modified":"2019-06-17T12:03:12","modified_gmt":"2019-06-17T16:03:12","slug":"enseignement","status":"publish","type":"page","link":"https:\/\/portfolio.uqac.ca\/danielmarceau\/enseignement\/","title":{"rendered":"Enseignement"},"content":{"rendered":"<p><strong>Cours de premier cycle<\/strong><\/p>\n<ul>\n<li><a href=\"https:\/\/cours.uqac.ca\/6GMC320\" target=\"_blank\">6GMC320 <\/a>&#8211; R\u00e9sistance des mat\u00e9riaux<\/li>\n<li><a href=\"https:\/\/cours.uqac.ca\/6GMC425\" target=\"_blank\">6GMC425<\/a> &#8211; M\u00e9canique des solides<\/li>\n<\/ul>\n<p><strong>Cours de cycles sup\u00e9rieurs<\/strong><\/p>\n<ul>\n<li><a href=\"https:\/\/cours.uqac.ca\/6MIG905\" target=\"_blank\">6MIG905<\/a> &#8211; M\u00e9thode des \u00e9l\u00e9ments finis et simulation num\u00e9rique<\/li>\n<\/ul>\n","protected":false},"excerpt":{"rendered":"<p>Cours de premier cycle 6GMC320 &#8211; R\u00e9sistance des mat\u00e9riaux 6GMC425 &#8211; M\u00e9canique des solides Cours de cycles sup\u00e9rieurs 6MIG905 &#8211; M\u00e9thode des \u00e9l\u00e9ments finis et simulation num\u00e9rique<\/p>\n","protected":false},"author":89,"featured_media":0,"parent":0,"menu_order":0,"comment_status":"closed","ping_status":"closed","template":"","meta":{"footnotes":""},"tags":[],"_links":{"self":[{"href":"https:\/\/portfolio.uqac.ca\/danielmarceau\/wp-json\/wp\/v2\/pages\/18"}],"collection":[{"href":"https:\/\/portfolio.uqac.ca\/danielmarceau\/wp-json\/wp\/v2\/pages"}],"about":[{"href":"https:\/\/portfolio.uqac.ca\/danielmarceau\/wp-json\/wp\/v2\/types\/page"}],"author":[{"embeddable":true,"href":"https:\/\/portfolio.uqac.ca\/danielmarceau\/wp-json\/wp\/v2\/users\/89"}],"replies":[{"embeddable":true,"href":"https:\/\/portfolio.uqac.ca\/danielmarceau\/wp-json\/wp\/v2\/comments?post=18"}],"version-history":[{"count":7,"href":"https:\/\/portfolio.uqac.ca\/danielmarceau\/wp-json\/wp\/v2\/pages\/18\/revisions"}],"predecessor-version":[{"id":193,"href":"https:\/\/portfolio.uqac.ca\/danielmarceau\/wp-json\/wp\/v2\/pages\/18\/revisions\/193"}],"wp:attachment":[{"href":"https:\/\/portfolio.uqac.ca\/danielmarceau\/wp-json\/wp\/v2\/media?parent=18"}],"wp:term":[{"taxonomy":"post_tag","embeddable":true,"href":"https:\/\/portfolio.uqac.ca\/danielmarceau\/wp-json\/wp\/v2\/tags?post=18"}],"curies":[{"name":"wp","href":"https:\/\/api.w.org\/{rel}","templated":true}]}}