{"id":18,"date":"2022-04-12T19:56:51","date_gmt":"2022-04-12T23:56:51","guid":{"rendered":"http:\/\/portfolio-pre.uqac.ca\/gabarit\/?page_id=18"},"modified":"2023-08-22T15:18:28","modified_gmt":"2023-08-22T19:18:28","slug":"enseignement","status":"publish","type":"page","link":"https:\/\/portfolio.uqac.ca\/elisabethboily\/enseignement\/","title":{"rendered":""},"content":{"rendered":"<p><a href=\"https:\/\/portfolio.uqac.ca\/elisabethboily\/files\/2022\/04\/Enseignement.jpg\"><img loading=\"lazy\" decoding=\"async\" class=\"alignnone size-full wp-image-207\" src=\"https:\/\/portfolio.uqac.ca\/elisabethboily\/files\/2022\/04\/Enseignement.jpg\" alt=\"\" width=\"794\" height=\"197\" srcset=\"https:\/\/portfolio.uqac.ca\/elisabethboily\/files\/2022\/04\/Enseignement.jpg 794w, https:\/\/portfolio.uqac.ca\/elisabethboily\/files\/2022\/04\/Enseignement-300x74.jpg 300w, https:\/\/portfolio.uqac.ca\/elisabethboily\/files\/2022\/04\/Enseignement-768x191.jpg 768w\" sizes=\"(max-width: 794px) 100vw, 794px\" \/><\/a><\/p>\n<p>\u00c9lisabeth Boily enseigne \u00e0 l\u2019UQAC dans les programmes de\u00a0<a href=\"https:\/\/www.uqac.ca\/programme\/7080-bac-ens-adaptation-scolaire-et-sociale\/\">baccalaur\u00e9at en enseignement en adaptation scolaire et sociale<\/a>,\u00a0<a href=\"https:\/\/www.uqac.ca\/programme\/2415-maitrise-en-education-orthopedagogie\/\">ma\u00eetrise en \u00e9ducation (orthop\u00e9dagogie)<\/a>,\u00a0<a href=\"https:\/\/www.uqac.ca\/programme\/3053-dess-en-orthopedagogie\/\">dipl\u00f4me d\u2019\u00e9tudes sup\u00e9rieures sp\u00e9cialis\u00e9es en orthop\u00e9dagogie<\/a>\u00a0et\u00a0<a href=\"https:\/\/www.uqac.ca\/programme\/3198-dess-en-intervention-educative\/\">dipl\u00f4me d\u2019\u00e9tudes sup\u00e9rieures sp\u00e9cialis\u00e9es en intervention \u00e9ducative<\/a>.<\/p>\n<h6><strong>Cours de premier cycle<\/strong><\/h6>\n<hr \/>\n<ul>\n<li>3MED884 &#8211;\u00a0<a href=\"https:\/\/cours.uqac.ca\/3MED884\">Intervention p\u00e9dagogique aupr\u00e8s d\u2019\u00e9l\u00e8ves en difficult\u00e9<\/a><\/li>\n<li>3CD0220 &#8211;\u00a0<a href=\"https:\/\/cours.uqac.ca\/3CDO220\">Interventions sp\u00e9cifiques en langage oral<\/a><\/li>\n<li>3ORT806 &#8211;\u00a0<a href=\"https:\/\/cours.uqac.ca\/3ORT806\">Clinique en orthop\u00e9dagogie I<\/a><\/li>\n<li>3AIS141 &#8211;<a href=\"https:\/\/programmes.uqac.ca\/3ais141\">\u00a0D<\/a><a href=\"https:\/\/programmes.uqac.ca\/3ais141\">iversit\u00e9 et enseignement diff\u00e9renci\u00e9<\/a><\/li>\n<\/ul>\n<h6><strong>Cours de\u00a0deuxi\u00e8me cycle<\/strong><\/h6>\n<hr \/>\n<ul>\n<li>3ORT800 &#8211; <a href=\"https:\/\/cours.uqac.ca\/3ORT800\">Difficult\u00e9s et troubles d&#8217;apprentissage: pratique et changement<\/a><\/li>\n<\/ul>\n<h6><strong>Stage<\/strong><\/h6>\n<hr \/>\n<ul>\n<li>3AIS127 &#8211; <a href=\"https:\/\/cours.uqac.ca\/3AIS327\">Stage professionnel d&#8217;enseignement en adaptation scolaire au secondaire<\/a><\/li>\n<\/ul>\n<p>Son approche p\u00e9dagogique vise \u00e0 favoriser l&#8217;engagement actif des \u00e9tudiant.es dans leur processus d&#8217;apprentissage. Elle int\u00e8gre dans ses cours des t\u00e2ches authentiques et signifiantes, du travail collaboratif, des moments de r\u00e9gulation pour offrir de la r\u00e9troaction, ainsi qu&#8217;une p\u00e9dagogie active pour augmenter le niveau d&#8217;interactions.<\/p>\n<p><a href=\"https:\/\/portfolio.uqac.ca\/elisabethboily\/files\/2022\/04\/Mon-approche-p\u00e9dagogique.jpg\"><img loading=\"lazy\" decoding=\"async\" class=\"alignnone size-full wp-image-213\" src=\"https:\/\/portfolio.uqac.ca\/elisabethboily\/files\/2022\/04\/Mon-approche-p\u00e9dagogique.jpg\" alt=\"\" width=\"784\" height=\"529\" srcset=\"https:\/\/portfolio.uqac.ca\/elisabethboily\/files\/2022\/04\/Mon-approche-p\u00e9dagogique.jpg 784w, https:\/\/portfolio.uqac.ca\/elisabethboily\/files\/2022\/04\/Mon-approche-p\u00e9dagogique-300x202.jpg 300w, https:\/\/portfolio.uqac.ca\/elisabethboily\/files\/2022\/04\/Mon-approche-p\u00e9dagogique-768x518.jpg 768w\" sizes=\"(max-width: 784px) 100vw, 784px\" \/><\/a><\/p>\n<p>&nbsp;<\/p>\n","protected":false},"excerpt":{"rendered":"<p>\u00c9lisabeth Boily enseigne \u00e0 l\u2019UQAC dans les programmes de\u00a0baccalaur\u00e9at en enseignement en adaptation scolaire et sociale,\u00a0ma\u00eetrise en \u00e9ducation (orthop\u00e9dagogie),\u00a0dipl\u00f4me d\u2019\u00e9tudes sup\u00e9rieures sp\u00e9cialis\u00e9es en orthop\u00e9dagogie\u00a0et\u00a0dipl\u00f4me d\u2019\u00e9tudes sup\u00e9rieures sp\u00e9cialis\u00e9es en intervention \u00e9ducative. Cours de premier cycle 3MED884 &#8211;\u00a0Intervention p\u00e9dagogique aupr\u00e8s d\u2019\u00e9l\u00e8ves en difficult\u00e9 3CD0220 &#8211;\u00a0Interventions sp\u00e9cifiques en langage oral 3ORT806 &#8211;\u00a0Clinique en orthop\u00e9dagogie I 3AIS141 &#8211;\u00a0Diversit\u00e9 et &hellip; <a href=\"https:\/\/portfolio.uqac.ca\/elisabethboily\/enseignement\/\" class=\"more-link\">Continuer la lecture de <span class=\"screen-reader-text\"><\/span>  <span class=\"meta-nav\">&rarr;<\/span><\/a><\/p>\n","protected":false},"author":282,"featured_media":0,"parent":0,"menu_order":0,"comment_status":"closed","ping_status":"closed","template":"","meta":{"footnotes":""},"tags":[],"_links":{"self":[{"href":"https:\/\/portfolio.uqac.ca\/elisabethboily\/wp-json\/wp\/v2\/pages\/18"}],"collection":[{"href":"https:\/\/portfolio.uqac.ca\/elisabethboily\/wp-json\/wp\/v2\/pages"}],"about":[{"href":"https:\/\/portfolio.uqac.ca\/elisabethboily\/wp-json\/wp\/v2\/types\/page"}],"author":[{"embeddable":true,"href":"https:\/\/portfolio.uqac.ca\/elisabethboily\/wp-json\/wp\/v2\/users\/282"}],"replies":[{"embeddable":true,"href":"https:\/\/portfolio.uqac.ca\/elisabethboily\/wp-json\/wp\/v2\/comments?post=18"}],"version-history":[{"count":17,"href":"https:\/\/portfolio.uqac.ca\/elisabethboily\/wp-json\/wp\/v2\/pages\/18\/revisions"}],"predecessor-version":[{"id":285,"href":"https:\/\/portfolio.uqac.ca\/elisabethboily\/wp-json\/wp\/v2\/pages\/18\/revisions\/285"}],"wp:attachment":[{"href":"https:\/\/portfolio.uqac.ca\/elisabethboily\/wp-json\/wp\/v2\/media?parent=18"}],"wp:term":[{"taxonomy":"post_tag","embeddable":true,"href":"https:\/\/portfolio.uqac.ca\/elisabethboily\/wp-json\/wp\/v2\/tags?post=18"}],"curies":[{"name":"wp","href":"https:\/\/api.w.org\/{rel}","templated":true}]}}