{"id":18,"date":"2022-01-10T11:47:54","date_gmt":"2022-01-10T16:47:54","guid":{"rendered":"http:\/\/portfolio-pre.uqac.ca\/gabarit\/?page_id=18"},"modified":"2022-01-10T15:40:02","modified_gmt":"2022-01-10T20:40:02","slug":"enseignement","status":"publish","type":"page","link":"https:\/\/portfolio.uqac.ca\/emiliehudon-en\/enseignement\/","title":{"rendered":"Teaching"},"content":{"rendered":"<p>Bachelor of Science in Nursing:<\/p>\n<ul>\n<li><span style=\"line-height: 1.5;\"><a href=\"https:\/\/cours.uqac.ca\/SSOI222\">SSOI222<\/a>\u00a0: Processus de recherche en sciences infirmi\u00e8res<\/span>\n<li><a href=\"https:\/\/cours.uqac.ca\/SSOI337\">SSOI337<\/a> : Pratique infirmi\u00e8re en r\u00e9adaptation<\/li>\n<\/ul>\n<p>Responsible of the lesson plan:<\/p>\n<ul>\n<li><a href=\"https:\/\/cours.uqac.ca\/SSOI246\">SSOI246<\/a> : Pratique infirmi\u00e8re aupr\u00e8s de la personne \u00e2g\u00e9e<\/li>\n<li><a href=\"https:\/\/cours.uqac.ca\/SSOI409\">SSOI409<\/a> : Pratique infirmi\u00e8re et collectivit\u00e9<\/li>\n<\/ul>\n<p>Master of Nursing:<\/p>\n<ul>\n<li><span style=\"line-height: 1.5;\"><a href=\"https:\/\/cours.uqac.ca\/MSI6001S\">MSI6001S<\/a> : \u00c9pist\u00e9mologie et assises th\u00e9oriques en sciences infirmi\u00e8res<\/span><\/li>\n<li><span style=\"line-height: 1.5;\"><a href=\"https:\/\/cours.uqac.ca\/MSI6007S\">MSI6007S<\/a> :Recherche et statistique en pratique infirmi\u00e8re avanc\u00e9e<\/span><\/li>\n<\/ul>\n","protected":false},"excerpt":{"rendered":"<p>Bachelor of Science in Nursing: SSOI222\u00a0: Processus de recherche en sciences infirmi\u00e8res SSOI337 : Pratique infirmi\u00e8re en r\u00e9adaptation Responsible of the lesson plan: SSOI246 : Pratique infirmi\u00e8re aupr\u00e8s de la personne \u00e2g\u00e9e SSOI409 : Pratique infirmi\u00e8re et collectivit\u00e9 Master of Nursing: MSI6001S : \u00c9pist\u00e9mologie et assises th\u00e9oriques en sciences infirmi\u00e8res MSI6007S :Recherche et statistique en &hellip; <a href=\"https:\/\/portfolio.uqac.ca\/emiliehudon-en\/enseignement\/\" class=\"more-link\">Continuer la lecture de <span class=\"screen-reader-text\">Teaching<\/span>  <span class=\"meta-nav\">&rarr;<\/span><\/a><\/p>\n","protected":false},"author":335,"featured_media":0,"parent":0,"menu_order":0,"comment_status":"closed","ping_status":"closed","template":"","meta":{"footnotes":""},"tags":[],"_links":{"self":[{"href":"https:\/\/portfolio.uqac.ca\/emiliehudon-en\/wp-json\/wp\/v2\/pages\/18"}],"collection":[{"href":"https:\/\/portfolio.uqac.ca\/emiliehudon-en\/wp-json\/wp\/v2\/pages"}],"about":[{"href":"https:\/\/portfolio.uqac.ca\/emiliehudon-en\/wp-json\/wp\/v2\/types\/page"}],"author":[{"embeddable":true,"href":"https:\/\/portfolio.uqac.ca\/emiliehudon-en\/wp-json\/wp\/v2\/users\/335"}],"replies":[{"embeddable":true,"href":"https:\/\/portfolio.uqac.ca\/emiliehudon-en\/wp-json\/wp\/v2\/comments?post=18"}],"version-history":[{"count":10,"href":"https:\/\/portfolio.uqac.ca\/emiliehudon-en\/wp-json\/wp\/v2\/pages\/18\/revisions"}],"predecessor-version":[{"id":199,"href":"https:\/\/portfolio.uqac.ca\/emiliehudon-en\/wp-json\/wp\/v2\/pages\/18\/revisions\/199"}],"wp:attachment":[{"href":"https:\/\/portfolio.uqac.ca\/emiliehudon-en\/wp-json\/wp\/v2\/media?parent=18"}],"wp:term":[{"taxonomy":"post_tag","embeddable":true,"href":"https:\/\/portfolio.uqac.ca\/emiliehudon-en\/wp-json\/wp\/v2\/tags?post=18"}],"curies":[{"name":"wp","href":"https:\/\/api.w.org\/{rel}","templated":true}]}}