{"id":25,"date":"2022-01-06T14:18:14","date_gmt":"2022-01-06T19:18:14","guid":{"rendered":"http:\/\/portfolio-pre.uqac.ca\/gabarit\/?page_id=25"},"modified":"2024-01-08T15:25:43","modified_gmt":"2024-01-08T20:25:43","slug":"communications","status":"publish","type":"page","link":"https:\/\/portfolio.uqac.ca\/emiliehudon\/communications\/","title":{"rendered":"Communications par affiche"},"content":{"rendered":"<p><strong>Hudon, \u00c9.<\/strong>, Chouinard, M.C, Ellefsen, \u00c9., &amp; Hudon, C. (2023, 30 Octobre au 3 Novembre). The relationship between nurses and pregnant women in contexts of vulnerability<em>: A qualitative descriptive interpretative study <\/em>[Communication par affiche]. Le 51<sup>e<\/sup> Congr\u00e8s annuel du North American Primary Care Research Group (NAPCRG), San Francisco, \u00c9tats-Unis.<\/p>\n<p><strong>Hudon, \u00c9.<\/strong>, Chouinard, M.C, Ellefsen, \u00c9., &amp; Hudon, C. (2022, 27 mai). <em>Pistes d\u2019am\u00e9lioration du suivi pr\u00e9natal infirmier des femmes enceintes contexte de vuln\u00e9rabilit\u00e9 <\/em>[Communication par affiche]. Le 3<sup>e<\/sup> Symposium annuel sur la recherche \u00e9tudiante en sciences infirmi\u00e8res (SAR\u00c9SI), Symposium virtuel.<\/p>\n<p><strong>Hudon, \u00c9.<\/strong>, Chouinard, M.C, Ellefsen, \u00c9., &amp; Hudon, C. (2021, 19-23 Novembre). <em>Vulnerable pregnant women\u2019s experience of prenatal nursing care: A qualitative descriptive interpretative study <\/em>[Communication par affiche]. Le 49<sup>e<\/sup> Congr\u00e8s annuel du North American Primary Care Research Group (NAPCRG), Virtual Meeting.<\/p>\n<p><strong>Hudon, \u00c9.<\/strong>, Hudon, C., Ellefsen, \u00c9., &amp; Chouinard, M.C. (2021, 3-7 mai). <em>Exp\u00e9rience du suivi pr\u00e9natal infirmier des femmes enceintes pr\u00e9sentant une situation de vuln\u00e9rabilit\u00e9\u00a0: une synth\u00e8se th\u00e9matique<\/em> [Communication par affiche]. Le 88<sup>e<\/sup> Congr\u00e8s de l\u2019Association francophone pour le savoir (ACFAS), Sherbrooke, Qu\u00e9bec.<\/p>\n<p><strong>Hudon, \u00c9.<\/strong>, Hudon, C., Chouinard, M.C, &amp; Ellefsen, \u00c9. (2020, 4-8 Mai). <em>Exp\u00e9rience du suivi pr\u00e9natal infirmier des femmes enceintes pr\u00e9sentant une situation de vuln\u00e9rabilit\u00e9\u00a0: une synth\u00e8se th\u00e9matique <\/em>[Communication par affiche]. Le 88<sup>e<\/sup> Congr\u00e8s de l\u2019Association francophone pour le savoir (ACFAS), Sherbrooke, Qu\u00e9bec. <a href=\"https:\/\/www.acfas.ca\/evenements\/tenue-activites-covid-19\">https:\/\/www.acfas.ca\/evenements\/tenue-activites-covid-19<\/a> (congr\u00e8s report\u00e9 en 2021)<\/p>\n<p><strong>\u00a0<\/strong><strong>Hudon, \u00c9.<\/strong>, Hudon, C., Ellefsen, \u00c9., &amp; Chouinard, M.C. (2020, 23 Avril). Exp\u00e9rience du suivi pr\u00e9natal infirmier des femmes enceintes en contexte de vuln\u00e9rabilit\u00e9\u00a0: une synth\u00e8se th\u00e9matique [Communication par affiche]. La 6<sup>e<\/sup> journ\u00e9e de la recherche du CIUSSS du SLSJ, Chicoutimi, Qu\u00e9bec (journ\u00e9e report\u00e9e en 2021).<\/p>\n<p><strong>Hudon, \u00c9.<\/strong>, Chouinard, M.C, Ellefsen, \u00c9., &amp; Hudon, C. (2019, 16-20 Novembre). <em>Vulnerable women\u2019s experience of prenatal nursing care: A thematic synthesis of qualitative studies <\/em>[Communication par affiche]. Le 47<sup>e<\/sup> Congr\u00e8s annuel du NAPCRG, Toronto, Ontario. <a href=\"https:\/\/www.napcrg.org\/conferences\/2001\/sessions\/984\">https:\/\/www.napcrg.org\/conferences\/2001\/sessions\/984<\/a><\/p>\n<p><strong>\u00a0<\/strong><strong>Hudon, \u00c9.<\/strong>, Chouinard, M.C., Ellefsen, \u00c9., &amp; Hudon, C. (2019, 27-31 Mai). <em>L&#8217;exp\u00e9rience du suivi pr\u00e9natal en premi\u00e8re ligne des femmes enceintes vivant avec une maladie chronique en situation de vuln\u00e9rabilit\u00e9 : une \u00e9tude qualitative <\/em>[Communication par affiche]. Le 87<sup>e<\/sup> Congr\u00e8s de l\u2019ACFAS, Outaouais, Qu\u00e9bec. <a href=\"https:\/\/www.acfas.ca\/evenements\/congres\/programme\/87\/100\/108\/d\">https:\/\/www.acfas.ca\/evenements\/congres\/programme\/87\/100\/108\/d<\/a><\/p>\n<p><strong>\u00a0<\/strong><strong>Hudon, \u00c9.<\/strong>, Chouinard, M.C., Ellefsen, \u00c9., &amp; Hudon, C. (2019, 16-17 Mai). <em>L&#8217;exp\u00e9rience du suivi pr\u00e9natal en premi\u00e8re ligne des femmes enceintes vivant avec une maladie chronique en situation de vuln\u00e9rabilit\u00e9 : une \u00e9tude qualitative <\/em>[Communication par affiche]. Le 3<sup>e<\/sup> Congr\u00e8s provincial de la recherche m\u00e8re-enfant \u00e0 McGill, Montr\u00e9al, Qu\u00e9bec. <a href=\"https:\/\/fourwaves-sots.s3.amazonaws.com\/static\/media\/attached\/1102\/Programme_Long_2019.pdf\">https:\/\/fourwaves-sots.s3.amazonaws.com\/static\/media\/attached\/1102\/Programme_Long_2019.pdf<\/a><\/p>\n<p><strong>Hudon, \u00c9.<\/strong>, Chouinard, M.C, Ellefsen, \u00c9., &amp; Hudon, C. (2018, 9-13 Novembre). <em>The perspective of vulnerable pregnant women with chronic conditions on prenatal primary care <\/em>[Communication par affiche]. Le 46<sup>e<\/sup> Congr\u00e8s annuel du NAPCRG, Chicago, Illinois. <a href=\"https:\/\/www.napcrg.org\/conferences\/46\/sessions\/23477\">https:\/\/www.napcrg.org\/conferences\/46\/sessions\/23477<\/a><\/p>\n<p><strong>Hudon, \u00c9.<\/strong>, Chouinard, M.C., Lambert, M., &amp; Hudon, C. (2018, 3-6 Juin). <em>Perspectives th\u00e9oriques\u00a0: <\/em><em>Q<\/em><em>uestionnaires mesurant l\u2019autogestion d\u2019adultes avec une maladie chronique<\/em> [Communication par affiche]. Le 7<sup>e<\/sup> Congr\u00e8s mondial du Secr\u00e9tariat international des infirmi\u00e8res et infirmiers de l\u2019espace francophone (SIDIIEF), Bordeaux, France.<\/p>\n<p><strong>Hudon, \u00c9.<\/strong>, Chouinard, M.C., Lambert, M., &amp; Hudon, C. (2018, 7-11 Mai). <em>\u00c9tude de validation m\u00e9thodologique d\u2019un instrument de mesure de l\u2019autogestion <\/em>[Communication par affiche]. Le 86<sup>e<\/sup> Congr\u00e8s de l\u2019ACFAS, Chicoutimi, Qu\u00e9bec. <a href=\"https:\/\/www.acfas.ca\/evenements\/congres\/programme\/86\/100\/109\/d\">https:\/\/www.acfas.ca\/evenements\/congres\/programme\/86\/100\/109\/d<\/a><\/p>\n<p><strong>Hudon, \u00c9.<\/strong>, Hudon, C., Lambert, M., &amp; Chouinard, M.C. (2017, 17-21 Novembre). <em>Self-administered questionnaires to evaluate self-management of people with chronic conditions: A scoping review <\/em>[Communication par affiche]. Le 45<sup>e<\/sup> Congr\u00e8s annuel du NAPCRG, Montr\u00e9al, Qu\u00e9bec. <a href=\"https:\/\/www.napcrg.org\/conferences\/43\/sessions\/20817\">https:\/\/www.napcrg.org\/conferences\/43\/sessions\/20817<\/a><\/p>\n<p><strong>\u00a0<\/strong><strong>Hudon, \u00c9.<\/strong>, Hudon, C., Lambert, S., Lambert, M., &amp; Chouinard, M.C. (2017, 30 Mai). <em>Adaptation transculturelle et validation du Partner in Health Scale (PIHS) chez les personnes atteintes de maladies chroniques en soin de premi\u00e8re ligne <\/em>[Communication par affiche]. La Journ\u00e9e Axe S-POP du Centre de recherche-H\u00f4pital Charles-Le-Moyne, Longueuil, Qu\u00e9bec.<\/p>\n<p>Chouinard, M.C., Hudon, C., Couture, M., Mass\u00e9, S., Savard, C., Bouliane, D., Diadiou, F., Gauthier, G., Lambert, M., <strong>Hudon, \u00c9.<\/strong>, Sabourin, V., Spence, C., &amp; Beaudin, J. (2017, 24-26 Mai). <em>Case management for frequent users of healthcare and social services: A participative research project with organizations and patients <\/em>[Communication par affiche]. Le 13<sup>e<\/sup> Congr\u00e8s annuel de l\u2019Association canadienne pour la recherche sur les services et les politiques de la sant\u00e9 (CAHSPR), Toronto, Qu\u00e9bec.<\/p>\n<p><strong>Hudon, \u00c9.<\/strong>, Hudon, C., Lambert, S., Lambert, M., &amp; Chouinard, M.C. (2017, 14 F\u00e9vrier). <em>Measuring self-management care among patients with chronic conditions in primary care: Validation of a French-language version of the Partner in Health Scale <\/em>[Communication par affiche]. La 3<sup>e<\/sup> Semaine de la recherche CIUSSS du SLSJ, Chicoutimi.<\/p>\n","protected":false},"excerpt":{"rendered":"<p>Hudon, \u00c9., Chouinard, M.C, Ellefsen, \u00c9., &amp; Hudon, C. (2023, 30 Octobre au 3 Novembre). The relationship between nurses and pregnant women in contexts of vulnerability: A qualitative descriptive interpretative study [Communication par affiche]. Le 51e Congr\u00e8s annuel du North American Primary Care Research Group (NAPCRG), San Francisco, \u00c9tats-Unis. Hudon, \u00c9., Chouinard, M.C, Ellefsen, \u00c9., &hellip; <a href=\"https:\/\/portfolio.uqac.ca\/emiliehudon\/communications\/\" class=\"more-link\">Continuer la lecture de <span class=\"screen-reader-text\">Communications par affiche<\/span>  <span class=\"meta-nav\">&rarr;<\/span><\/a><\/p>\n","protected":false},"author":335,"featured_media":0,"parent":0,"menu_order":0,"comment_status":"closed","ping_status":"closed","template":"","meta":{"footnotes":""},"tags":[],"_links":{"self":[{"href":"https:\/\/portfolio.uqac.ca\/emiliehudon\/wp-json\/wp\/v2\/pages\/25"}],"collection":[{"href":"https:\/\/portfolio.uqac.ca\/emiliehudon\/wp-json\/wp\/v2\/pages"}],"about":[{"href":"https:\/\/portfolio.uqac.ca\/emiliehudon\/wp-json\/wp\/v2\/types\/page"}],"author":[{"embeddable":true,"href":"https:\/\/portfolio.uqac.ca\/emiliehudon\/wp-json\/wp\/v2\/users\/335"}],"replies":[{"embeddable":true,"href":"https:\/\/portfolio.uqac.ca\/emiliehudon\/wp-json\/wp\/v2\/comments?post=25"}],"version-history":[{"count":10,"href":"https:\/\/portfolio.uqac.ca\/emiliehudon\/wp-json\/wp\/v2\/pages\/25\/revisions"}],"predecessor-version":[{"id":330,"href":"https:\/\/portfolio.uqac.ca\/emiliehudon\/wp-json\/wp\/v2\/pages\/25\/revisions\/330"}],"wp:attachment":[{"href":"https:\/\/portfolio.uqac.ca\/emiliehudon\/wp-json\/wp\/v2\/media?parent=25"}],"wp:term":[{"taxonomy":"post_tag","embeddable":true,"href":"https:\/\/portfolio.uqac.ca\/emiliehudon\/wp-json\/wp\/v2\/tags?post=25"}],"curies":[{"name":"wp","href":"https:\/\/api.w.org\/{rel}","templated":true}]}}