{"id":27,"date":"2022-01-06T14:18:14","date_gmt":"2022-01-06T19:18:14","guid":{"rendered":"http:\/\/portfolio-pre.uqac.ca\/gabarit\/?page_id=27"},"modified":"2023-03-13T08:11:08","modified_gmt":"2023-03-13T12:11:08","slug":"curriculum-vitae","status":"publish","type":"page","link":"https:\/\/portfolio.uqac.ca\/emiliehudon\/curriculum-vitae\/","title":{"rendered":"Dipl\u00f4mes"},"content":{"rendered":"<h2><strong>Dipl\u00f4mes<\/strong><\/h2>\n<p>Microprogramme de 3e cycle d&#8217;enrichissement des comp\u00e9tences en recherche, Universit\u00e9 de Sherbrooke (UdeS), Campus de Chicoutimi (2022)<\/p>\n<p>Doctorat recherche en sciences de la sant\u00e9, concentration sciences infirmi\u00e8res, Universit\u00e9 de Sherbrooke (UdeS), Campus de Chicoutimi (2023)<\/p>\n<p>Hudon, \u00c9. (2023).\u00a0<a href=\"https:\/\/savoirs.usherbrooke.ca\/handle\/11143\/20033\"><em>La perspective de femmes enceintes en contextes de vuln\u00e9rabilit\u00e9 au regard de leur exp\u00e9rience du suivi pr\u00e9natal infirmier en soins de premi\u00e8re ligne<\/em><\/a>. [Th\u00e8se de doctorat in\u00e9dite]. Universit\u00e9 de Sherbrooke.<\/p>\n<p>Microprogramme de 2e cycle pour l&#8217;acc\u00e9l\u00e9ration du d\u00e9veloppement et de l&#8217;enrichissement des comp\u00e9tences en recherche, Universit\u00e9 de Sherbrooke (UdeS), Campus de Chicoutimi (2021)<\/p>\n<p>Ma\u00eetrise recherche en sciences de la sant\u00e9, concentration sciences infirmi\u00e8res, Universit\u00e9 de Sherbrooke (UdeS), Campus de Chicoutimi (2018)<\/p>\n<p>Hudon, \u00c9. (2018).\u00a0<a href=\"https:\/\/core.ac.uk\/download\/pdf\/199228267.pdf\"><em>Adaptation fran\u00e7aise et validation d\u2019un instrument de mesure de l\u2019autogestion aupr\u00e8s de personnes atteintes de maladies chroniques suivies en soins de premi\u00e8re ligne : le Partners in Health (PIH) scale<\/em><\/a>. [M\u00e9moire de ma\u00eetrise in\u00e9dit]. Universit\u00e9 de Sherbrooke.<\/p>\n<p>Baccalaur\u00e9at en sciences infirmi\u00e8res (volet formation initiale), Universit\u00e9 du Qu\u00e9bec \u00e0 Chicoutimi (UQAC), Chicoutimi (2016)<\/p>\n<p>Baccalaur\u00e9at en kin\u00e9siologie, Universit\u00e9 du Qu\u00e9bec \u00e0 Chicoutimi (UQAC), Chicoutimi (2013)<\/p>\n","protected":false},"excerpt":{"rendered":"<p>Dipl\u00f4mes Microprogramme de 3e cycle d&#8217;enrichissement des comp\u00e9tences en recherche, Universit\u00e9 de Sherbrooke (UdeS), Campus de Chicoutimi (2022) Doctorat recherche en sciences de la sant\u00e9, concentration sciences infirmi\u00e8res, Universit\u00e9 de Sherbrooke (UdeS), Campus de Chicoutimi (2023) Hudon, \u00c9. (2023).\u00a0La perspective de femmes enceintes en contextes de vuln\u00e9rabilit\u00e9 au regard de leur exp\u00e9rience du suivi pr\u00e9natal &hellip; <a href=\"https:\/\/portfolio.uqac.ca\/emiliehudon\/curriculum-vitae\/\" class=\"more-link\">Continuer la lecture de <span class=\"screen-reader-text\">Dipl\u00f4mes<\/span>  <span class=\"meta-nav\">&rarr;<\/span><\/a><\/p>\n","protected":false},"author":335,"featured_media":0,"parent":0,"menu_order":0,"comment_status":"closed","ping_status":"closed","template":"","meta":{"footnotes":""},"tags":[],"_links":{"self":[{"href":"https:\/\/portfolio.uqac.ca\/emiliehudon\/wp-json\/wp\/v2\/pages\/27"}],"collection":[{"href":"https:\/\/portfolio.uqac.ca\/emiliehudon\/wp-json\/wp\/v2\/pages"}],"about":[{"href":"https:\/\/portfolio.uqac.ca\/emiliehudon\/wp-json\/wp\/v2\/types\/page"}],"author":[{"embeddable":true,"href":"https:\/\/portfolio.uqac.ca\/emiliehudon\/wp-json\/wp\/v2\/users\/335"}],"replies":[{"embeddable":true,"href":"https:\/\/portfolio.uqac.ca\/emiliehudon\/wp-json\/wp\/v2\/comments?post=27"}],"version-history":[{"count":19,"href":"https:\/\/portfolio.uqac.ca\/emiliehudon\/wp-json\/wp\/v2\/pages\/27\/revisions"}],"predecessor-version":[{"id":292,"href":"https:\/\/portfolio.uqac.ca\/emiliehudon\/wp-json\/wp\/v2\/pages\/27\/revisions\/292"}],"wp:attachment":[{"href":"https:\/\/portfolio.uqac.ca\/emiliehudon\/wp-json\/wp\/v2\/media?parent=27"}],"wp:term":[{"taxonomy":"post_tag","embeddable":true,"href":"https:\/\/portfolio.uqac.ca\/emiliehudon\/wp-json\/wp\/v2\/tags?post=27"}],"curies":[{"name":"wp","href":"https:\/\/api.w.org\/{rel}","templated":true}]}}