{"id":272,"date":"2023-03-13T07:24:29","date_gmt":"2023-03-13T11:24:29","guid":{"rendered":"http:\/\/portfolio-pre.uqac.ca\/emiliehudon\/?page_id=272"},"modified":"2024-01-08T15:34:49","modified_gmt":"2024-01-08T20:34:49","slug":"autres-implications","status":"publish","type":"page","link":"https:\/\/portfolio.uqac.ca\/emiliehudon\/autres-implications\/","title":{"rendered":"Autres implications"},"content":{"rendered":"<h1>Comit\u00e9s<\/h1>\n<p>Conseill\u00e8re \u2013 Comit\u00e9 de l\u2019ordre r\u00e9gional des infirmi\u00e8res et infirmiers du Saguenay-Lac-Saint-Jean \/ Nord-du-Qu\u00e9bec (2023-). <em>Ordre des infirmi\u00e8res et infirmiers du Qu\u00e9bec<\/em><\/p>\n<p>Conseill\u00e8re \u2013 Comit\u00e9 jeunesse de l\u2019ordre r\u00e9gional des infirmi\u00e8res et infirmiers du Saguenay-Lac-Saint-Jean \/ Nord-du-Qu\u00e9bec (2022-2023). <em>Ordre des infirmi\u00e8res et infirmiers du Qu\u00e9bec<\/em><\/p>\n<p>D\u00e9l\u00e9gu\u00e9e \u2013 Assembl\u00e9e g\u00e9n\u00e9rale annuelle. (2022). <em>Ordre des infirmi\u00e8res et infirmiers du Qu\u00e9bec<\/em><\/p>\n<h1>Animations de colloques et d&#8217;\u00e9v\u00e9nements<\/h1>\n<p><strong>Hudon, \u00c9.<\/strong> (28 avril 2023). <em>Activit\u00e9 de r\u00e9seautage de la communaut\u00e9 \u00e9tudiante du 2e cycle. <\/em>UQAC, Chicoutimi.<\/p>\n<p>Chouinard, M. C.,<strong> Hudon, \u00c9., <\/strong>Karam, M., &amp; Paradis-Gagn\u00e9, \u00c9. (\u00c0 venir 2023, 10 mai). <em>Colloque &#8211; Enjeux contemporains entourant les concepts de complexit\u00e9 et de vuln\u00e9rabilit\u00e9 utilis\u00e9s pour d\u00e9crire les personnes suivies en soins de premi\u00e8re ligne. <\/em>Le 90<sup>e<\/sup> Congr\u00e8s de l\u2019Association francophone pour le savoir (ACFAS), Montr\u00e9al, Qu\u00e9bec.<\/p>\n","protected":false},"excerpt":{"rendered":"<p>Comit\u00e9s Conseill\u00e8re \u2013 Comit\u00e9 de l\u2019ordre r\u00e9gional des infirmi\u00e8res et infirmiers du Saguenay-Lac-Saint-Jean \/ Nord-du-Qu\u00e9bec (2023-). Ordre des infirmi\u00e8res et infirmiers du Qu\u00e9bec Conseill\u00e8re \u2013 Comit\u00e9 jeunesse de l\u2019ordre r\u00e9gional des infirmi\u00e8res et infirmiers du Saguenay-Lac-Saint-Jean \/ Nord-du-Qu\u00e9bec (2022-2023). Ordre des infirmi\u00e8res et infirmiers du Qu\u00e9bec D\u00e9l\u00e9gu\u00e9e \u2013 Assembl\u00e9e g\u00e9n\u00e9rale annuelle. (2022). Ordre des infirmi\u00e8res &hellip; <a href=\"https:\/\/portfolio.uqac.ca\/emiliehudon\/autres-implications\/\" class=\"more-link\">Continuer la lecture de <span class=\"screen-reader-text\">Autres implications<\/span>  <span class=\"meta-nav\">&rarr;<\/span><\/a><\/p>\n","protected":false},"author":147,"featured_media":0,"parent":0,"menu_order":0,"comment_status":"closed","ping_status":"closed","template":"","meta":{"footnotes":""},"tags":[],"_links":{"self":[{"href":"https:\/\/portfolio.uqac.ca\/emiliehudon\/wp-json\/wp\/v2\/pages\/272"}],"collection":[{"href":"https:\/\/portfolio.uqac.ca\/emiliehudon\/wp-json\/wp\/v2\/pages"}],"about":[{"href":"https:\/\/portfolio.uqac.ca\/emiliehudon\/wp-json\/wp\/v2\/types\/page"}],"author":[{"embeddable":true,"href":"https:\/\/portfolio.uqac.ca\/emiliehudon\/wp-json\/wp\/v2\/users\/147"}],"replies":[{"embeddable":true,"href":"https:\/\/portfolio.uqac.ca\/emiliehudon\/wp-json\/wp\/v2\/comments?post=272"}],"version-history":[{"count":3,"href":"https:\/\/portfolio.uqac.ca\/emiliehudon\/wp-json\/wp\/v2\/pages\/272\/revisions"}],"predecessor-version":[{"id":337,"href":"https:\/\/portfolio.uqac.ca\/emiliehudon\/wp-json\/wp\/v2\/pages\/272\/revisions\/337"}],"wp:attachment":[{"href":"https:\/\/portfolio.uqac.ca\/emiliehudon\/wp-json\/wp\/v2\/media?parent=272"}],"wp:term":[{"taxonomy":"post_tag","embeddable":true,"href":"https:\/\/portfolio.uqac.ca\/emiliehudon\/wp-json\/wp\/v2\/tags?post=272"}],"curies":[{"name":"wp","href":"https:\/\/api.w.org\/{rel}","templated":true}]}}