{"id":311,"date":"2024-01-08T15:03:19","date_gmt":"2024-01-08T20:03:19","guid":{"rendered":"http:\/\/portfolio-pre.uqac.ca\/emiliehudon\/?page_id=311"},"modified":"2024-01-08T15:03:19","modified_gmt":"2024-01-08T20:03:19","slug":"travaux-de-recherche","status":"publish","type":"page","link":"https:\/\/portfolio.uqac.ca\/emiliehudon\/travaux-de-recherche\/","title":{"rendered":"Travaux de recherche"},"content":{"rendered":"<ul>\n<li>D\u00e9veloppement et implantation de la clinique universitaire en sciences infirmi\u00e8res (CUSI) selon un mod\u00e8le de soins organiques.<\/li>\n<li>Sensibilisation des personnes \u00e9tudiantes de l\u2019Universit\u00e9 du Qu\u00e9bec \u00e0 Chicoutimi (UQAC) sur leur r\u00f4le d\u2019accompagnement en tant que personnes professionnelles de la sant\u00e9 concernant la sant\u00e9 reproductive chez les personnes en contextes de vuln\u00e9rabilit\u00e9.<\/li>\n<li>Examen de la port\u00e9e sur les approches professionnelles aupr\u00e8s des client\u00e8les en contextes de vuln\u00e9rabilit\u00e9.<\/li>\n<li>Projet Interr\u00e9gional de Savoirs en Sant\u00e9 et Services sociaux (InterS4) \u00ab vieillir en sant\u00e9 \u00bb aupr\u00e8s d\u2019une client\u00e8le en contextes de vuln\u00e9rabilit\u00e9, les personnes \u00e2g\u00e9es.<\/li>\n<li>Portrait de la conceptualisation de la vuln\u00e9rabilit\u00e9.<\/li>\n<li>Exp\u00e9rience des femmes enceintes en contextes de vuln\u00e9rabilit\u00e9 du suivi pr\u00e9natal infirmier en soins de premi\u00e8re ligne.<\/li>\n<\/ul>\n","protected":false},"excerpt":{"rendered":"<p>D\u00e9veloppement et implantation de la clinique universitaire en sciences infirmi\u00e8res (CUSI) selon un mod\u00e8le de soins organiques. Sensibilisation des personnes \u00e9tudiantes de l\u2019Universit\u00e9 du Qu\u00e9bec \u00e0 Chicoutimi (UQAC) sur leur r\u00f4le d\u2019accompagnement en tant que personnes professionnelles de la sant\u00e9 concernant la sant\u00e9 reproductive chez les personnes en contextes de vuln\u00e9rabilit\u00e9. Examen de la port\u00e9e &hellip; <a href=\"https:\/\/portfolio.uqac.ca\/emiliehudon\/travaux-de-recherche\/\" class=\"more-link\">Continuer la lecture de <span class=\"screen-reader-text\">Travaux de recherche<\/span>  <span class=\"meta-nav\">&rarr;<\/span><\/a><\/p>\n","protected":false},"author":362,"featured_media":0,"parent":0,"menu_order":0,"comment_status":"closed","ping_status":"closed","template":"","meta":{"footnotes":""},"tags":[],"_links":{"self":[{"href":"https:\/\/portfolio.uqac.ca\/emiliehudon\/wp-json\/wp\/v2\/pages\/311"}],"collection":[{"href":"https:\/\/portfolio.uqac.ca\/emiliehudon\/wp-json\/wp\/v2\/pages"}],"about":[{"href":"https:\/\/portfolio.uqac.ca\/emiliehudon\/wp-json\/wp\/v2\/types\/page"}],"author":[{"embeddable":true,"href":"https:\/\/portfolio.uqac.ca\/emiliehudon\/wp-json\/wp\/v2\/users\/362"}],"replies":[{"embeddable":true,"href":"https:\/\/portfolio.uqac.ca\/emiliehudon\/wp-json\/wp\/v2\/comments?post=311"}],"version-history":[{"count":1,"href":"https:\/\/portfolio.uqac.ca\/emiliehudon\/wp-json\/wp\/v2\/pages\/311\/revisions"}],"predecessor-version":[{"id":313,"href":"https:\/\/portfolio.uqac.ca\/emiliehudon\/wp-json\/wp\/v2\/pages\/311\/revisions\/313"}],"wp:attachment":[{"href":"https:\/\/portfolio.uqac.ca\/emiliehudon\/wp-json\/wp\/v2\/media?parent=311"}],"wp:term":[{"taxonomy":"post_tag","embeddable":true,"href":"https:\/\/portfolio.uqac.ca\/emiliehudon\/wp-json\/wp\/v2\/tags?post=311"}],"curies":[{"name":"wp","href":"https:\/\/api.w.org\/{rel}","templated":true}]}}