{"id":46,"date":"2022-01-06T14:18:14","date_gmt":"2022-01-06T19:18:14","guid":{"rendered":"http:\/\/portfolio-pre.uqac.ca\/gabarit\/?page_id=46"},"modified":"2024-01-08T15:02:25","modified_gmt":"2024-01-08T20:02:25","slug":"recherche","status":"publish","type":"page","link":"https:\/\/portfolio.uqac.ca\/emiliehudon\/recherche\/","title":{"rendered":"Subventions"},"content":{"rendered":"<p>Soutien \u00e0 la diffusion des travaux de recherche et de cr\u00e9ation 750,00$\u00a0 <b>(<\/b>2022-2023)<br \/>\nProgramme de soutien au d\u00e9veloppement de la recherche et cr\u00e9ation (PSDrc)\u00a0de l\u2019Universit\u00e9 du Qu\u00e9bec \u00e0 Chicoutimi (UQAC), Chicoutimi<\/p>\n<p style=\"vertical-align: baseline; margin: 0cm 0cm 18.0pt 0cm;\"><span style=\"font-size: 12.0pt; font-family: Lato; color: #2b2b2b;\">Financement dans le cadre du Programme de soutien au d\u00e9veloppement de la mission universitaire \u2013 Subventions \u2013 Soutien \u00e0 la diffusion (2022)<br \/>\nMission universitaire du CIUSSS du SLSJ, Chicoutimi<\/span><\/p>\n<p>Soutien \u00e0 la publication et \u00e0 la diffusion des travaux de recherche et cr\u00e9ation (2021)<br \/>\nProgramme de soutien au d\u00e9veloppement de la recherche et cr\u00e9ation (PSDrc) de l\u2019UQAC, Chicoutimi<\/p>\n<p>Financement dans le cadre du Programme de soutien au d\u00e9veloppement de la mission universitaire &#8211; Subventions \u2013 Soutien \u00e0 la diffusion (2020)<br \/>\nMission universitaire du CIUSSS du SLSJ, Chicoutimi<\/p>\n<p>Soutien \u00e0 la publication et \u00e0 la diffusion des travaux de recherche et cr\u00e9ation (2020)<br \/>\nPSDrc de l\u2019UQAC, Chicoutimi<\/p>\n","protected":false},"excerpt":{"rendered":"<p>Soutien \u00e0 la diffusion des travaux de recherche et de cr\u00e9ation 750,00$\u00a0 (2022-2023) Programme de soutien au d\u00e9veloppement de la recherche et cr\u00e9ation (PSDrc)\u00a0de l\u2019Universit\u00e9 du Qu\u00e9bec \u00e0 Chicoutimi (UQAC), Chicoutimi Financement dans le cadre du Programme de soutien au d\u00e9veloppement de la mission universitaire \u2013 Subventions \u2013 Soutien \u00e0 la diffusion (2022) Mission universitaire &hellip; <a href=\"https:\/\/portfolio.uqac.ca\/emiliehudon\/recherche\/\" class=\"more-link\">Continuer la lecture de <span class=\"screen-reader-text\">Subventions<\/span>  <span class=\"meta-nav\">&rarr;<\/span><\/a><\/p>\n","protected":false},"author":335,"featured_media":0,"parent":0,"menu_order":0,"comment_status":"closed","ping_status":"closed","template":"","meta":{"footnotes":""},"tags":[],"_links":{"self":[{"href":"https:\/\/portfolio.uqac.ca\/emiliehudon\/wp-json\/wp\/v2\/pages\/46"}],"collection":[{"href":"https:\/\/portfolio.uqac.ca\/emiliehudon\/wp-json\/wp\/v2\/pages"}],"about":[{"href":"https:\/\/portfolio.uqac.ca\/emiliehudon\/wp-json\/wp\/v2\/types\/page"}],"author":[{"embeddable":true,"href":"https:\/\/portfolio.uqac.ca\/emiliehudon\/wp-json\/wp\/v2\/users\/335"}],"replies":[{"embeddable":true,"href":"https:\/\/portfolio.uqac.ca\/emiliehudon\/wp-json\/wp\/v2\/comments?post=46"}],"version-history":[{"count":6,"href":"https:\/\/portfolio.uqac.ca\/emiliehudon\/wp-json\/wp\/v2\/pages\/46\/revisions"}],"predecessor-version":[{"id":310,"href":"https:\/\/portfolio.uqac.ca\/emiliehudon\/wp-json\/wp\/v2\/pages\/46\/revisions\/310"}],"wp:attachment":[{"href":"https:\/\/portfolio.uqac.ca\/emiliehudon\/wp-json\/wp\/v2\/media?parent=46"}],"wp:term":[{"taxonomy":"post_tag","embeddable":true,"href":"https:\/\/portfolio.uqac.ca\/emiliehudon\/wp-json\/wp\/v2\/tags?post=46"}],"curies":[{"name":"wp","href":"https:\/\/api.w.org\/{rel}","templated":true}]}}