{"id":18,"date":"2012-07-23T20:05:15","date_gmt":"2012-07-23T20:05:15","guid":{"rendered":"http:\/\/portfolio-pre.uqac.ca\/gabarit\/?page_id=18"},"modified":"2025-08-26T15:43:07","modified_gmt":"2025-08-26T19:43:07","slug":"enseignement","status":"publish","type":"page","link":"https:\/\/portfolio.uqac.ca\/ericbelanger\/enseignement\/","title":{"rendered":"Enseignement"},"content":{"rendered":"<h4><\/h4>\n<h4>Baccalaur\u00e9at en sciences comptables<\/h4>\n<ul>\n<li><a href=\"https:\/\/cours.uqac.ca\/2CTB310\" target=\"_blank\" rel=\"noopener\">2CTB310<\/a>: Fiscalit\u00e9 fondamentale (depuis 2021)<\/li>\n<li><a href=\"https:\/\/cours.uqac.ca\/2CTB410\" target=\"_blank\" rel=\"noopener\">2CTB410<\/a>\u00a0: Fiscalit\u00e9 avanc\u00e9e (depuis 2012)<\/li>\n<li><span style=\"line-height: 1.5\"><a href=\"https:\/\/cours.uqac.ca\/2CTB510\" target=\"_blank\" rel=\"noopener\">2CTB510<\/a>\u00a0: Fiscalit\u00e9 et planification (2012 \u00e0 2019)<\/span><\/li>\n<\/ul>\n<h4>Baccalaur\u00e9at en administration<\/h4>\n<ul>\n<li><span style=\"line-height: 1.5\"><a href=\"https:\/\/cours.uqac.ca\/2CTB232\" target=\"_blank\" rel=\"noopener\">2CTB232<\/a> : Syst\u00e8me fiscal canadien (2012 \u00e0 2024)<\/span><\/li>\n<\/ul>\n<h4>Prop\u00e9deutique pour l&#8217;admission au Dipl\u00f4me d&#8217;\u00e9tudes sup\u00e9rieures sp\u00e9cialis\u00e9es en sciences comptables<\/h4>\n<ul>\n<li><a href=\"https:\/\/cours.uqac.ca\/2CTB622\" target=\"_blank\" rel=\"noopener\">2CTB622<\/a> : Activit\u00e9 de synth\u00e8se en fiscalit\u00e9 (depuis 2015)<\/li>\n<\/ul>\n<h4>Dipl\u00f4me d&#8217;\u00e9tudes sup\u00e9rieures sp\u00e9cialis\u00e9es en sciences comptables<\/h4>\n<ul>\n<li><a href=\"https:\/\/cours.uqac.ca\/2MSC831\" target=\"_blank\" rel=\"noopener\">2MSC831<\/a> : Comptabilit\u00e9 g\u00e9n\u00e9rale et information financi\u00e8re (2014 \u00e0 2021)<\/li>\n<li><a href=\"https:\/\/cours.uqac.ca\/2MSC840\" target=\"_blank\" rel=\"noopener\">2MSC840<\/a> : Lectures dirig\u00e9es en sciences comptables (2015 \u00e0 2017)<\/li>\n<\/ul>\n","protected":false},"excerpt":{"rendered":"<p>Baccalaur\u00e9at en sciences comptables 2CTB310: Fiscalit\u00e9 fondamentale (depuis 2021) 2CTB410\u00a0: Fiscalit\u00e9 avanc\u00e9e (depuis 2012) 2CTB510\u00a0: Fiscalit\u00e9 et planification (2012 \u00e0 2019) Baccalaur\u00e9at en administration 2CTB232 : Syst\u00e8me fiscal canadien (2012 \u00e0 2024) Prop\u00e9deutique pour l&#8217;admission au Dipl\u00f4me d&#8217;\u00e9tudes sup\u00e9rieures sp\u00e9cialis\u00e9es en sciences comptables 2CTB622 : Activit\u00e9 de synth\u00e8se en fiscalit\u00e9 (depuis 2015) Dipl\u00f4me d&#8217;\u00e9tudes sup\u00e9rieures &hellip; <a href=\"https:\/\/portfolio.uqac.ca\/ericbelanger\/enseignement\/\" class=\"more-link\">Continuer la lecture de <span class=\"screen-reader-text\">Enseignement<\/span>  <span class=\"meta-nav\">&rarr;<\/span><\/a><\/p>\n","protected":false},"author":191,"featured_media":0,"parent":0,"menu_order":0,"comment_status":"closed","ping_status":"closed","template":"","meta":{"footnotes":""},"tags":[],"_links":{"self":[{"href":"https:\/\/portfolio.uqac.ca\/ericbelanger\/wp-json\/wp\/v2\/pages\/18"}],"collection":[{"href":"https:\/\/portfolio.uqac.ca\/ericbelanger\/wp-json\/wp\/v2\/pages"}],"about":[{"href":"https:\/\/portfolio.uqac.ca\/ericbelanger\/wp-json\/wp\/v2\/types\/page"}],"author":[{"embeddable":true,"href":"https:\/\/portfolio.uqac.ca\/ericbelanger\/wp-json\/wp\/v2\/users\/191"}],"replies":[{"embeddable":true,"href":"https:\/\/portfolio.uqac.ca\/ericbelanger\/wp-json\/wp\/v2\/comments?post=18"}],"version-history":[{"count":15,"href":"https:\/\/portfolio.uqac.ca\/ericbelanger\/wp-json\/wp\/v2\/pages\/18\/revisions"}],"predecessor-version":[{"id":317,"href":"https:\/\/portfolio.uqac.ca\/ericbelanger\/wp-json\/wp\/v2\/pages\/18\/revisions\/317"}],"wp:attachment":[{"href":"https:\/\/portfolio.uqac.ca\/ericbelanger\/wp-json\/wp\/v2\/media?parent=18"}],"wp:term":[{"taxonomy":"post_tag","embeddable":true,"href":"https:\/\/portfolio.uqac.ca\/ericbelanger\/wp-json\/wp\/v2\/tags?post=18"}],"curies":[{"name":"wp","href":"https:\/\/api.w.org\/{rel}","templated":true}]}}