{"id":46,"date":"2012-07-24T14:17:13","date_gmt":"2012-07-24T14:17:13","guid":{"rendered":"http:\/\/portfolio-pre.uqac.ca\/gabarit\/?page_id=46"},"modified":"2025-08-26T15:43:56","modified_gmt":"2025-08-26T19:43:56","slug":"recherche","status":"publish","type":"page","link":"https:\/\/portfolio.uqac.ca\/ericbelanger\/recherche\/","title":{"rendered":"Publications"},"content":{"rendered":"<h3><\/h3>\n<p>(Liste s\u00e9lective)<\/p>\n<h1><strong><span style=\"text-decoration: underline\">Articles de revue avec jury\u00a0:<\/span><\/strong><\/h1>\n<p style=\"text-align: justify\">B\u00e9langer, \u00c9., Tremblay, M-E. (2017). \u00ab\u00a0Vers une simplification du syst\u00e8me fiscal? \u00bb, <em>Organisations et territoires,<\/em> vol. 26, no 1-2.<\/p>\n<p style=\"text-align: justify\">B\u00e9langer, \u00c9., Bachand, M. (2016). \u00ab\u00a0Acquisition de contr\u00f4le: le sens fiscal de la notion de contr\u00f4le\u00a0\u00bb, <em>Organisations et territoires<\/em>, vol. 25, no\u00a01.<\/p>\n<p style=\"text-align: justify\">B\u00e9langer, \u00c9. (2015). \u00ab\u00a0La position de l\u2019Agence du revenu du Canada dans la technique du pipeline en planification <em>post mortem<\/em>\u00a0\u00bb, <em>Organisations et territoires<\/em>, vol. 24, no 1.<\/p>\n<p style=\"text-align: justify\">B\u00e9langer, \u00c9. (2014).\u00a0\u00ab\u00a0<a href=\"https:\/\/portfolio.uqac.ca\/ericbelanger\/files\/2014\/08\/Revue-de-lAPFF.pdf\">La technique du pipeline en planification <em>post mortem<\/em>: La position de l&#8217;Agence du revenu du Canada est-elle erron\u00e9e?<\/a>\u00a0\u00bb,\u00a0 <em>Revue de planification fiscale et financi\u00e8re, vol. 34, n\u00b0 3.<\/em><\/p>\n<h1><strong><span style=\"text-decoration: underline\">Contribution \u00e0 un ouvrage collectif\u00a0:<\/span><\/strong><\/h1>\n<h4><em>\u00c0 titre de co-auteur d&#8217;un volume num\u00e9rique:<\/em><\/h4>\n<p>Bachand, M., B\u00e9langer, \u00c9., Lemelin, N., Boivin, N. (\u00c9dition 2025-2026). <em>R\u00e9organisations et planification fiscale<\/em>, Collection Fiscalit\u00e9 Expliqu\u00e9e, \u00e9dition en ligne.<\/p>\n<p>Bachand, M., B\u00e9langer, \u00c9., Lemelin, N., Boivin, N. (\u00c9dition 2024-2025). <em>R\u00e9organisations et planification fiscale<\/em>, Collection Fiscalit\u00e9 Expliqu\u00e9e, \u00e9dition en ligne.<\/p>\n<p>Bachand, M., B\u00e9langer, \u00c9., Lemelin, N., Boivin, N. (\u00c9dition 2023-2024). <em>R\u00e9organisations et planification fiscale<\/em>, Collection Fiscalit\u00e9 Expliqu\u00e9e, \u00e9dition en ligne.<\/p>\n<p style=\"text-align: justify\">Bachand, M., B\u00e9langer, \u00c9., Lemelin, N., Boivin, N. (\u00c9dition 2022-2023).\u00a0<em>R\u00e9organisations et planification fiscale<\/em>, Collection Fiscalit\u00e9 Expliqu\u00e9e, \u00e9dition en ligne.<\/p>\n<p style=\"text-align: justify\">Bachand, M., B\u00e9langer, \u00c9., Lemelin, N., Boivin, N. (\u00c9dition 2021-2022).\u00a0<em>R\u00e9organisations et planification fiscale<\/em>, Collection Fiscalit\u00e9 Expliqu\u00e9e, \u00e9dition en ligne.<\/p>\n<p style=\"text-align: justify\">Bachand, M., B\u00e9langer, \u00c9., Lemelin, N., Boivin, N. (\u00c9dition 2020-2021).\u00a0<em>R\u00e9organisations et planification fiscale<\/em>, Collection Fiscalit\u00e9 Expliqu\u00e9e, \u00e9dition en ligne.<\/p>\n<p style=\"text-align: justify\">Bachand, M., B\u00e9langer, \u00c9., Lemelin, N., Boivin, N. (\u00c9dition 2019-2020). <em>R\u00e9organisations et planification fiscale<\/em>, Collection Fiscalit\u00e9 Expliqu\u00e9e, \u00e9dition en ligne.<\/p>\n<p style=\"text-align: justify\">Bachand, M., B\u00e9langer, \u00c9., Lemelin, N., Boivin, N. (\u00c9dition 2018-2019). <em>R\u00e9organisations et planification fiscale<\/em>, Collection Fiscalit\u00e9 Expliqu\u00e9e, \u00e9dition en ligne.<\/p>\n<p style=\"text-align: justify\">Bachand, M., B\u00e9langer, \u00c9., Lemelin, N., Boivin, N. (\u00c9dition 2017-2018). <em>R\u00e9organisations et planification fiscale<\/em>, Collection Fiscalit\u00e9 Expliqu\u00e9e, \u00e9dition en ligne.<\/p>\n<p style=\"text-align: justify\">Bachand, M., B\u00e9langer, \u00c9., Lemelin, N., Boivin, N. (\u00c9dition 2016-2017). <em>R\u00e9organisations et planification fiscale<\/em>, Collection Fiscalit\u00e9 Expliqu\u00e9e, \u00e9dition en ligne.<\/p>\n<p style=\"text-align: justify\">Bachand, M., B\u00e9langer, \u00c9., Lemelin, N., Boivin, N. (\u00c9dition 2015-2016). <em>R\u00e9organisations et planification fiscale<\/em>, Collection Fiscalit\u00e9 Expliqu\u00e9e, \u00e9dition en ligne.<\/p>\n<p style=\"text-align: justify\">Bachand, M., B\u00e9langer, \u00c9., Lemelin, N., Boivin, N. (\u00c9dition 2014-2015). <em>R\u00e9organisations et planification fiscale<\/em>, Collection Fiscalit\u00e9 Expliqu\u00e9e, \u00e9dition en ligne.<\/p>\n","protected":false},"excerpt":{"rendered":"<p>(Liste s\u00e9lective) Articles de revue avec jury\u00a0: B\u00e9langer, \u00c9., Tremblay, M-E. (2017). \u00ab\u00a0Vers une simplification du syst\u00e8me fiscal? \u00bb, Organisations et territoires, vol. 26, no 1-2. B\u00e9langer, \u00c9., Bachand, M. (2016). \u00ab\u00a0Acquisition de contr\u00f4le: le sens fiscal de la notion de contr\u00f4le\u00a0\u00bb, Organisations et territoires, vol. 25, no\u00a01. B\u00e9langer, \u00c9. (2015). \u00ab\u00a0La position de l\u2019Agence &hellip; <a href=\"https:\/\/portfolio.uqac.ca\/ericbelanger\/recherche\/\" class=\"more-link\">Continuer la lecture de <span class=\"screen-reader-text\">Publications<\/span>  <span class=\"meta-nav\">&rarr;<\/span><\/a><\/p>\n","protected":false},"author":191,"featured_media":0,"parent":0,"menu_order":0,"comment_status":"closed","ping_status":"closed","template":"","meta":{"footnotes":""},"tags":[],"_links":{"self":[{"href":"https:\/\/portfolio.uqac.ca\/ericbelanger\/wp-json\/wp\/v2\/pages\/46"}],"collection":[{"href":"https:\/\/portfolio.uqac.ca\/ericbelanger\/wp-json\/wp\/v2\/pages"}],"about":[{"href":"https:\/\/portfolio.uqac.ca\/ericbelanger\/wp-json\/wp\/v2\/types\/page"}],"author":[{"embeddable":true,"href":"https:\/\/portfolio.uqac.ca\/ericbelanger\/wp-json\/wp\/v2\/users\/191"}],"replies":[{"embeddable":true,"href":"https:\/\/portfolio.uqac.ca\/ericbelanger\/wp-json\/wp\/v2\/comments?post=46"}],"version-history":[{"count":54,"href":"https:\/\/portfolio.uqac.ca\/ericbelanger\/wp-json\/wp\/v2\/pages\/46\/revisions"}],"predecessor-version":[{"id":318,"href":"https:\/\/portfolio.uqac.ca\/ericbelanger\/wp-json\/wp\/v2\/pages\/46\/revisions\/318"}],"wp:attachment":[{"href":"https:\/\/portfolio.uqac.ca\/ericbelanger\/wp-json\/wp\/v2\/media?parent=46"}],"wp:term":[{"taxonomy":"post_tag","embeddable":true,"href":"https:\/\/portfolio.uqac.ca\/ericbelanger\/wp-json\/wp\/v2\/tags?post=46"}],"curies":[{"name":"wp","href":"https:\/\/api.w.org\/{rel}","templated":true}]}}