{"id":4,"date":"2012-07-23T17:46:31","date_gmt":"2012-07-23T17:46:31","guid":{"rendered":"http:\/\/portfolio-pre.uqac.ca\/gabarit\/?page_id=4"},"modified":"2025-08-26T15:54:34","modified_gmt":"2025-08-26T19:54:34","slug":"presentatio","status":"publish","type":"page","link":"https:\/\/portfolio.uqac.ca\/ericjean\/","title":{"rendered":"Pr\u00e9sentation"},"content":{"rendered":"<h2><a href=\"https:\/\/portfolio.uqac.ca\/ericjean\/files\/2012\/07\/DSC_9678.jpg\"><img loading=\"lazy\" decoding=\"async\" class=\"alignnone wp-image-160 size-medium\" src=\"https:\/\/portfolio.uqac.ca\/ericjean\/files\/2012\/07\/DSC_9678-192x300.jpg\" width=\"192\" height=\"300\" srcset=\"https:\/\/portfolio.uqac.ca\/ericjean\/files\/2012\/07\/DSC_9678-192x300.jpg 192w, https:\/\/portfolio.uqac.ca\/ericjean\/files\/2012\/07\/DSC_9678-768x1200.jpg 768w, https:\/\/portfolio.uqac.ca\/ericjean\/files\/2012\/07\/DSC_9678-656x1024.jpg 656w\" sizes=\"(max-width: 192px) 100vw, 192px\" \/><\/a><\/h2>\n<h2>Eric Jean, Ph.D.<\/h2>\n<p><strong>Professeur titulaire en gestion des ressources humaines<\/strong><br \/>\nD\u00e9partement des\u00a0sciences \u00e9conomiques et administratives<\/p>\n<p>Je d\u00e9tient\u00a0un doctorat en psychologie du travail (Ph.D.), une maitrise en administration des affaires (MBA) et une formation de premier cycle en relations industrielles (B.A.).<\/p>\n<p>J&#8217;ai \u0153uvr\u00e9 de nombreuse ann\u00e9es \u00e0 titre de professionnel\u00a0et gestionnaire en ressources humaines avant d&#8217;entreprendre une carri\u00e8re universitaire comme professeur-chercheur.<\/p>\n<p>Je dirige actuellement la revue scientifique en libre acc\u00e8s <a href=\"https:\/\/revues.uqac.ca\/index.php\/ad_machina\"><em>Ad machina<\/em><\/a> portant sur l&#8217;humain au travail.<\/p>\n<p>Je suis membre de l&#8217;Ordre des conseillers en gestion des ressources humaines du Qu\u00e9bec (CRHA), certifi\u00e9 pour l&#8217;utilisation professionnelle de l&#8217;approche par comp\u00e9tences\u00a0TRIMA\u00ae ainsi que pour\u00a0l\u2019indicateur des types psychologiques Myers-Briggs\u00ae (MBTI).<\/p>\n<p>Je suis \u00e9galement facilitateur\u00a0<em>LEGO\u00ae\u00a0SERIOUS PLAY\u00ae<\/em> pour le d\u00e9veloppement des individus, des \u00e9quipes et des organisations. J&#8217;ai \u00e9t\u00e9 form\u00e9 par Robert Rasmussen, principal architecte de la m\u00e9thode LSP<em>.\u00a0<\/em><\/p>\n<h2>Champs d&#8217;int\u00e9r\u00eat<\/h2>\n<p>Gestion des ressources humaines, accompagnement des gestionnaires, approches cr\u00e9atives d&#8217;intervention et de recherche en gestion.<\/p>\n","protected":false},"excerpt":{"rendered":"<p>Eric Jean, Ph.D. Professeur titulaire en gestion des ressources humaines D\u00e9partement des\u00a0sciences \u00e9conomiques et administratives Je d\u00e9tient\u00a0un doctorat en psychologie du travail (Ph.D.), une maitrise en administration des affaires (MBA) et une formation de premier cycle en relations industrielles (B.A.). J&#8217;ai \u0153uvr\u00e9 de nombreuse ann\u00e9es \u00e0 titre de professionnel\u00a0et gestionnaire en ressources humaines avant d&#8217;entreprendre &hellip; <a href=\"https:\/\/portfolio.uqac.ca\/ericjean\/\" class=\"more-link\">Continuer la lecture de <span class=\"screen-reader-text\">Pr\u00e9sentation<\/span>  <span class=\"meta-nav\">&rarr;<\/span><\/a><\/p>\n","protected":false},"author":128,"featured_media":0,"parent":0,"menu_order":0,"comment_status":"closed","ping_status":"closed","template":"","meta":{"footnotes":""},"tags":[6,12,10],"_links":{"self":[{"href":"https:\/\/portfolio.uqac.ca\/ericjean\/wp-json\/wp\/v2\/pages\/4"}],"collection":[{"href":"https:\/\/portfolio.uqac.ca\/ericjean\/wp-json\/wp\/v2\/pages"}],"about":[{"href":"https:\/\/portfolio.uqac.ca\/ericjean\/wp-json\/wp\/v2\/types\/page"}],"author":[{"embeddable":true,"href":"https:\/\/portfolio.uqac.ca\/ericjean\/wp-json\/wp\/v2\/users\/128"}],"replies":[{"embeddable":true,"href":"https:\/\/portfolio.uqac.ca\/ericjean\/wp-json\/wp\/v2\/comments?post=4"}],"version-history":[{"count":40,"href":"https:\/\/portfolio.uqac.ca\/ericjean\/wp-json\/wp\/v2\/pages\/4\/revisions"}],"predecessor-version":[{"id":231,"href":"https:\/\/portfolio.uqac.ca\/ericjean\/wp-json\/wp\/v2\/pages\/4\/revisions\/231"}],"wp:attachment":[{"href":"https:\/\/portfolio.uqac.ca\/ericjean\/wp-json\/wp\/v2\/media?parent=4"}],"wp:term":[{"taxonomy":"post_tag","embeddable":true,"href":"https:\/\/portfolio.uqac.ca\/ericjean\/wp-json\/wp\/v2\/tags?post=4"}],"curies":[{"name":"wp","href":"https:\/\/api.w.org\/{rel}","templated":true}]}}