{"id":46,"date":"2012-07-24T14:17:13","date_gmt":"2012-07-24T14:17:13","guid":{"rendered":"http:\/\/portfolio-pre.uqac.ca\/gabarit\/?page_id=46"},"modified":"2024-11-11T13:10:03","modified_gmt":"2024-11-11T18:10:03","slug":"recherche","status":"publish","type":"page","link":"https:\/\/portfolio.uqac.ca\/ericjean\/recherche\/","title":{"rendered":"Recherche"},"content":{"rendered":"<p><b>Eric Jean<\/b>, docteur en psychologie du travail. Sa th\u00e8se\u00a0traite de la r\u00e9solution des conflits interr\u00f4les et la sant\u00e9 psychologique des gestionnaires et les professionnels.<\/p>\n<p>Son expertise est ax\u00e9e sur la gestion des ressources humaines. Ses int\u00e9r\u00eats de recherche et de vulgarisation scientifique portent sur la r\u00e9solution de probl\u00e8mes sociaux, la cr\u00e9ativit\u00e9, l&#8217;apprentissage universitaire par objet tangible (<em>thinking with things<\/em>), le contexte projet et l&#8217;accompagnement des gestionnaires.<\/p>\n<p>Le professeur Jean dirige la revue scientifique sur l&#8217;avenir de l&#8217;humain au\u00a0travail <a href=\"https:\/\/admachina.org\">Ad machina<\/a>.<\/p>\n<p><strong>Th\u00e8se<\/strong><\/p>\n<p><span class=\"person_name\">Jean, Eric<\/span>\u00a0(2012).\u00a0<a href=\"https:\/\/depot-e.uqtr.ca\/5195\/\" target=\"_blank\" rel=\"noopener\"><em>Conflits interr\u00f4les et d\u00e9tresse psychologique des hommes gestionnaires ou professionnels : le r\u00f4le m\u00e9diateur de la r\u00e9solution de probl\u00e8mes sociaux.<\/em><\/a>\u00a0Th\u00e8se.\u00a0Trois-Rivi\u00e8res, Universit\u00e9 du Qu\u00e9bec \u00e0 Trois-Rivi\u00e8res, 210 p.<\/p>\n","protected":false},"excerpt":{"rendered":"<p>Eric Jean, docteur en psychologie du travail. Sa th\u00e8se\u00a0traite de la r\u00e9solution des conflits interr\u00f4les et la sant\u00e9 psychologique des gestionnaires et les professionnels. Son expertise est ax\u00e9e sur la gestion des ressources humaines. Ses int\u00e9r\u00eats de recherche et de vulgarisation scientifique portent sur la r\u00e9solution de probl\u00e8mes sociaux, la cr\u00e9ativit\u00e9, l&#8217;apprentissage universitaire par objet &hellip; <a href=\"https:\/\/portfolio.uqac.ca\/ericjean\/recherche\/\" class=\"more-link\">Continuer la lecture de <span class=\"screen-reader-text\">Recherche<\/span>  <span class=\"meta-nav\">&rarr;<\/span><\/a><\/p>\n","protected":false},"author":128,"featured_media":0,"parent":0,"menu_order":0,"comment_status":"closed","ping_status":"closed","template":"","meta":{"footnotes":""},"tags":[],"_links":{"self":[{"href":"https:\/\/portfolio.uqac.ca\/ericjean\/wp-json\/wp\/v2\/pages\/46"}],"collection":[{"href":"https:\/\/portfolio.uqac.ca\/ericjean\/wp-json\/wp\/v2\/pages"}],"about":[{"href":"https:\/\/portfolio.uqac.ca\/ericjean\/wp-json\/wp\/v2\/types\/page"}],"author":[{"embeddable":true,"href":"https:\/\/portfolio.uqac.ca\/ericjean\/wp-json\/wp\/v2\/users\/128"}],"replies":[{"embeddable":true,"href":"https:\/\/portfolio.uqac.ca\/ericjean\/wp-json\/wp\/v2\/comments?post=46"}],"version-history":[{"count":14,"href":"https:\/\/portfolio.uqac.ca\/ericjean\/wp-json\/wp\/v2\/pages\/46\/revisions"}],"predecessor-version":[{"id":222,"href":"https:\/\/portfolio.uqac.ca\/ericjean\/wp-json\/wp\/v2\/pages\/46\/revisions\/222"}],"wp:attachment":[{"href":"https:\/\/portfolio.uqac.ca\/ericjean\/wp-json\/wp\/v2\/media?parent=46"}],"wp:term":[{"taxonomy":"post_tag","embeddable":true,"href":"https:\/\/portfolio.uqac.ca\/ericjean\/wp-json\/wp\/v2\/tags?post=46"}],"curies":[{"name":"wp","href":"https:\/\/api.w.org\/{rel}","templated":true}]}}

<p><b>Eric Jean</b>, docteur en psychologie du travail. Sa thèse traite de la résolution des conflits interrôles et la santé psychologique des gestionnaires et les professionnels.</p>
<p>Son expertise est axée sur la gestion des ressources humaines. Ses intérêts de recherche et de vulgarisation scientifique portent sur la résolution de problèmes sociaux, la créativité, l&#8217;apprentissage universitaire par objet tangible (<em>thinking with things</em>), le contexte projet et l&#8217;accompagnement des gestionnaires.</p>
<p>Le professeur Jean dirige la revue scientifique sur l&#8217;avenir de l&#8217;humain au travail <a href="https://admachina.org">Ad machina</a>.</p>
<p><strong>Thèse</strong></p>
<p><span class="person_name">Jean, Eric</span> (2012). <a href="https://depot-e.uqtr.ca/5195/" target="_blank" rel="noopener"><em>Conflits interrôles et détresse psychologique des hommes gestionnaires ou professionnels : le rôle médiateur de la résolution de problèmes sociaux.</em></a> Thèse. Trois-Rivières, Université du Québec à Trois-Rivières, 210 p.</p>

<p>Eric Jean, docteur en psychologie du travail. Sa thèse traite de la résolution des conflits interrôles et la santé psychologique des gestionnaires et les professionnels. Son expertise est axée sur la gestion des ressources humaines. Ses intérêts de recherche et de vulgarisation scientifique portent sur la résolution de problèmes sociaux, la créativité, l&#8217;apprentissage universitaire par objet &hellip; <a href="https://portfolio.uqac.ca/ericjean/recherche/" class="more-link">Continuer la lecture de <span class="screen-reader-text">Recherche</span>  <span class="meta-nav">&rarr;</span></a></p>
