{"id":209,"date":"2021-08-25T08:02:24","date_gmt":"2021-08-25T12:02:24","guid":{"rendered":"http:\/\/portfolio-pre.uqac.ca\/etienneroygregoire\/?page_id=209"},"modified":"2021-08-25T08:02:41","modified_gmt":"2021-08-25T12:02:41","slug":"rapports-techniques-et-notes-de-recherche","status":"publish","type":"page","link":"https:\/\/portfolio.uqac.ca\/etienneroygregoire\/rapports-techniques-et-notes-de-recherche\/","title":{"rendered":"Rapports techniques et notes de recherche"},"content":{"rendered":"<p>Hatcher, E. Roy Gr\u00e9goire et B. Campbell (2016). <em>The Political Economy of Enhancing Children\u2019s Rights through Mineral Rent: The Case of Mongolia<\/em>, UNRISD, Working Paper 2016-7, Geneva, 52 p., <a href=\"https:\/\/www.unrisd.org\/hatcher-et-al\">www.unrisd.org\/hatcher-et-al<\/a>.<\/p>\n<p>Mining Watch Canada et E. Roy Gr\u00e9goire\u00a0 (2009). <em>Land and Conflict: Resource Extraction, Human Rights and Corporate Social Responsibility in Colombia<\/em>, Inter Pares, Ottawa, 76 p., <a href=\"https:\/\/interpares.ca\/sites\/default\/files\/resources\/2009-09LandAndConflictResourceExtractionHumanRightsAndCorporateSocialResponsibility.pdf\">interpares.ca\/sites\/default\/files\/resources\/2009-09LandAndConflictResourceExtractionHumanRightsAndCorporateSocialResponsibility.pdf<\/a>.<\/p>\n<p>Roy Gr\u00e9goire, E. (2006). \u00ab\u00a0Acompa\u00f1amiento a Defensoras y Defensores de Derechos Humanos que Luchan Contra la Impunidad en Guatemala\u00a0\u00bb [Accompagnement \u00e0 des d\u00e9fenseurs de droits humains luttant contre l\u2019impunit\u00e9 au Guatemala],<em> Informe de Observaci\u00f3n <\/em>[Rapport d\u2019observation]<em>,<\/em> Coordination de l\u2019accompagnement international au Guatemala (CAIG-ACOGUATE), Guatemala, 12\u00a0p.<\/p>\n<p><strong>Notes de recherche<\/strong><\/p>\n<p>Roy Gr\u00e9goire, E. (2009). \u00ab\u00a0\u00c9volution de la politique \u00e9trang\u00e8re canadienne concernant la transition d\u00e9mocratique au Guatemala\u00a0\u00bb, <em>Collaboration sp\u00e9ciale<\/em>, Chaire C. A. Poissant de recherche sur la gouvernance et l\u2019aide au d\u00e9veloppement, UQAM, Montr\u00e9al, 25\u00a0p.,<br \/>\n<a href=\"https:\/\/ieim.uqam.ca\/IMG\/pdf\/Collaboration_speciale_Etienne_Roy_Gregoire_Canada_Guatemala.pdf\">ieim.uqam.ca\/IMG\/pdf\/Collaboration_speciale_Etienne_Roy_Gregoire_Canada_Guatemala.pdf<\/a>.<\/p>\n<p>Roy Gr\u00e9goire, E. (2009). \u00ab\u00a0Le trait\u00e9 de libre-\u00e9change Canada-Colombie et les droits de la personne. Les d\u00e9fis de la coh\u00e9rence dans le politique \u00e9trang\u00e8re canadienne\u00a0\u00bb, <em>Cahiers de recherche<\/em>, Centre d\u2019\u00e9tude sur l\u2019int\u00e9gration et la mondialisation, UQAM, Montr\u00e9al, 45\u00a0p., <a href=\"https:\/\/ieim.uqam.ca\/IMG\/pdf\/GGT.cahier.roy.greg.doc.pdf\">ieim.uqam.ca\/IMG\/pdf\/GGT.cahier.roy.greg.doc.pdf<\/a>.<\/p>\n<p>Roy Gr\u00e9goire, E. (2009). \u00ab\u00a0L\u2019aide publique au d\u00e9veloppement des Pays-Bas\u00a0\u00bb, <em>Collaboration sp\u00e9ciale<\/em>, Chaire C. A. Poissant de recherche sur la gouvernance et l\u2019aide au d\u00e9veloppement, UQAM, 14\u00a0p., <a href=\"https:\/\/ieim.uqam.ca\/spip.php?page=article-ameriques&amp;id_article=4995\">ieim.uqam.ca\/spip.php?page=article-ameriques&amp;id_article=4995<\/a>.<\/p>\n","protected":false},"excerpt":{"rendered":"<p>Hatcher, E. Roy Gr\u00e9goire et B. Campbell (2016). The Political Economy of Enhancing Children\u2019s Rights through Mineral Rent: The Case of Mongolia, UNRISD, Working Paper 2016-7, Geneva, 52 p., www.unrisd.org\/hatcher-et-al. Mining Watch Canada et E. Roy Gr\u00e9goire\u00a0 (2009). Land and Conflict: Resource Extraction, Human Rights and Corporate Social Responsibility in Colombia, Inter Pares, Ottawa, 76 &hellip; <a href=\"https:\/\/portfolio.uqac.ca\/etienneroygregoire\/rapports-techniques-et-notes-de-recherche\/\" class=\"more-link\">Continuer la lecture de <span class=\"screen-reader-text\">Rapports techniques et notes de recherche<\/span>  <span class=\"meta-nav\">&rarr;<\/span><\/a><\/p>\n","protected":false},"author":282,"featured_media":0,"parent":0,"menu_order":0,"comment_status":"closed","ping_status":"closed","template":"","meta":{"footnotes":""},"tags":[],"_links":{"self":[{"href":"https:\/\/portfolio.uqac.ca\/etienneroygregoire\/wp-json\/wp\/v2\/pages\/209"}],"collection":[{"href":"https:\/\/portfolio.uqac.ca\/etienneroygregoire\/wp-json\/wp\/v2\/pages"}],"about":[{"href":"https:\/\/portfolio.uqac.ca\/etienneroygregoire\/wp-json\/wp\/v2\/types\/page"}],"author":[{"embeddable":true,"href":"https:\/\/portfolio.uqac.ca\/etienneroygregoire\/wp-json\/wp\/v2\/users\/282"}],"replies":[{"embeddable":true,"href":"https:\/\/portfolio.uqac.ca\/etienneroygregoire\/wp-json\/wp\/v2\/comments?post=209"}],"version-history":[{"count":1,"href":"https:\/\/portfolio.uqac.ca\/etienneroygregoire\/wp-json\/wp\/v2\/pages\/209\/revisions"}],"predecessor-version":[{"id":210,"href":"https:\/\/portfolio.uqac.ca\/etienneroygregoire\/wp-json\/wp\/v2\/pages\/209\/revisions\/210"}],"wp:attachment":[{"href":"https:\/\/portfolio.uqac.ca\/etienneroygregoire\/wp-json\/wp\/v2\/media?parent=209"}],"wp:term":[{"taxonomy":"post_tag","embeddable":true,"href":"https:\/\/portfolio.uqac.ca\/etienneroygregoire\/wp-json\/wp\/v2\/tags?post=209"}],"curies":[{"name":"wp","href":"https:\/\/api.w.org\/{rel}","templated":true}]}}