{"id":25,"date":"2021-06-17T13:37:33","date_gmt":"2021-06-17T17:37:33","guid":{"rendered":"http:\/\/portfolio-pre.uqac.ca\/gabarit\/?page_id=25"},"modified":"2021-08-25T07:17:43","modified_gmt":"2021-08-25T11:17:43","slug":"communications","status":"publish","type":"page","link":"https:\/\/portfolio.uqac.ca\/etienneroygregoire\/communications\/","title":{"rendered":"Communications"},"content":{"rendered":"<p>Roy Gr\u00e9goire, E. (2021 \u2013 accept\u00e9e). \u00ab\u00a0Gubernamentalidad Extractiva Global y Enclaves Contrainsurgentes en Colombia\u00a0\u00bb [Gouvernementalit\u00e9 extractive et enclaves contre-insurectionnelles en Colombie], Congr\u00e8s annuel de l\u2019AC\u00c9LAC, Universit\u00e9 de Toronto [en ligne], 23-25 ao\u00fbt 2021.<\/p>\n<p>Roy Gr\u00e9goire, E, (2021 \u2013 sur invitation par le comit\u00e9 organisateur). \u00ab\u00a0Fonder les Ententes sur les r\u00e9percussions et les avantages (ERA) en droit autochtone\u00a0: enjeux et perspectives\u00a0\u00bb, Conf\u00e9rence annuelle de l\u2019Institut de d\u00e9veloppement durable des premi\u00e8res Nations du Qu\u00e9bec et du Labrador (IDDPNQL), Wendake [en ligne], juin.<\/p>\n<p>Roy Gr\u00e9goire, E. (2021 \u2013 accept\u00e9e). \u00ab\u00a0Global Extractive Governmentality and Counterinsurgency Enclaves in Colombia: Corporate Social Responsibility and the Limits of Post-Agreement \u2018Planes de Desarollo con Enfoque Territorial\u2019 (PDET)\u00a0\u00bb, Congr\u00e8s 2021 de la <em>Latin American Studies Association<\/em> (LASA), Vancouver [en ligne], 26-29 mai.<\/p>\n<p>Roy Gr\u00e9goire, E. (2021). \u00ab\u00a0Responsabilidad Social Corporativa y Criminalizaci\u00f3n en la Colombia pos-acuerdo\u00a0\u00bb [Responsabilit\u00e9 sociale des entreprises et criminalisation en Colombie post-accord]<em>, Understanding the criminalization of struggles for rights in comparative perspective: Impacts, resistances and transformations of democracy<\/em>, organis\u00e9 par M.-C. Doran, R. Pe\u00f1afiel et J. Velloso, Congr\u00e8s 2021 de la <em>International Sociological Association<\/em>, Porto Alegre \u2013 en ligne, 23-27 f\u00e9vrier.<\/p>\n<p>Roy Gr\u00e9goire, E. (2020 \u2013 accept\u00e9e, congr\u00e8s annul\u00e9). \u00ab\u00a0La Responsabilit\u00e9 sociale des entreprises comme r\u00e9gime de v\u00e9ridiction des p\u00e9riph\u00e9ries extractives\u00a0\u00bb, colloque <em>Que devient la p\u00e9riph\u00e9rie?<\/em>, organis\u00e9 par le Centre de recherche en d\u00e9veloppement territorial, Universit\u00e9 du Qu\u00e9bec \u00e0 Chicoutimi, dates pr\u00e9vues\u00a0: 2-3 avril.<\/p>\n<p>Roy Gr\u00e9goire, E. (2019). \u00ab\u00a0Hearts and Mines: What Corporate Social Responsibility does in Colombia\u2019s Mining Normative Ecosystem\u00a0\u00bb, congr\u00e8s annuel de l\u2019AC\u00c9LAC, York University, Toronto, 10-12 mai.<\/p>\n<p>Roy Gr\u00e9goire, E. (2018). \u00ab\u00a0Une g\u00e9n\u00e9alogie du dialogue. La \u2018philosophie politique mini\u00e8re\u2019 du Canada au Guatemala\u00a0\u00bb, panel <em>De la transformation et du sens de l\u2019\u00c9tat de droit: approches g\u00e9n\u00e9alogiques<\/em>, congr\u00e8s annuel de l\u2019AC\u00c9LAC, Montr\u00e9al, 16 mai.<\/p>\n<p>Roy Gr\u00e9goire, E. (2018). \u00ab\u00a0A Genealogy of Dialogue: Mining as a Vector of Political Philosophy in Guatemala\u00a0\u00bb, <em>Critical Perspectives on Resource Governance<\/em>, Conf\u00e9rence \u00e9tudiante du Groupe de recherche interdisciplinaire sur les territoires de l\u2019extractivisme (GRITE), Universit\u00e9 d\u2019Ottawa, 7 mai.<\/p>\n<p>Roy Gr\u00e9goire, E (2017) \u00ab\u00a0L\u2019activit\u00e9 mini\u00e8re et sa philosophie politique. Analyser l\u2019interaction entre ordres normatifs dans les territoires miniers colombiens\u00a0\u00bb, <em>Normative orderings, contested resource claims and emergent politics in the extractive industries sector in Africa, Asia, Latin America and Canada<\/em>, conf\u00e9rence organis\u00e9e par le CIRDIS (UQAM) et le Centre for Research on Latin America and the Caribbean (CERLAC-York), Montr\u00e9al, 29-30 septembre.<\/p>\n<p>Roy Gr\u00e9goire, E. (2016). \u00ab\u00a0La Responsabilidad Social Corporativa en Colombia y su Filosof\u00eda Pol\u00edtica\u00a0\u00bb [La Responsabilit\u00e9 sociale des entreprises et sa philosophie politique], <em>III Encuentro de Pensamiento Latinoamericano \u2013 Tierra, memoria y paz\u00a0: despliegues de lo possible <\/em>[III Rencontre de pens\u00e9e latinoam\u00e9ricaine \u2013 Terres, m\u00e9moire et paix\u00a0: d\u00e9ploiement des possibles], Universidad Aut\u00f3noma Latinoamericana, Medellin, 5-6 octobre.<\/p>\n<p>Roy Gr\u00e9goire, E. (2016). \u00ab\u00a0Derechos Humanos, institutionalizaci\u00f3n de la responsabilidad social y pacto social en Colombia\u00a0\u00bb [Droits humains, institutionnalisation de la Responsabilit\u00e9 sociale des entreprises et contrat social en Colombie], panel <em>Human Rights Performativity? Challenges for Guatemala and Colombia<\/em>, LASA, New York, 30 mai.<\/p>\n<p>Roy Gr\u00e9goire, E. (2015). \u00ab\u00a0Protecci\u00f3n de los Derechos Humanos y Justicia Transicional: Genocidio y Acompa\u00f1amiento Internacional en Guatemala\u00a0\u00bb [Protection des droits humains et justice transitionnelle\u00a0: G\u00e9nocide et accompagnement international au Guatemala], panel <em>\u2018Si, Hubo Genocidio\u2019: R\u00edos Montt and Racialized Justice in Guatemala<\/em>, LASA, San Juan, 27-30 juin.<\/p>\n<p>Roy Gr\u00e9goire, E. (2013). \u00ab\u00a0\u00bfQu\u00e9 metodolog\u00edas se pueden aplicar al impacto del TLC Canad\u00e1-Colombia sobre los derechos humanos?\u00a0\u00bb [Quelle m\u00e9thodologie appliquer \u00e0 l\u2019\u00e9tudes des impacts de l\u2019ALE Canada-Colombie sur les droits humains?], Congr\u00e8s annuel de l\u2019AC\u00c9LAC, Ottawa, 3-5 mai.<\/p>\n<p>Roy Gr\u00e9goire, E. (2010). \u00ab\u00a0La gouvernance du secteur minier: enjeux de coh\u00e9rence dans la politique \u00e9trang\u00e8re canadienne concernant des pays en situation de conflit ou post conflit\u00a0\u00bb, Congr\u00e8s annuel de l\u2019AC\u00c9LAC, Universit\u00e9 Concordia, Montr\u00e9al, 1-3 juin.<\/p>\n<p>Roy Gr\u00e9goire, E. (2010). \u00ab\u00a0Le R\u00f4le \u00e9quivoque de la communaut\u00e9 internationale dans le processus de transition d\u00e9mocratique au Guatemala\u00a0\u00bb, Conf\u00e9rence de l\u2019Association qu\u00e9b\u00e9coise de science politique, Universit\u00e9 Laval, Qu\u00e9bec, 20-21 mai.<\/p>\n","protected":false},"excerpt":{"rendered":"<p>Roy Gr\u00e9goire, E. (2021 \u2013 accept\u00e9e). \u00ab\u00a0Gubernamentalidad Extractiva Global y Enclaves Contrainsurgentes en Colombia\u00a0\u00bb [Gouvernementalit\u00e9 extractive et enclaves contre-insurectionnelles en Colombie], Congr\u00e8s annuel de l\u2019AC\u00c9LAC, Universit\u00e9 de Toronto [en ligne], 23-25 ao\u00fbt 2021. Roy Gr\u00e9goire, E, (2021 \u2013 sur invitation par le comit\u00e9 organisateur). \u00ab\u00a0Fonder les Ententes sur les r\u00e9percussions et les avantages (ERA) en &hellip; <a href=\"https:\/\/portfolio.uqac.ca\/etienneroygregoire\/communications\/\" class=\"more-link\">Continuer la lecture de <span class=\"screen-reader-text\">Communications<\/span>  <span class=\"meta-nav\">&rarr;<\/span><\/a><\/p>\n","protected":false},"author":89,"featured_media":0,"parent":0,"menu_order":0,"comment_status":"closed","ping_status":"closed","template":"","meta":{"footnotes":""},"tags":[],"_links":{"self":[{"href":"https:\/\/portfolio.uqac.ca\/etienneroygregoire\/wp-json\/wp\/v2\/pages\/25"}],"collection":[{"href":"https:\/\/portfolio.uqac.ca\/etienneroygregoire\/wp-json\/wp\/v2\/pages"}],"about":[{"href":"https:\/\/portfolio.uqac.ca\/etienneroygregoire\/wp-json\/wp\/v2\/types\/page"}],"author":[{"embeddable":true,"href":"https:\/\/portfolio.uqac.ca\/etienneroygregoire\/wp-json\/wp\/v2\/users\/89"}],"replies":[{"embeddable":true,"href":"https:\/\/portfolio.uqac.ca\/etienneroygregoire\/wp-json\/wp\/v2\/comments?post=25"}],"version-history":[{"count":8,"href":"https:\/\/portfolio.uqac.ca\/etienneroygregoire\/wp-json\/wp\/v2\/pages\/25\/revisions"}],"predecessor-version":[{"id":202,"href":"https:\/\/portfolio.uqac.ca\/etienneroygregoire\/wp-json\/wp\/v2\/pages\/25\/revisions\/202"}],"wp:attachment":[{"href":"https:\/\/portfolio.uqac.ca\/etienneroygregoire\/wp-json\/wp\/v2\/media?parent=25"}],"wp:term":[{"taxonomy":"post_tag","embeddable":true,"href":"https:\/\/portfolio.uqac.ca\/etienneroygregoire\/wp-json\/wp\/v2\/tags?post=25"}],"curies":[{"name":"wp","href":"https:\/\/api.w.org\/{rel}","templated":true}]}}

<p>Roy Grégoire, E. (2021 – acceptée). « Gubernamentalidad Extractiva Global y Enclaves Contrainsurgentes en Colombia » [Gouvernementalité extractive et enclaves contre-insurectionnelles en Colombie], Congrès annuel de l’ACÉLAC, Université de Toronto [en ligne], 23-25 août 2021.</p>
<p>Roy Grégoire, E, (2021 – sur invitation par le comité organisateur). « Fonder les Ententes sur les répercussions et les avantages (ERA) en droit autochtone : enjeux et perspectives », Conférence annuelle de l’Institut de développement durable des premières Nations du Québec et du Labrador (IDDPNQL), Wendake [en ligne], juin.</p>
<p>Roy Grégoire, E. (2021 – acceptée). « Global Extractive Governmentality and Counterinsurgency Enclaves in Colombia: Corporate Social Responsibility and the Limits of Post-Agreement ‘Planes de Desarollo con Enfoque Territorial’ (PDET) », Congrès 2021 de la <em>Latin American Studies Association</em> (LASA), Vancouver [en ligne], 26-29 mai.</p>
<p>Roy Grégoire, E. (2021). « Responsabilidad Social Corporativa y Criminalización en la Colombia pos-acuerdo » [Responsabilité sociale des entreprises et criminalisation en Colombie post-accord]<em>, Understanding the criminalization of struggles for rights in comparative perspective: Impacts, resistances and transformations of democracy</em>, organisé par M.-C. Doran, R. Peñafiel et J. Velloso, Congrès 2021 de la <em>International Sociological Association</em>, Porto Alegre – en ligne, 23-27 février.</p>
<p>Roy Grégoire, E. (2020 – acceptée, congrès annulé). « La Responsabilité sociale des entreprises comme régime de véridiction des périphéries extractives », colloque <em>Que devient la périphérie?</em>, organisé par le Centre de recherche en développement territorial, Université du Québec à Chicoutimi, dates prévues : 2-3 avril.</p>
<p>Roy Grégoire, E. (2019). « Hearts and Mines: What Corporate Social Responsibility does in Colombia’s Mining Normative Ecosystem », congrès annuel de l’ACÉLAC, York University, Toronto, 10-12 mai.</p>
<p>Roy Grégoire, E. (2018). « Une généalogie du dialogue. La ‘philosophie politique minière’ du Canada au Guatemala », panel <em>De la transformation et du sens de l’État de droit: approches généalogiques</em>, congrès annuel de l’ACÉLAC, Montréal, 16 mai.</p>
<p>Roy Grégoire, E. (2018). « A Genealogy of Dialogue: Mining as a Vector of Political Philosophy in Guatemala », <em>Critical Perspectives on Resource Governance</em>, Conférence étudiante du Groupe de recherche interdisciplinaire sur les territoires de l’extractivisme (GRITE), Université d’Ottawa, 7 mai.</p>
<p>Roy Grégoire, E (2017) « L’activité minière et sa philosophie politique. Analyser l’interaction entre ordres normatifs dans les territoires miniers colombiens », <em>Normative orderings, contested resource claims and emergent politics in the extractive industries sector in Africa, Asia, Latin America and Canada</em>, conférence organisée par le CIRDIS (UQAM) et le Centre for Research on Latin America and the Caribbean (CERLAC-York), Montréal, 29-30 septembre.</p>
<p>Roy Grégoire, E. (2016). « La Responsabilidad Social Corporativa en Colombia y su Filosofía Política » [La Responsabilité sociale des entreprises et sa philosophie politique], <em>III Encuentro de Pensamiento Latinoamericano – Tierra, memoria y paz : despliegues de lo possible </em>[III Rencontre de pensée latinoaméricaine – Terres, mémoire et paix : déploiement des possibles], Universidad Autónoma Latinoamericana, Medellin, 5-6 octobre.</p>
<p>Roy Grégoire, E. (2016). « Derechos Humanos, institutionalización de la responsabilidad social y pacto social en Colombia » [Droits humains, institutionnalisation de la Responsabilité sociale des entreprises et contrat social en Colombie], panel <em>Human Rights Performativity? Challenges for Guatemala and Colombia</em>, LASA, New York, 30 mai.</p>
<p>Roy Grégoire, E. (2015). « Protección de los Derechos Humanos y Justicia Transicional: Genocidio y Acompañamiento Internacional en Guatemala » [Protection des droits humains et justice transitionnelle : Génocide et accompagnement international au Guatemala], panel <em>‘Si, Hubo Genocidio’: Ríos Montt and Racialized Justice in Guatemala</em>, LASA, San Juan, 27-30 juin.</p>
<p>Roy Grégoire, E. (2013). « ¿Qué metodologías se pueden aplicar al impacto del TLC Canadá-Colombia sobre los derechos humanos? » [Quelle méthodologie appliquer à l’études des impacts de l’ALE Canada-Colombie sur les droits humains?], Congrès annuel de l’ACÉLAC, Ottawa, 3-5 mai.</p>
<p>Roy Grégoire, E. (2010). « La gouvernance du secteur minier: enjeux de cohérence dans la politique étrangère canadienne concernant des pays en situation de conflit ou post conflit », Congrès annuel de l’ACÉLAC, Université Concordia, Montréal, 1-3 juin.</p>
<p>Roy Grégoire, E. (2010). « Le Rôle équivoque de la communauté internationale dans le processus de transition démocratique au Guatemala », Conférence de l’Association québécoise de science politique, Université Laval, Québec, 20-21 mai.</p>

<p>Roy Grégoire, E. (2021 – acceptée). « Gubernamentalidad Extractiva Global y Enclaves Contrainsurgentes en Colombia » [Gouvernementalité extractive et enclaves contre-insurectionnelles en Colombie], Congrès annuel de l’ACÉLAC, Université de Toronto [en ligne], 23-25 août 2021. Roy Grégoire, E, (2021 – sur invitation par le comité organisateur). « Fonder les Ententes sur les répercussions et les avantages (ERA) en &hellip; <a href="https://portfolio.uqac.ca/etienneroygregoire/communications/" class="more-link">Continuer la lecture de <span class="screen-reader-text">Communications</span>  <span class="meta-nav">&rarr;</span></a></p>
