{"id":4,"date":"2021-06-17T13:37:33","date_gmt":"2021-06-17T17:37:33","guid":{"rendered":"http:\/\/portfolio-pre.uqac.ca\/gabarit\/?page_id=4"},"modified":"2024-11-27T15:58:03","modified_gmt":"2024-11-27T20:58:03","slug":"presentatio","status":"publish","type":"page","link":"https:\/\/portfolio.uqac.ca\/etienneroygregoire\/","title":{"rendered":"Pr\u00e9sentation"},"content":{"rendered":"<h2>\u00c9tienne Roy-Gr\u00e9goire<\/h2>\n<p>Professeur de science politique au d\u00e9partement des sciences humaines et sociales de l&#8217;Universit\u00e9 du Qu\u00e9bec \u00e0 Chicoutimi (UQAC).<\/p>\n<p>\u00c9tienne Roy Gr\u00e9goire d\u00e9tient un doctorat en sciences politiques de l&#8217;Universit\u00e9 d&#8217;Ottawa, une ma\u00eetrise en science politique de l\u2019Universit\u00e9 du Qu\u00e9bec \u00e0 Montr\u00e9al et un baccalaur\u00e9at en anthropologie de l\u2019Universit\u00e9 de Montr\u00e9al. Ses recherches portent sur les r\u00e9gimes politiques et les efforts d&#8217;autod\u00e9termination d\u00e9ploy\u00e9s sur la fronti\u00e8re extractive. Ses terrains se d\u00e9roulent \u00e0 l&#8217;interface de l&#8217;extractivisme et de l&#8217;autochtonie, particuli\u00e8rement au Canada et en Am\u00e9rique latine. Il a travaill\u00e9 plusieurs ann\u00e9es dans le domaine des droits humains en Colombie et au Guatemala.<\/p>\n<p>Il est responsable du <a href=\"https:\/\/www.uqac.ca\/lagopede\">Laboratoire Autod\u00e9terminations \/ Gouvernementalit\u00e9s et ontologies politiques extractives \/ D\u00e9marches enracin\u00e9es (Lagop\u00e8de)<\/a> et cotitulaire de la <a href=\"https:\/\/chaireunesco.uqac.ca\/la-chaire-unesco-collaboration\/\">Chaire UNESCO en transmission culturelle chez les Premiers Peuples comme dynamique de mieux-\u00eatre et d&#8217;empowerment<\/a>.<\/p>\n<p>Il est membre du <a href=\"https:\/\/ciera-recherches.ca\/\">Centre interuniversitaire d&#8217;\u00e9tudes et de recherches autochtones (CI\u00c9RA)<\/a> et du <a href=\"https:\/\/cicada.world\/\">Center for Indigenous Conservation and Development Alternatives (CICADA)<\/a>.<\/p>\n<h3>Champs d&#8217;int\u00e9r\u00eat<\/h3>\n<div class=\"id-banner\">\n<ul>\n<li>Industries extractives\u00a0: territoires et Peuples autochtones; innovations normatives; Responsabilit\u00e9 sociale des entreprises et License sociale d\u2019op\u00e9ration; conflits ontologiques; activit\u00e9s extractives en zone de conflit; contestations locales et internationales; orpailleur.e.s et mineurs \u00e0 petite \u00e9chelle<\/li>\n<li>Droits des Autochtones, syst\u00e8mes juridiques autochtones et inter-normativit\u00e9<\/li>\n<li>Entreprises et droits humains<\/li>\n<li>Th\u00e9orie globale\u00a0: pluralisme juridique transnational et droit global<\/li>\n<li>Approches socio-l\u00e9gales, analyse critique de discours et ethnographie sociojuridique<\/li>\n<li>Th\u00e9ories radicales et d\u00e9lib\u00e9ratives de la d\u00e9mocratie<\/li>\n<li>Culture globale et th\u00e9orie postcoloniale<\/li>\n<li>R\u00e9seaux transnationaux\u00a0: ONG, soci\u00e9t\u00e9 civile et d\u00e9veloppement<\/li>\n<li>Intervention humanitaire en zones de conflit et post-conflit<\/li>\n<li>Am\u00e9rique latine (Guatemala, Colombie)<\/li>\n<\/ul>\n<\/div>\n","protected":false},"excerpt":{"rendered":"<p>\u00c9tienne Roy-Gr\u00e9goire Professeur de science politique au d\u00e9partement des sciences humaines et sociales de l&#8217;Universit\u00e9 du Qu\u00e9bec \u00e0 Chicoutimi (UQAC). \u00c9tienne Roy Gr\u00e9goire d\u00e9tient un doctorat en sciences politiques de l&#8217;Universit\u00e9 d&#8217;Ottawa, une ma\u00eetrise en science politique de l\u2019Universit\u00e9 du Qu\u00e9bec \u00e0 Montr\u00e9al et un baccalaur\u00e9at en anthropologie de l\u2019Universit\u00e9 de Montr\u00e9al. Ses recherches portent &hellip; <a href=\"https:\/\/portfolio.uqac.ca\/etienneroygregoire\/\" class=\"more-link\">Continuer la lecture de <span class=\"screen-reader-text\">Pr\u00e9sentation<\/span>  <span class=\"meta-nav\">&rarr;<\/span><\/a><\/p>\n","protected":false},"author":89,"featured_media":0,"parent":0,"menu_order":0,"comment_status":"closed","ping_status":"closed","template":"","meta":{"footnotes":""},"tags":[],"_links":{"self":[{"href":"https:\/\/portfolio.uqac.ca\/etienneroygregoire\/wp-json\/wp\/v2\/pages\/4"}],"collection":[{"href":"https:\/\/portfolio.uqac.ca\/etienneroygregoire\/wp-json\/wp\/v2\/pages"}],"about":[{"href":"https:\/\/portfolio.uqac.ca\/etienneroygregoire\/wp-json\/wp\/v2\/types\/page"}],"author":[{"embeddable":true,"href":"https:\/\/portfolio.uqac.ca\/etienneroygregoire\/wp-json\/wp\/v2\/users\/89"}],"replies":[{"embeddable":true,"href":"https:\/\/portfolio.uqac.ca\/etienneroygregoire\/wp-json\/wp\/v2\/comments?post=4"}],"version-history":[{"count":25,"href":"https:\/\/portfolio.uqac.ca\/etienneroygregoire\/wp-json\/wp\/v2\/pages\/4\/revisions"}],"predecessor-version":[{"id":251,"href":"https:\/\/portfolio.uqac.ca\/etienneroygregoire\/wp-json\/wp\/v2\/pages\/4\/revisions\/251"}],"wp:attachment":[{"href":"https:\/\/portfolio.uqac.ca\/etienneroygregoire\/wp-json\/wp\/v2\/media?parent=4"}],"wp:term":[{"taxonomy":"post_tag","embeddable":true,"href":"https:\/\/portfolio.uqac.ca\/etienneroygregoire\/wp-json\/wp\/v2\/tags?post=4"}],"curies":[{"name":"wp","href":"https:\/\/api.w.org\/{rel}","templated":true}]}}