{"id":162,"date":"2022-09-13T10:47:56","date_gmt":"2022-09-13T14:47:56","guid":{"rendered":"http:\/\/portfolio-pre.uqac.ca\/gabarit\/?page_id=162"},"modified":"2025-05-21T18:37:18","modified_gmt":"2025-05-21T22:37:18","slug":"articles","status":"publish","type":"page","link":"https:\/\/portfolio.uqac.ca\/fernandaribeiro\/publications\/articles\/","title":{"rendered":"Articles publi\u00e9s"},"content":{"rendered":"<p>Milhomme Daniel, Perron Annie, Pinard Josyane, Houle Julie, Therrien Dominique, Peguero-Rodriguez Gabriela, Charette Sylvie, M\u00e9n\u00e9las Bob-Antoine-Jerry, Labb\u00e9e Dominique, Ribeiro Fernanda, Laverdi\u00e8re Roxanne, Tr\u00e9panier Myl\u00e8ne, Bouchard St\u00e9phane et Banville Fr\u00e9d\u00e9ric. (2023).\u00a0<a href=\"https:\/\/constellation.uqac.ca\/id\/eprint\/9969\/\">L\u2019Unit\u00e9 Virtuelle de Soins pour le d\u00e9veloppement de comp\u00e9tences relatives \u00e0 la surveillance clinique en contexte de soins critiques : une \u00e9tude qualitative descriptive.<\/a>\u00a0Quality Advancement in Nursing Education &#8211; Avanc\u00e9es en formation infirmi\u00e8re,\u00a09, (3),<\/p>\n<p>Dugas Marc-Olivier, Simard Laurie, Lehouillier Fr\u00e9d\u00e9rique, Blackburn Patricia, Ribeiro Fernanda, Chevrette Tommy et Lavalli\u00e8re Martin. (2020).\u00a0<a href=\"https:\/\/constellation.uqac.ca\/id\/eprint\/9979\/\">ACSM And FRIEND Running Equations, Are They Valid For Healthy Active Women?: Preliminary Results: 255 Board #71 May 27 9:30 AM &#8211; 11:00 AM.<\/a>\u00a0Medicine &amp; Science in Sports &amp; Exercise,\u00a052, (7S), p. 52.<\/p>\n<p>Ribeiro Fernanda, Oueslati Ferid, Saey Didier, L\u00e9pine Pierre-Alexis, Chambah Sana, Coats Val\u00e9rie et Maltais Fran\u00e7ois. (2019).\u00a0<a href=\"https:\/\/constellation.uqac.ca\/id\/eprint\/9970\/\">Cardiorespiratory and Muscle Oxygenation Responses to Isokinetic Exercise in Chronic Obstructive Pulmonary Disease.<\/a>\u200b\u200b\u200b\u200b\u200b\u200bMedicine &amp; Science in Sports &amp; Exercise,\u00a051, (5), p. 841-849.<\/p>\n<p>Coats Valerie, Ribeiro Fernanda, Tremblay Lise, Fortin Brigitte, Maltais Fran\u00e7ois et Saey Didier. (2015).\u00a0<a href=\"https:\/\/constellation.uqac.ca\/id\/eprint\/10000\/\">Mid-thigh cross-sectional area and lower limb muscle function in patients with lung cancer.<\/a>\u00a0European Respiratory Journal,\u00a046, (suppl. 59), e1552.<\/p>\n<p>Malenfant Simon, Potus Fran\u00e7ois, Mainguy Vincent, Leblanc Evelyne, Malenfant Mathieu, Ribeiro Fernanda, Saey Didier, Maltais Fran\u00e7ois, Bonnet S\u00e9bastien et Provencher Steeve. (2015).\u00a0<a href=\"https:\/\/constellation.uqac.ca\/id\/eprint\/9971\/\">Impaired Skeletal Muscle Oxygenation and Exercise Tolerance in Pulmonary Hypertension.<\/a>\u00a0Medicine &amp; Science in Sports &amp; Exercise,\u00a047, (11), p. 2273-2282.<\/p>\n<p>Ribeiro Fernanda, L\u00e9pine Pierre-Alexis, Garceau-Bolduc Corine, Coats Val\u00e9rie, Allard \u00c9tienne, Maltais Fran\u00e7ois et Saey Didier. (2015).\u00a0<a href=\"https:\/\/constellation.uqac.ca\/id\/eprint\/3321\/\">Test-retest reliability of lower limb isokinetic endurance in COPD : a comparison of angular velocities.<\/a>\u00a0International Journal of Chronic Obstructive Pulmonary Disease,\u00a010, p. 1163-1172.<\/p>\n<p>Bernard S., Ribeiro Fernanda, Maltais Fran\u00e7ois et Saey Didier. (2014).\u00a0<a href=\"https:\/\/constellation.uqac.ca\/id\/eprint\/3319\/\">Prescribing exercise training in pulmonary rehabilitation : a clinical experience.<\/a>\u00a0Revista portuguesa de pneumologia,\u00a020, (2), p. 92-100.<\/p>\n<p>Gagnon Philippe, Guenette Jordan A., Langer Daniel, Laviolette Louis, Mainguy Vincent, Maltais Fran\u00e7ois, Ribeiro Fernanda et Saey Didier. (2014).\u00a0<a href=\"https:\/\/constellation.uqac.ca\/id\/eprint\/3320\/\">Pathogenesis of hyperinflation in chronic obstructive pulmonary disease.<\/a>\u00a0International Journal of Chronic Obstructive Pulmonary Disease,\u00a09, p. 187-201.<\/p>\n<p>Potus Fran\u00e7ois, Malenfant Simon, Graydon Colin, Mainguy Vincent, Tremblay \u00c8ve, Breuils-Bonnet Sandra, Ribeiro Fernanda, Porlier Alexandra, Maltais Fran\u00e7ois, Bonnet S\u00e9bastien et Provencher Steeve. (2014).\u00a0<a href=\"https:\/\/constellation.uqac.ca\/id\/eprint\/9972\/\">Impaired Angiogenesis and Peripheral Muscle Microcirculation Loss Contribute to Exercise Intolerance in Pulmonary Arterial Hypertension.<\/a>\u00a0American Journal of Respiratory and Critical Care Medicine,\u00a0190, (3), p. 318-328.<\/p>\n<p>Ribeiro Fernanda, Coats Val\u00e9rie, Martin Micka\u00ebl, Maltais Fran\u00e7ois et Saey Didier. (2014).\u00a0<a href=\"https:\/\/constellation.uqac.ca\/id\/eprint\/9999\/\">Reliability Of Quadriceps Isokinetic Endurance Test In Patients With Chronic Obstructive Pulmonary Disease (COPD): A Comparison Of Angular Velocities.<\/a>\u00a0American Journal of Respiratory and Critical Care Medicine,\u00a0189, A4154.<\/p>\n<p>Coats Val\u00e9rie, Maltais Fran\u00e7ois, Simard S\u00e9bastien, Fr\u00e9chette \u00c9ric, Tremblay Lise, Ribeiro Fernanda et Saey Didier. (2013).\u00a0<a href=\"https:\/\/constellation.uqac.ca\/id\/eprint\/3316\/\">Feasibility and effectiveness of a home-based exercise training program before lung resection surgery.<\/a>\u00a0Canadian Respiratory Journal,\u00a020, (2), e10-e16.<\/p>\n<p>Gagnon Philippe, Maltais Fran\u00e7ois, Bouyer Laurent, Ribeiro Fernanda, Coats Val\u00e9rie, Brouillard Cynthia, No\u00ebl Martin, Rousseau-Gagnon Mathieu et Saey Didier. (2013).\u00a0<a href=\"https:\/\/constellation.uqac.ca\/id\/eprint\/9974\/\">Distal leg muscle function in patients with COPD.<\/a>\u00a0Journal of Chronic Obstructive Pulmonary Disease,\u00a010, (2), p. 235-242.<\/p>\n<p>Gagnon Philippe, Bussi\u00e8res Jean S., Ribeiro Fernanda, Gagnon Serge L., Saey Didier, Gagn\u00e9 Nathalie, Provencher Steeve et Maltais Fran\u00e7ois. (2012).\u00a0<a href=\"https:\/\/constellation.uqac.ca\/id\/eprint\/9975\/\">Influences of Spinal Anesthesia on Exercise Tolerance in Patients with Chronic Obstructive Pulmonary Disease.<\/a>\u00a0American Journal of Respiratory and Critical Care Medicine,\u00a0186, (7), p. 606-615.<\/p>\n<p>Saey Didier et Ribeiro Fernanda. (2011).\u00a0<a href=\"https:\/\/constellation.uqac.ca\/id\/eprint\/3326\/\">Resistance training preserves skeletal muscle function in patients with COPD who are hospitalised with an acute exacerbation.<\/a>\u00a0Journal of Physiotherapy,\u00a057, (3), p. 194.<\/p>\n<p>Rodrigues Sergio L., Melo e Silva Cesar A., Lima Tereza, de Assis Viegas Carlos A., Rodrigues Marcelo P. et Ribeiro Fernanda. (2009).\u00a0<a href=\"https:\/\/constellation.uqac.ca\/id\/eprint\/3317\/\">Influ\u00eancia da fun\u00e7\u00e3o pulmonar e da for\u00e7a muscular na capacidade funcional de portadores de doen\u00e7a pulmonar obstrutiva cr\u00f3nica = The influence of lung function and muscular strength on the functional capacity of chronic obstructive pulmonary disease patients.<\/a>\u00a0Revista portuguesa de pneumologia,\u00a015, (2), p. 199-214.<\/p>\n<p>Rodrigues Sergio L., Melo e Silva Cesar A., Amorim Cesar F., Lima Terezhina, Ribeiro Fernanda et de Assis Viegas Carlos A.. (2008).\u00a0<a href=\"https:\/\/constellation.uqac.ca\/id\/eprint\/3318\/\">Correla\u00e7\u00e3o entre hipoxemia moderada e fun\u00e7\u00e3o muscular esquel\u00e9tica perif\u00e9rica na doen\u00e7a pulmonar obstrutiva cr\u00f3nica : estudo piloto = Correlation between mild hypoxaemia and limb skeletal muscle function in chronic obstructive pulmonary disease : pilot study.<\/a>\u00a0Revista portuguesa de pneumologia,\u00a014, (6), p. 769-785.<\/p>\n","protected":false},"excerpt":{"rendered":"<p>Milhomme Daniel, Perron Annie, Pinard Josyane, Houle Julie, Therrien Dominique, Peguero-Rodriguez Gabriela, Charette Sylvie, M\u00e9n\u00e9las Bob-Antoine-Jerry, Labb\u00e9e Dominique, Ribeiro Fernanda, Laverdi\u00e8re Roxanne, Tr\u00e9panier Myl\u00e8ne, Bouchard St\u00e9phane et Banville Fr\u00e9d\u00e9ric. (2023).\u00a0L\u2019Unit\u00e9 Virtuelle de Soins pour le d\u00e9veloppement de comp\u00e9tences relatives \u00e0 la surveillance clinique en contexte de soins critiques : une \u00e9tude qualitative descriptive.\u00a0Quality Advancement in &hellip; <a href=\"https:\/\/portfolio.uqac.ca\/fernandaribeiro\/publications\/articles\/\" class=\"more-link\">Continuer la lecture de <span class=\"screen-reader-text\">Articles publi\u00e9s<\/span>  <span class=\"meta-nav\">&rarr;<\/span><\/a><\/p>\n","protected":false},"author":353,"featured_media":0,"parent":20,"menu_order":1,"comment_status":"closed","ping_status":"closed","template":"","meta":{"footnotes":""},"tags":[],"_links":{"self":[{"href":"https:\/\/portfolio.uqac.ca\/fernandaribeiro\/wp-json\/wp\/v2\/pages\/162"}],"collection":[{"href":"https:\/\/portfolio.uqac.ca\/fernandaribeiro\/wp-json\/wp\/v2\/pages"}],"about":[{"href":"https:\/\/portfolio.uqac.ca\/fernandaribeiro\/wp-json\/wp\/v2\/types\/page"}],"author":[{"embeddable":true,"href":"https:\/\/portfolio.uqac.ca\/fernandaribeiro\/wp-json\/wp\/v2\/users\/353"}],"replies":[{"embeddable":true,"href":"https:\/\/portfolio.uqac.ca\/fernandaribeiro\/wp-json\/wp\/v2\/comments?post=162"}],"version-history":[{"count":17,"href":"https:\/\/portfolio.uqac.ca\/fernandaribeiro\/wp-json\/wp\/v2\/pages\/162\/revisions"}],"predecessor-version":[{"id":257,"href":"https:\/\/portfolio.uqac.ca\/fernandaribeiro\/wp-json\/wp\/v2\/pages\/162\/revisions\/257"}],"up":[{"embeddable":true,"href":"https:\/\/portfolio.uqac.ca\/fernandaribeiro\/wp-json\/wp\/v2\/pages\/20"}],"wp:attachment":[{"href":"https:\/\/portfolio.uqac.ca\/fernandaribeiro\/wp-json\/wp\/v2\/media?parent=162"}],"wp:term":[{"taxonomy":"post_tag","embeddable":true,"href":"https:\/\/portfolio.uqac.ca\/fernandaribeiro\/wp-json\/wp\/v2\/tags?post=162"}],"curies":[{"name":"wp","href":"https:\/\/api.w.org\/{rel}","templated":true}]}}