{"id":245,"date":"2021-06-05T17:59:31","date_gmt":"2021-06-05T21:59:31","guid":{"rendered":"http:\/\/portfolio-pre.uqac.ca\/florentbiao\/?page_id=245"},"modified":"2024-05-09T15:02:55","modified_gmt":"2024-05-09T19:02:55","slug":"recherche-2","status":"publish","type":"page","link":"https:\/\/portfolio.uqac.ca\/florentbiao\/recherche-2\/","title":{"rendered":"Recherche"},"content":{"rendered":"<p><strong>2024-2028<\/strong><\/p>\n<p><em>Le d\u00e9veloppement des comp\u00e9tences en lecture et en \u00e9criture dans une perspective de continuit\u00e9 des apprentissages.<\/em> \u00c9quipe de recherche sur la continuit\u00e9 des apprentissages en lecture et en \u00e9criture (CL\u00c9).\u00a0\u00a0<strong>Cochercheur<\/strong>. Chercheur principal : Olivier Dezutter (UdeS).<\/p>\n<p>Source de financement : FRQSC (459.536 $).<\/p>\n<p><strong>2023-2026<\/strong><\/p>\n<p><i>Processus et retomb\u00e9es d&#8217;une d\u00e9marche d&#8217;ing\u00e9nierie didactique collaborative visant l&#8217;articulation lecture-\u00e9criture-grammaire au primaire<\/i>.\u00a0<strong>Chercheur principal<\/strong>.\u00a0Cochercheurs :\u00a0Pascale Th\u00e9riault (UQAC) et St\u00e9phane Allaire (UQAC).<\/p>\n<p>Source de financement :\u00a0CRSH D\u00e9veloppement Savoir\u00a0(60.046 $).<\/p>\n<p>&nbsp;<\/p>\n<p><strong>2023-2025<\/strong><\/p>\n<p><i>Articuler l&#8217;enseignement de la lecture, de l&#8217;\u00e9criture et de la grammaire au secondaire : une recherche collaborative pour accompagner les enseignants dans la mise en \u0153uvre\u00a0de cette approche<\/i>. <strong>Chercheur principal<\/strong>.<\/p>\n<p>Source de financement : FRQSC\u00a0Soutien \u00e0 la recherche pour la rel\u00e8ve professorale\u00a0(44.560 $).<\/p>\n<p>&nbsp;<\/p>\n<p><strong>2022-2023<\/strong><\/p>\n<p><em>Portrait des comp\u00e9tences langagi\u00e8res des \u00e9tudiant.e.s inscrit.e.s aux baccalaur\u00e9ats menant \u00e0 l&#8217;enseignement \u00e0 l&#8217;UQAC<\/em>.\u00a0\u00a0<strong>Chercheur principal<\/strong>. Cochercheurs : Nicole Monney (UQAC) et Lo\u00efc Pulido (UQAC).<\/p>\n<p>Source de financement :\u00a0MESS\u00a0\u00a0(10.000 $).<\/p>\n<p>&nbsp;<\/p>\n<p><strong>2022-2025<\/strong><\/p>\n<p><em>Cr\u00e9ation d&#8217;un carrefour interuniversitaire pour le d\u00e9veloppement des comp\u00e9tences en langue d&#8217;enseignement (CIDCLE)<\/em>. Minist\u00e8re de l&#8217;Enseignement sup\u00e9rieur (Mandats strat\u00e9giques, volet 2 : \u00c9laboration de projets in\u00e9dits en sciences de l&#8217;\u00e9ducation) <strong>Cochercheur<\/strong>. Chercheur principal : Olivier Dezutter (UdeS).<\/p>\n<p>Source de financement :\u00a0Minist\u00e8re de l&#8217;Enseignement sup\u00e9rieur\u00a0(787.314 $).<\/p>\n<p>&nbsp;<\/p>\n<p><strong>2022-2024<\/strong><\/p>\n<p><em>La litt\u00e9rature jeunesse : une ressource pour articuler l&#8217;enseignement de la lecture et de la grammaire au premier cycle du secondaire<\/em>. <strong>Cochercheur.<\/strong> Chercheur principal : Fran\u00e7ois Vincent (UQO).<\/p>\n<p>Source de financement : FRQSC Action concert\u00e9e en litt\u00e9ratie (190.499 $).<\/p>\n<p>&nbsp;<\/p>\n<p><strong>2022-2023<\/strong><\/p>\n<p><em>Portait de l&#8217;enseignement du fran\u00e7ais (langue et litt\u00e9rature) dans les C\u00e9geps de la r\u00e9gion du Saguenay-Lac-St-jean<\/em>. <strong>Chercheur principal<\/strong>.<\/p>\n<p>Sources de financement : Fonds\u00a0institutionnels UQAC (4.000 $) et CRIFPE-UQ (1.000 $).<\/p>\n<p>&nbsp;<\/p>\n<p><strong>2020-2022<\/strong><\/p>\n<p><em>Portait de l&#8217;enseignement du fran\u00e7ais au secondaire dans la r\u00e9gion du Saguenay-Lac-St-jean : repr\u00e9sentations et pratiques (PEF-SLSJ)<\/em>. <strong>Chercheur principal<\/strong>.<\/p>\n<p>Source de financement : Fonds\u00a0institutionnels UQAC (6.000 $).<\/p>\n<p>&nbsp;<\/p>\n<p><strong>2020 &#8211; (en cours&#8230;)<\/strong><\/p>\n<p>Collaboration internationale<\/p>\n<p>Chercheurs principaux : Joaquim Dolz (Universit\u00e9 de Gen\u00e8ve, Suisse) et Catherine Tobola (Haute \u00c9cole P\u00e9dagogique du Valais, Suisse).<\/p>\n<p><em>Didactique de la production\u00a0orale\u00a0: des obstacles aux gestes de r\u00e9gulation des enseignants<\/em>.\u00a0Collaborateur.<\/p>\n","protected":false},"excerpt":{"rendered":"<p>2024-2028 Le d\u00e9veloppement des comp\u00e9tences en lecture et en \u00e9criture dans une perspective de continuit\u00e9 des apprentissages. \u00c9quipe de recherche sur la continuit\u00e9 des apprentissages en lecture et en \u00e9criture (CL\u00c9).\u00a0\u00a0Cochercheur. Chercheur principal : Olivier Dezutter (UdeS). Source de financement : FRQSC (459.536 $). 2023-2026 Processus et retomb\u00e9es d&#8217;une d\u00e9marche d&#8217;ing\u00e9nierie didactique collaborative visant l&#8217;articulation &hellip; <a href=\"https:\/\/portfolio.uqac.ca\/florentbiao\/recherche-2\/\" class=\"more-link\">Continuer la lecture de <span class=\"screen-reader-text\">Recherche<\/span>  <span class=\"meta-nav\">&rarr;<\/span><\/a><\/p>\n","protected":false},"author":304,"featured_media":0,"parent":0,"menu_order":0,"comment_status":"closed","ping_status":"closed","template":"","meta":{"footnotes":""},"tags":[],"_links":{"self":[{"href":"https:\/\/portfolio.uqac.ca\/florentbiao\/wp-json\/wp\/v2\/pages\/245"}],"collection":[{"href":"https:\/\/portfolio.uqac.ca\/florentbiao\/wp-json\/wp\/v2\/pages"}],"about":[{"href":"https:\/\/portfolio.uqac.ca\/florentbiao\/wp-json\/wp\/v2\/types\/page"}],"author":[{"embeddable":true,"href":"https:\/\/portfolio.uqac.ca\/florentbiao\/wp-json\/wp\/v2\/users\/304"}],"replies":[{"embeddable":true,"href":"https:\/\/portfolio.uqac.ca\/florentbiao\/wp-json\/wp\/v2\/comments?post=245"}],"version-history":[{"count":15,"href":"https:\/\/portfolio.uqac.ca\/florentbiao\/wp-json\/wp\/v2\/pages\/245\/revisions"}],"predecessor-version":[{"id":290,"href":"https:\/\/portfolio.uqac.ca\/florentbiao\/wp-json\/wp\/v2\/pages\/245\/revisions\/290"}],"wp:attachment":[{"href":"https:\/\/portfolio.uqac.ca\/florentbiao\/wp-json\/wp\/v2\/media?parent=245"}],"wp:term":[{"taxonomy":"post_tag","embeddable":true,"href":"https:\/\/portfolio.uqac.ca\/florentbiao\/wp-json\/wp\/v2\/tags?post=245"}],"curies":[{"name":"wp","href":"https:\/\/api.w.org\/{rel}","templated":true}]}}