{"id":4,"date":"2020-06-16T11:15:21","date_gmt":"2020-06-16T15:15:21","guid":{"rendered":"http:\/\/portfolio-pre.uqac.ca\/gabarit\/?page_id=4"},"modified":"2020-06-16T22:20:29","modified_gmt":"2020-06-17T02:20:29","slug":"presentatio","status":"publish","type":"page","link":"https:\/\/portfolio.uqac.ca\/florentbiao\/","title":{"rendered":"Pr\u00e9sentation"},"content":{"rendered":"<h2>Florent Biao<\/h2>\n<p>Professeur en didactique du fran\u00e7ais au d\u00e9partement des sciences de l&#8217;\u00e9ducation<\/p>\n<h2>Champs d&#8217;int\u00e9r\u00eat<\/h2>\n<ul>\n<li>Didactique du fran\u00e7ais (lecture, \u00e9criture, grammaire, oral) au primaire et au secondaire<\/li>\n<li>Articulation des composantes de la discipline <em>fran\u00e7ais<\/em><\/li>\n<li>Ing\u00e9nierie didactique collaborative de seconde g\u00e9n\u00e9ration<\/li>\n<\/ul>\n<p>Mes principaux int\u00e9r\u00eats de recherche portent sur l&#8217;enseignement, l&#8217;apprentissage et l\u2019articulation des composantes de la discipline <em>fran\u00e7ais<\/em> (grammaire, lecture, \u00e9criture et oral) et sur l\u2019ing\u00e9nierie didactique collaborative de seconde g\u00e9n\u00e9ration qui permet (1) d\u2019ancrer la recherche en \u00e9ducation dans la r\u00e9alit\u00e9 des classes et des enseignants, (2) de rapprocher chercheurs et praticiens et, ainsi, (3) de favoriser la r\u00e9ussite \u00e9ducative des \u00e9l\u00e8ves.<\/p>\n<p>&nbsp;<\/p>\n","protected":false},"excerpt":{"rendered":"<p>Florent Biao Professeur en didactique du fran\u00e7ais au d\u00e9partement des sciences de l&#8217;\u00e9ducation Champs d&#8217;int\u00e9r\u00eat Didactique du fran\u00e7ais (lecture, \u00e9criture, grammaire, oral) au primaire et au secondaire Articulation des composantes de la discipline fran\u00e7ais Ing\u00e9nierie didactique collaborative de seconde g\u00e9n\u00e9ration Mes principaux int\u00e9r\u00eats de recherche portent sur l&#8217;enseignement, l&#8217;apprentissage et l\u2019articulation des composantes de la &hellip; <a href=\"https:\/\/portfolio.uqac.ca\/florentbiao\/\" class=\"more-link\">Continuer la lecture de <span class=\"screen-reader-text\">Pr\u00e9sentation<\/span>  <span class=\"meta-nav\">&rarr;<\/span><\/a><\/p>\n","protected":false},"author":89,"featured_media":0,"parent":0,"menu_order":0,"comment_status":"closed","ping_status":"closed","template":"","meta":{"footnotes":""},"tags":[],"_links":{"self":[{"href":"https:\/\/portfolio.uqac.ca\/florentbiao\/wp-json\/wp\/v2\/pages\/4"}],"collection":[{"href":"https:\/\/portfolio.uqac.ca\/florentbiao\/wp-json\/wp\/v2\/pages"}],"about":[{"href":"https:\/\/portfolio.uqac.ca\/florentbiao\/wp-json\/wp\/v2\/types\/page"}],"author":[{"embeddable":true,"href":"https:\/\/portfolio.uqac.ca\/florentbiao\/wp-json\/wp\/v2\/users\/89"}],"replies":[{"embeddable":true,"href":"https:\/\/portfolio.uqac.ca\/florentbiao\/wp-json\/wp\/v2\/comments?post=4"}],"version-history":[{"count":15,"href":"https:\/\/portfolio.uqac.ca\/florentbiao\/wp-json\/wp\/v2\/pages\/4\/revisions"}],"predecessor-version":[{"id":209,"href":"https:\/\/portfolio.uqac.ca\/florentbiao\/wp-json\/wp\/v2\/pages\/4\/revisions\/209"}],"wp:attachment":[{"href":"https:\/\/portfolio.uqac.ca\/florentbiao\/wp-json\/wp\/v2\/media?parent=4"}],"wp:term":[{"taxonomy":"post_tag","embeddable":true,"href":"https:\/\/portfolio.uqac.ca\/florentbiao\/wp-json\/wp\/v2\/tags?post=4"}],"curies":[{"name":"wp","href":"https:\/\/api.w.org\/{rel}","templated":true}]}}