{"id":225,"date":"2020-05-23T15:28:30","date_gmt":"2020-05-23T19:28:30","guid":{"rendered":"http:\/\/portfolio-pre.uqac.ca\/francoisolivierdorais\/?page_id=225"},"modified":"2025-09-18T23:52:25","modified_gmt":"2025-09-19T03:52:25","slug":"livres","status":"publish","type":"page","link":"https:\/\/portfolio.uqac.ca\/francoisolivierdorais\/livres\/","title":{"rendered":"Livres"},"content":{"rendered":"<ol>\n<li>Serge Gagnon,\u00a0<em><a href=\"https:\/\/www.pulaval.com\/livres\/le-quebec-et-ses-historiens-de-1840-a-1920-la-nouvelle-france-de-garneau-a-groulx-2e-edition\">Le Qu\u00e9bec et ses historiens, de 1840 \u00e0 1920 : la Nouvelle-France de Garneau \u00e0 Groulx (2e \u00e9dition)<\/a>,\u00a0<\/em>Pr\u00e9sensation et \u00e9dition de <strong>F.-O. Dorais<\/strong> et Julien Goyette, Presses de l&#8217;Universit\u00e9 Laval, 2024.<\/li>\n<li>Marianne Fortin, Maxime Fleury, Sara-Jeanne Lemieux et <strong>F.-O. Dorais <\/strong>(dir.), <a href=\"https:\/\/shistoriquesaguenay.com\/produit\/au-temps-du-bois-debout\/?fbclid=IwY2xjawFcBOFleHRuA2FlbQIxMAABHQr1xTZEy0sZmg0zTn7CsBlf3gXtraGy8Y8GBbJvzRAlF7zzTI2pb1gMkg_aem_exy-DAIHiqI0RwoeI27qog\"><em>Au temps du bois debout. M\u00e9moires \u2013 La colonisation au Saguenay\u2013Lac-Saint-Jean (1838-1910)<\/em> <\/a>(avec ), Les \u00c9ditions Saguenayensia, 2024.<\/li>\n<li><strong>F.-O. Dorais<\/strong> et Louise Bienvenue (dir), <a href=\"https:\/\/www.pulaval.com\/livres\/profession-historienne-femmes-et-pratique-de-l-histoire-au-canada-francais-xixe-xxe-siecles\"><em>Profession historienne? Les femmes dans la production et la diffusion des sciences historiques, XIXe-XXe si\u00e8cles <\/em><\/a>, Qu\u00e9bec, Presses de l&#8217;Universit\u00e9 Laval, 2023.<\/li>\n<li><strong>F.-O. Dorais<\/strong> et Genevi\u00e8ve Nootens (dir.),\u00a0<em><a href=\"https:\/\/www.editionsboreal.qc.ca\/catalogue\/livres\/quebecois-autochtones-2883.html\">Qu\u00e9b\u00e9cois et Autochtones : histoire commune, histoire crois\u00e9e, ou histoires parall\u00e8les ?<\/a><\/em>, Bor\u00e9al, 2023.<\/li>\n<li><strong>F.-O. Dorais, <\/strong><a href=\"https:\/\/www.editionsboreal.qc.ca\/catalogue\/livres\/ecole-historique-quebec-2853.html\"><em>L&#8217;\u00e9cole historique de Qu\u00e9bec : une histoire intellectuelle<\/em><\/a>, Bor\u00e9al, 2022.<\/li>\n<li><strong>F.-O. Dorais, <\/strong>St\u00e9phanie Chouinard et Jean-Fran\u00e7ois Laniel (dir.), <a href=\"https:\/\/www.puq.ca\/catalogue\/livres\/sur-les-traces-democratie-3890.html\"><em>Sur les traces de la d\u00e9mocratie. R\u00e9flexions autour de l&#8217;oeuvre de Joseph Yvon Th\u00e9riault <\/em><\/a>, Montr\u00e9al, Presses de l&#8217;Universit\u00e9 du Qu\u00e9bec, 2021.<\/li>\n<li>Jacques Cherblanc, <strong>F.-O. Dorais<\/strong>, Sabrina Tremblay et Catherine Tremblay, <a href=\"https:\/\/constellation.uqac.ca\/6071\/\"><em>La COVID-19 : un fait social total. Perspectives historiques, politiques, sociales et humaines <\/em><\/a>, Saguenay, GRIR, 2020, 181 p.<\/li>\n<li><strong>F.-O. Dorais<\/strong> et Jean-Fran\u00e7ois Laniel, <a href=\"https:\/\/www.pulaval.com\/livres\/l-autre-moitie-de-la-modernite-conversations-avec-joseph-yvon-theriault\"><em>L&#8217;autre moiti\u00e9 de la modernit\u00e9. Conversations avec Joseph Yvon Th\u00e9riault<\/em><\/a>, Qu\u00e9bec, Presses de l&#8217;Universit\u00e9 Laval, 2020, 350 p.<\/li>\n<li><strong>F.-O. Dorais, <\/strong><a href=\"https:\/\/press.uottawa.ca\/un-historien-dans-la-cit%C3%A9.html\"><em>Un Historien dans la cit\u00e9. Ga\u00e9tan Gervais et l\u2019Ontario fran\u00e7ais<\/em><\/a>, Ottawa, Presses de l\u2019Universit\u00e9 d\u2019Ottawa, 2016, 264 p.<\/li>\n<li>Nari Shelekpayev, <strong>F.-O. Dorais<\/strong>, Daria Dyakonova et Sol\u00e8ne Maillet (dir.)<strong>,\u00a0<\/strong> <a href=\"https:\/\/www.cambridgescholars.com\/product\/978-1-4438-8606-2\"><em>Empires, Nations and Private Lives: Essays on the Social and Cultural History of the Great War<\/em><\/a>, Cambridge Scholars Publishing, 2016, 265 p.<\/li>\n<\/ol>\n","protected":false},"excerpt":{"rendered":"<p>Serge Gagnon,\u00a0Le Qu\u00e9bec et ses historiens, de 1840 \u00e0 1920 : la Nouvelle-France de Garneau \u00e0 Groulx (2e \u00e9dition),\u00a0Pr\u00e9sensation et \u00e9dition de F.-O. Dorais et Julien Goyette, Presses de l&#8217;Universit\u00e9 Laval, 2024. Marianne Fortin, Maxime Fleury, Sara-Jeanne Lemieux et F.-O. Dorais (dir.), Au temps du bois debout. M\u00e9moires \u2013 La colonisation au Saguenay\u2013Lac-Saint-Jean (1838-1910) (avec &hellip; <a href=\"https:\/\/portfolio.uqac.ca\/francoisolivierdorais\/livres\/\" class=\"more-link\">Continuer la lecture de <span class=\"screen-reader-text\">Livres<\/span>  <span class=\"meta-nav\">&rarr;<\/span><\/a><\/p>\n","protected":false},"author":213,"featured_media":0,"parent":0,"menu_order":0,"comment_status":"closed","ping_status":"closed","template":"","meta":{"footnotes":""},"tags":[],"_links":{"self":[{"href":"https:\/\/portfolio.uqac.ca\/francoisolivierdorais\/wp-json\/wp\/v2\/pages\/225"}],"collection":[{"href":"https:\/\/portfolio.uqac.ca\/francoisolivierdorais\/wp-json\/wp\/v2\/pages"}],"about":[{"href":"https:\/\/portfolio.uqac.ca\/francoisolivierdorais\/wp-json\/wp\/v2\/types\/page"}],"author":[{"embeddable":true,"href":"https:\/\/portfolio.uqac.ca\/francoisolivierdorais\/wp-json\/wp\/v2\/users\/213"}],"replies":[{"embeddable":true,"href":"https:\/\/portfolio.uqac.ca\/francoisolivierdorais\/wp-json\/wp\/v2\/comments?post=225"}],"version-history":[{"count":15,"href":"https:\/\/portfolio.uqac.ca\/francoisolivierdorais\/wp-json\/wp\/v2\/pages\/225\/revisions"}],"predecessor-version":[{"id":570,"href":"https:\/\/portfolio.uqac.ca\/francoisolivierdorais\/wp-json\/wp\/v2\/pages\/225\/revisions\/570"}],"wp:attachment":[{"href":"https:\/\/portfolio.uqac.ca\/francoisolivierdorais\/wp-json\/wp\/v2\/media?parent=225"}],"wp:term":[{"taxonomy":"post_tag","embeddable":true,"href":"https:\/\/portfolio.uqac.ca\/francoisolivierdorais\/wp-json\/wp\/v2\/tags?post=225"}],"curies":[{"name":"wp","href":"https:\/\/api.w.org\/{rel}","templated":true}]}}