{"id":242,"date":"2020-05-23T15:50:47","date_gmt":"2020-05-23T19:50:47","guid":{"rendered":"http:\/\/portfolio-pre.uqac.ca\/francoisolivierdorais\/?page_id=242"},"modified":"2025-09-18T23:43:27","modified_gmt":"2025-09-19T03:43:27","slug":"essais-et-textes-de-vulgarisation","status":"publish","type":"page","link":"https:\/\/portfolio.uqac.ca\/francoisolivierdorais\/essais-et-textes-de-vulgarisation\/","title":{"rendered":"Essais et textes de vulgarisation"},"content":{"rendered":"<p>&nbsp;<\/p>\n<ol>\n<li><strong>F.-O. Dorais, <\/strong>Olivier Lemieux et Jean Bernatchez, \u00ab <a href=\"https:\/\/www.acfas.ca\/publications\/magazine\/2025\/09\/editorial-universites-region-quebec-perspectives-prospectives\">\u00c9ditorial \u2013 Universit\u00e9s en r\u00e9gion : perspectives et prospectives<\/a> \u00bb,\u00a0<em>Magazine de l\u2019Acfas<\/em>, 2025.<\/li>\n<li><strong>F.-O. Dorais, <\/strong>Olivier Lemieux et Jean Bernatchez, \u00ab <a href=\"https:\/\/www.acfas.ca\/publications\/magazine\/2025\/09\/colloque-universites-region-au-quebec-faits-saillants\">Quel avenir pour les universit\u00e9s en r\u00e9gion au Qu\u00e9bec? Faits saillants d\u2019un grand rassemblement<\/a> \u00bb,\u00a0<em>Magazine de l\u2019Acfas<\/em>, 2025.<\/li>\n<li>J. Racine-Saint-Jacques, Olivier Lemieux et<strong> F.-O. Dorais<\/strong>, \u00ab <a href=\"https:\/\/www.acfas.ca\/publications\/magazine\/2025\/09\/quelques-mythes-realites-universites-region-au-quebec\">De quelques mythes et r\u00e9alit\u00e9s sur les universit\u00e9s en r\u00e9gion au Qu\u00e9bec<\/a> \u00bb,\u00a0<em>Magazine de l\u2019Acfas<\/em>, 2025.<\/li>\n<li><strong>F.-O. Dorais, <\/strong>Olivier Lemieux et J. Racine-Saint-Jacques, \u00ab <a href=\"https:\/\/www.acfas.ca\/publications\/magazine\/2025\/09\/histoire-origines-universites-region-au-quebec\">Aux origines des universit\u00e9s en r\u00e9gion au Qu\u00e9bec<\/a> \u00bb,\u00a0<em>Magazine de l\u2019Acfas<\/em>, 2005.<\/li>\n<li><strong>F.-O. Dorais <\/strong>et Louise Bienvenue, \u00ab <a href=\"https:\/\/www.ledevoir.com\/actualites\/le-devoir-de\/916785\/semaine-histoire-canada-1925-naissait-science\">Avec la Semaine d\u2019histoire du Canada de 1925 naissait une science<\/a> \u00bb, <em>Le Devoir<\/em>, 13 septembre 2025.<\/li>\n<li><strong>F.-O. Dorais <\/strong>et Maxime Fleury, \u00ab Le soi et l\u2019Autre. Analyse d\u2019un r\u00e9cit de p\u00e8lerinage de l\u2019abb\u00e9 Victor Tremblay (1920-1921), <em>Saguenayensia<\/em>, vol. 65, n\u00b0 2, 2024, p. 14-25.<\/li>\n<li><strong>F.-O. Dorais, <\/strong>\u00ab <a href=\"https:\/\/www.acfas.ca\/publications\/magazine\/2022\/12\/ecole-historique-quebec-historiographie-quebecoise?fbclid=IwAR3RfOhgSYceKAeLZg-UACm6GCEsVELuNQpuLLH6rV_-t1-IdJXjh_gjj6Y\">L&#8217;\u00e9cole de Qu\u00e9bec dans l&#8217;historiographie qu\u00e9b\u00e9coise<\/a> \u00bb, <em>Magazine de l&#8217;ACFAS<\/em>, 15 d\u00e9cembre 2022.<\/li>\n<li><strong>F.-O. Dorais, <\/strong>\u00ab<a href=\"https:\/\/www.revueargument.ca\/article\/2021-03-03\/765-lhistoire-malmenee-entre-decontextualisation-et-surcontextualisation.html#:~:text=L'Histoire%20malmen%C3%A9e%3A%20entre%20d%C3%A9contextualisation%20et%20surcontextualisation,-Un%20texte%20de&amp;text=Cette%20pratique%20de%20l'%C3%A9cart,des%20sollicitations%20pressantes%20du%20moment.\"> L\u2019Histoire malmen\u00e9e: entre d\u00e9contextualisation et surcontextualisation <\/a>\u00bb, <em>Argument<\/em>, 2021.<\/li>\n<li><strong>F.-O. Dorais, <\/strong>\u00ab <a href=\"https:\/\/correspondance.info\/?p=220\">La coll\u00e9gialit\u00e9\u00a0: petite histoire d\u2019une grande id\u00e9e<\/a> \u00bb, <em>Correspondance. Le journal des profs de l\u2019UQAC,<\/em> 4 f\u00e9vrier 2021.<\/li>\n<li><strong>F.-O. Dorais, <\/strong>\u00ab Temps difficile pour le postsecondaire en Ontario fran\u00e7ais \u2013 entretien avec Serge Miville \u00bb, <em>L\u2019Action nationale<\/em>,\u00a0 f\u00e9vrier 2021.<\/li>\n<li><strong>F.-O. Dorais, <\/strong>\u00ab Apr\u00e8s la COVID-19, l&#8217;universit\u00e9 qu\u00e9b\u00e9coise \u00e0 l&#8217;\u00e9preuve d&#8217;elle-m\u00eame \u00bb (avec Julien Goyette et Karine H\u00e9bert), <em>L&#8217;Action nationale<\/em>, avril-mai 2020.<\/li>\n<li><strong>F.-O. Dorais, <\/strong>\u00ab Les r\u00e9gions du Qu\u00e9bec ont un rendez-vous avec elles-m\u00eames. Entretien avec Marc-Urbain Proulx \u00bb, <em>L&#8217;Action nationale<\/em>, janvier 2020.<\/li>\n<li><strong>F.-O. Dorais, <\/strong>\u00ab Quelle place pour les langues officielles ? Entretien avec Fran\u00e7ois Charbonneau \u00bb, <em>L\u2019Action nationale<\/em>, novembre-d\u00e9cembre 2019.<\/li>\n<li><strong>F.-O. Dorais, <\/strong>\u00ab <a href=\"https:\/\/www.acfas.ca\/publications\/magazine\/2019\/10\/necessites-moyens-science-francais\">N\u00e9cessit\u00e9 et moyens d\u2019une science en fran\u00e7ais<\/a> \u00bb, <em>D\u00e9couvrir<\/em>, 17 octobre 2019.<\/li>\n<li><strong>F.-O. Dorais, <\/strong>\u00ab Nous sommes devant un changement dans la continuit\u00e9. Entretien avec le sociologue Martin Meunier autour du projet de loi 21 sur la la\u00efcit\u00e9 \u00bb, <em>L\u2019Action nationale<\/em>, 209, 3, mai 2019.<\/li>\n<li><strong>F.-O. Dorais, <\/strong>\u00ab <a href=\"https:\/\/www.acfas.ca\/publications\/magazine\/2019\/05\/recit-etudier-francophonie-canadienne-entre-justice-verite\">\u00c9tudier la francophonie canadienne, entre justice et v\u00e9rit\u00e9<\/a> \u00bb, D\u00e9couvrir, 10 mai 2019 [En ligne]<\/li>\n<li><strong>F.-O. Dorais, <\/strong>\u00ab \u00c9l\u00e9ments de r\u00e9flexion pour une repolitisation du Canada fran\u00e7ais \u00bb (avec Jean-Fran\u00e7ois Laniel), <em>L\u2019Action nationale<\/em>, 209, 2, f\u00e9vrier 2019, p. 41-64.<\/li>\n<li><strong>F.-O. Dorais, <\/strong>\u00ab <a href=\"https:\/\/histoireengagee.ca\/quelle-universite-pour-quelle-societe-petite-histoire-du-debat-intellectuel-entourant-la-question-universitaire-franco-ontarienne\/\">Quelle universit\u00e9 pour quelle soci\u00e9t\u00e9? Petite histoire du d\u00e9bat intellectuel entourant la question universitaire franco-ontarienne<\/a> \u00bb (avec Michel Bock), <em>Histoire engag\u00e9e<\/em>, 29 novembre 2018.<\/li>\n<li><strong>F.-O. Dorais, <\/strong>\u00ab Un pays en commun : entretien avec \u00c9ric Martin \u00bb, <em>L&#8217;Action nationale<\/em>, 108, 2, avril 2018.<\/li>\n<li><strong>F.-O. Dorais, <\/strong>\u00ab <a href=\"https:\/\/www.acfas.ca\/publications\/magazine\/2017\/11\/recit-recherche-histoire-revue-du-nouvel-ontario\">La Revue du Nouvel-Ontario<\/a> \u00bb, <em>D\u00e9couvrir<\/em>, d\u00e9cembre 2017.<\/li>\n<li><strong>F.-O. Dorais, <\/strong>\u00ab <a href=\"https:\/\/www.revueargument.ca\/article\/2017-06-30\/701-la-querelle-maheuxgroulx-retour-sur-une-controverse-bien-de-chez-nous.html\">La querelle Maheux\/Groulx : retour sur une controverse bien de chez nous<\/a> \u00bb, <em>Argument<\/em>, 30 juin 2017.<\/li>\n<li><strong>F.-O. Dorais, <\/strong>\u00ab Une plong\u00e9e dans l&#8217;\u0153uvre de Ga\u00e9tan Gervais. Entretien \u00bb, <em>Le Cha\u00eenon<\/em>, 34, 3, 2017.<\/li>\n<li><strong>F.-O. Dorais <\/strong>\u00ab L&#8217;Ontario fran\u00e7ais dans sa trame historique \u00bb, <em>Le Cha\u00eenon<\/em>, 33, 2, automne 2015.<\/li>\n<li><strong>F.-O. Dorais, <\/strong>\u00ab La fragilit\u00e9 comme ressaisissement \u00bb, <em>La Rel\u00e8ve<\/em>, 4, 1, 2013.<\/li>\n<li><strong>F.-O. Dorais, <\/strong>\u00ab <a href=\"https:\/\/societehistorique.ca\/gaetangervais\/\">Ga\u00e9tan Gervais : penser l\u2019Ontario fran\u00e7ais dans la continuit\u00e9 du Canada fran\u00e7ais <\/a>\u00bb, <em>Soci\u00e9t\u00e9 historique\u00a0 du Nouvel-Ontario<\/em>, septembre 2013.<\/li>\n<li><strong>F.-O. Dorais, <\/strong>\u00ab Le &#8220;moment 82&#8221; et le d\u00e9clin d\u2019une dualit\u00e9 nationale : tenants et aboutissants d\u2019une refondation canadienne \u00bb avec Serge Miville, <em>La Rel\u00e8ve<\/em>, 3, 1, 2012.<\/li>\n<li><strong>F.-O. Dorais, <\/strong>\u00ab La la\u00efcit\u00e9 en d\u00e9bat : une comparaison France-Qu\u00e9bec \u00bb, <em>La Rel\u00e8ve<\/em>, 2, 2, 2011.<\/li>\n<li><strong>F.-O. Dorais, <\/strong>\u00ab Trudeau, la nation et le nationalisme \u00bb, <em>La Rel\u00e8ve<\/em>, 1, 3, 2009.<\/li>\n<li><strong>F.-O. Dorais, <\/strong>\u00ab Quand Obama parle de religion \u00bb, <em>Le D\u00e9lib\u00e9rant<\/em>, 9, septembre 2009.<\/li>\n<\/ol>\n","protected":false},"excerpt":{"rendered":"<p>&nbsp; F.-O. Dorais, Olivier Lemieux et Jean Bernatchez, \u00ab \u00c9ditorial \u2013 Universit\u00e9s en r\u00e9gion : perspectives et prospectives \u00bb,\u00a0Magazine de l\u2019Acfas, 2025. F.-O. Dorais, Olivier Lemieux et Jean Bernatchez, \u00ab Quel avenir pour les universit\u00e9s en r\u00e9gion au Qu\u00e9bec? Faits saillants d\u2019un grand rassemblement \u00bb,\u00a0Magazine de l\u2019Acfas, 2025. J. Racine-Saint-Jacques, Olivier Lemieux et F.-O. Dorais, &hellip; <a href=\"https:\/\/portfolio.uqac.ca\/francoisolivierdorais\/essais-et-textes-de-vulgarisation\/\" class=\"more-link\">Continuer la lecture de <span class=\"screen-reader-text\">Essais et textes de vulgarisation<\/span>  <span class=\"meta-nav\">&rarr;<\/span><\/a><\/p>\n","protected":false},"author":213,"featured_media":0,"parent":0,"menu_order":0,"comment_status":"closed","ping_status":"closed","template":"","meta":{"footnotes":""},"tags":[],"_links":{"self":[{"href":"https:\/\/portfolio.uqac.ca\/francoisolivierdorais\/wp-json\/wp\/v2\/pages\/242"}],"collection":[{"href":"https:\/\/portfolio.uqac.ca\/francoisolivierdorais\/wp-json\/wp\/v2\/pages"}],"about":[{"href":"https:\/\/portfolio.uqac.ca\/francoisolivierdorais\/wp-json\/wp\/v2\/types\/page"}],"author":[{"embeddable":true,"href":"https:\/\/portfolio.uqac.ca\/francoisolivierdorais\/wp-json\/wp\/v2\/users\/213"}],"replies":[{"embeddable":true,"href":"https:\/\/portfolio.uqac.ca\/francoisolivierdorais\/wp-json\/wp\/v2\/comments?post=242"}],"version-history":[{"count":9,"href":"https:\/\/portfolio.uqac.ca\/francoisolivierdorais\/wp-json\/wp\/v2\/pages\/242\/revisions"}],"predecessor-version":[{"id":565,"href":"https:\/\/portfolio.uqac.ca\/francoisolivierdorais\/wp-json\/wp\/v2\/pages\/242\/revisions\/565"}],"wp:attachment":[{"href":"https:\/\/portfolio.uqac.ca\/francoisolivierdorais\/wp-json\/wp\/v2\/media?parent=242"}],"wp:term":[{"taxonomy":"post_tag","embeddable":true,"href":"https:\/\/portfolio.uqac.ca\/francoisolivierdorais\/wp-json\/wp\/v2\/tags?post=242"}],"curies":[{"name":"wp","href":"https:\/\/api.w.org\/{rel}","templated":true}]}}