{"id":267,"date":"2020-05-24T12:45:35","date_gmt":"2020-05-24T16:45:35","guid":{"rendered":"http:\/\/portfolio-pre.uqac.ca\/francoisolivierdorais\/?page_id=267"},"modified":"2023-11-28T10:24:00","modified_gmt":"2023-11-28T15:24:00","slug":"conferencier-sur-invitation","status":"publish","type":"page","link":"https:\/\/portfolio.uqac.ca\/francoisolivierdorais\/conferencier-sur-invitation\/","title":{"rendered":"Conf\u00e9rencier sur invitation"},"content":{"rendered":"<p>\u00ab Un Royaume d\u2019esp\u00e9rances. Naissance et \u00e9volution du r\u00e9gionalisme saguen\u00e9en (1840-1950) \u00bb avec Fran\u00e7ois Gu\u00e9rard, Conf\u00e9rence-midi, CIEQ, 30 novembre 2023.<\/p>\n<p>\u00ab Les retours d&#8217;Europe et d&#8217;Am\u00e9rique au Qu\u00e9bec. Grandeur et mis\u00e8re des s\u00e9jours \u00e0 l&#8217;\u00e9tranger pour les Qu\u00e9b\u00e9cois avant les ann\u00e9es 1960 \u00bb, 24 avril 2023, S\u00e9minaire en histoire crois\u00e9e, Universit\u00e9 Libre de Bruxelles.<\/p>\n<p>\u00ab Une \u00e9cole historique \u00e0 Qu\u00e9bec? Faire l&#8217;histoire des historiens de Laval \u00bb, Fondation Maurice-S\u00e9guin, 24 f\u00e9vrier 2023.<\/p>\n<p>\u00ab Regards sur l\u2019Am\u00e9rique. Le s\u00e9jour d\u2019\u00e9tudes de Michel Brunet aux \u00c9tats-Unis (1947-1949) \u00bb (avec Daniel Poitras), Conf\u00e9rence Midi CIEQ-Laval, Universit\u00e9 Laval, Qu\u00e9bec, 18 mars 2021.<\/p>\n<p>\u00ab Le \u00ab Savant iceberg \u00bb trajectoire de Jean Hamelin \u00bb, Conf\u00e9rence-midi, CIEQ \u2013 Trois-Rivi\u00e8res, UQTR, f\u00e9vrier 2019<\/p>\n<p>\u00ab La question universitaire franco-ontarienne en d\u00e9bat :<br \/>\nd\u2019hier \u00e0 aujourd\u2019hui \u00bb, Conf\u00e9rence-midi, Groupe de recherche et d\u2019interventions r\u00e9gionales, UQAC, janvier 2019.<\/p>\n<p>\u00ab L&#8217;\u00a0\u00bb\u00c9cole historique de Qu\u00e9bec\u00a0\u00bb et l\u2019id\u00e9e f\u00e9d\u00e9rale \u00bb, s\u00e9minaire Hi<em>stoire de la pens\u00e9e f\u00e9d\u00e9raliste contemporaine au<\/em><br \/>\n<em>Qu\u00e9bec : \u00e9mergence, d\u00e9ploiement, essoufflement (1960 \u00e0 aujourd\u2019hui)<\/em>, Centre de recherche interdisciplinaire sur la diversit\u00e9 et la d\u00e9mocratie (UQAM), novembre 2018.<\/p>\n<p>\u00ab Le d\u00e9bat sur la question universitaire franco-ontarienne 1969-1995 \u00bb (avec Michel Bock), J<em>ourn\u00e9e de\u00a0<\/em><em>r\u00e9flexion sur la question universitaire en Ontario fran\u00e7ais<\/em>, Ottawa, La Nouvelle Sc\u00e8ne, 25 avril 2017 (conf\u00e9rence d\u2019ouverture).<\/p>\n<p>\u00ab Marcel Trudel : l\u2019homme et l\u2019historien \u00bb, Conf\u00e9rences\u00a0<em>Midi CIEQ-Laval<\/em>, Universit\u00e9 Laval, Qu\u00e9bec, mars 2016.<\/p>\n<p>\u00ab Et si l\u2019Ontario fran\u00e7ais ne m\u00e9ritait pas mieux que le bilinguisme institutionnel? Le d\u00e9bat intellectuel sur la question universitaire depuis les ann\u00e9es 1960 \u00bb (avec Michel Bock), colloque\u00a0<em>Quatre si\u00e8cles de pr\u00e9sence fran\u00e7aise en Ontario<\/em>, Institut franco-ontarien, Universit\u00e9 Laurentienne, Sudbury, juin 2015 (conf\u00e9rence de cl\u00f4ture).<\/p>\n<p>\u00ab Lionel Groulx devant les historiens de Qu\u00e9bec \u00bb, colloque\u00a0<em>100 ans de production et de diffusion de notre histoire<\/em>, Fondation Lionel-Groulx \/Institut d\u2019Histoire de l\u2019Am\u00e9rique fran\u00e7aise, Montr\u00e9al, avril<br \/>\n2015.<\/p>\n<p>\u00ab Lionel Groulx et la question de l\u2019ind\u00e9pendance du Qu\u00e9bec \u00bb, atelier anim\u00e9 dans le cadre du s\u00e9minaire\u00a0<em>D\u00e9veloppement des id\u00e9ologies politiques et sociales au Qu\u00e9bec<\/em>\u00a0(POL 4565 A), Universit\u00e9 d\u2019Ottawa, f\u00e9vrier 2015.<\/p>\n<p>\u00ab Un historien dans la cit\u00e9. Ga\u00e9tan Gervais et l\u2019identit\u00e9 franco-ontarienne \u00bb, Rendez-vous annuel du CRCCF, Universit\u00e9 d\u2019Ottawa, mars 2014.<\/p>\n<p>\u00ab L\u2019\u00e9volution des relations entre le Qu\u00e9bec et l\u2019\u00e9lite franco-ontarienne depuis les ann\u00e9es 1960 \u00bb, conf\u00e9rence prononc\u00e9e dans le cadre du s\u00e9minaire\u00a0<em>Le Canada fran\u00e7ais et l\u2019Acadie : de la naissance<\/em><br \/>\n<em>\u00e0 l\u2019\u00e9clatement<\/em>\u00a0(HIS558S-40), Universit\u00e9 du Qu\u00e9bec \u00e0 Montr\u00e9al, janvier 2012.<\/p>\n","protected":false},"excerpt":{"rendered":"<p>\u00ab Un Royaume d\u2019esp\u00e9rances. Naissance et \u00e9volution du r\u00e9gionalisme saguen\u00e9en (1840-1950) \u00bb avec Fran\u00e7ois Gu\u00e9rard, Conf\u00e9rence-midi, CIEQ, 30 novembre 2023. \u00ab Les retours d&#8217;Europe et d&#8217;Am\u00e9rique au Qu\u00e9bec. Grandeur et mis\u00e8re des s\u00e9jours \u00e0 l&#8217;\u00e9tranger pour les Qu\u00e9b\u00e9cois avant les ann\u00e9es 1960 \u00bb, 24 avril 2023, S\u00e9minaire en histoire crois\u00e9e, Universit\u00e9 Libre de Bruxelles. \u00ab &hellip; <a href=\"https:\/\/portfolio.uqac.ca\/francoisolivierdorais\/conferencier-sur-invitation\/\" class=\"more-link\">Continuer la lecture de <span class=\"screen-reader-text\">Conf\u00e9rencier sur invitation<\/span>  <span class=\"meta-nav\">&rarr;<\/span><\/a><\/p>\n","protected":false},"author":213,"featured_media":0,"parent":0,"menu_order":0,"comment_status":"closed","ping_status":"closed","template":"","meta":{"footnotes":""},"tags":[],"_links":{"self":[{"href":"https:\/\/portfolio.uqac.ca\/francoisolivierdorais\/wp-json\/wp\/v2\/pages\/267"}],"collection":[{"href":"https:\/\/portfolio.uqac.ca\/francoisolivierdorais\/wp-json\/wp\/v2\/pages"}],"about":[{"href":"https:\/\/portfolio.uqac.ca\/francoisolivierdorais\/wp-json\/wp\/v2\/types\/page"}],"author":[{"embeddable":true,"href":"https:\/\/portfolio.uqac.ca\/francoisolivierdorais\/wp-json\/wp\/v2\/users\/213"}],"replies":[{"embeddable":true,"href":"https:\/\/portfolio.uqac.ca\/francoisolivierdorais\/wp-json\/wp\/v2\/comments?post=267"}],"version-history":[{"count":6,"href":"https:\/\/portfolio.uqac.ca\/francoisolivierdorais\/wp-json\/wp\/v2\/pages\/267\/revisions"}],"predecessor-version":[{"id":483,"href":"https:\/\/portfolio.uqac.ca\/francoisolivierdorais\/wp-json\/wp\/v2\/pages\/267\/revisions\/483"}],"wp:attachment":[{"href":"https:\/\/portfolio.uqac.ca\/francoisolivierdorais\/wp-json\/wp\/v2\/media?parent=267"}],"wp:term":[{"taxonomy":"post_tag","embeddable":true,"href":"https:\/\/portfolio.uqac.ca\/francoisolivierdorais\/wp-json\/wp\/v2\/tags?post=267"}],"curies":[{"name":"wp","href":"https:\/\/api.w.org\/{rel}","templated":true}]}}