{"id":218,"date":"2023-05-16T16:14:40","date_gmt":"2023-05-16T20:14:40","guid":{"rendered":"http:\/\/portfolio-pre.uqac.ca\/frantzsimeon\/?page_id=218"},"modified":"2023-05-16T16:14:40","modified_gmt":"2023-05-16T20:14:40","slug":"rapports-de-recherche","status":"publish","type":"page","link":"https:\/\/portfolio.uqac.ca\/frantzsimeon\/rapports-de-recherche\/","title":{"rendered":"Rapports de recherche"},"content":{"rendered":"<p><strong>Sim\u00e9on, F.<\/strong> (2002). <em>La pauvret\u00e9 : m\u00e9canismes de lutte mis en \u0153uvre par les populations rurales; cas du village Wall dans l\u2019arrondissement de Minta<\/em>. Rapport de recherche, Institut panafricain pour le d\u00e9veloppement Afrique central (IPD-AC). Cameroun, 66 p.<\/p>\n<p><strong>Sim\u00e9on, F<\/strong>. (2001). <em>Le paysan ha\u00eftien et sa perception de l\u2019aide au d\u00e9veloppement : le cas de la commune des cayes<\/em>. M\u00e9moire de sortie pour l\u2019obtention du grade de licenci\u00e9-\u00e8s-sciences anthropologie-sociologie, Universit\u00e9 d\u2019\u00c9tat d\u2019Ha\u00efti. 76 p.<\/p>\n","protected":false},"excerpt":{"rendered":"<p>Sim\u00e9on, F. (2002). La pauvret\u00e9 : m\u00e9canismes de lutte mis en \u0153uvre par les populations rurales; cas du village Wall dans l\u2019arrondissement de Minta. Rapport de recherche, Institut panafricain pour le d\u00e9veloppement Afrique central (IPD-AC). Cameroun, 66 p. Sim\u00e9on, F. (2001). Le paysan ha\u00eftien et sa perception de l\u2019aide au d\u00e9veloppement : le cas de &hellip; <a href=\"https:\/\/portfolio.uqac.ca\/frantzsimeon\/rapports-de-recherche\/\" class=\"more-link\">Continuer la lecture de <span class=\"screen-reader-text\">Rapports de recherche<\/span>  <span class=\"meta-nav\">&rarr;<\/span><\/a><\/p>\n","protected":false},"author":362,"featured_media":0,"parent":0,"menu_order":0,"comment_status":"closed","ping_status":"closed","template":"","meta":{"footnotes":""},"tags":[],"_links":{"self":[{"href":"https:\/\/portfolio.uqac.ca\/frantzsimeon\/wp-json\/wp\/v2\/pages\/218"}],"collection":[{"href":"https:\/\/portfolio.uqac.ca\/frantzsimeon\/wp-json\/wp\/v2\/pages"}],"about":[{"href":"https:\/\/portfolio.uqac.ca\/frantzsimeon\/wp-json\/wp\/v2\/types\/page"}],"author":[{"embeddable":true,"href":"https:\/\/portfolio.uqac.ca\/frantzsimeon\/wp-json\/wp\/v2\/users\/362"}],"replies":[{"embeddable":true,"href":"https:\/\/portfolio.uqac.ca\/frantzsimeon\/wp-json\/wp\/v2\/comments?post=218"}],"version-history":[{"count":1,"href":"https:\/\/portfolio.uqac.ca\/frantzsimeon\/wp-json\/wp\/v2\/pages\/218\/revisions"}],"predecessor-version":[{"id":219,"href":"https:\/\/portfolio.uqac.ca\/frantzsimeon\/wp-json\/wp\/v2\/pages\/218\/revisions\/219"}],"wp:attachment":[{"href":"https:\/\/portfolio.uqac.ca\/frantzsimeon\/wp-json\/wp\/v2\/media?parent=218"}],"wp:term":[{"taxonomy":"post_tag","embeddable":true,"href":"https:\/\/portfolio.uqac.ca\/frantzsimeon\/wp-json\/wp\/v2\/tags?post=218"}],"curies":[{"name":"wp","href":"https:\/\/api.w.org\/{rel}","templated":true}]}}