{"id":242,"date":"2023-05-17T14:27:04","date_gmt":"2023-05-17T18:27:04","guid":{"rendered":"http:\/\/portfolio-pre.uqac.ca\/frantzsimeon\/?page_id=242"},"modified":"2024-11-11T10:01:12","modified_gmt":"2024-11-11T15:01:12","slug":"presence-dans-la-presse","status":"publish","type":"page","link":"https:\/\/portfolio.uqac.ca\/frantzsimeon\/presence-dans-la-presse\/","title":{"rendered":"Pr\u00e9sence dans la presse"},"content":{"rendered":"<ul>\n<li>La r\u00e9alit\u00e9 des proches-aidants francophones du Nord (juillet 2024). <a href=\"https:\/\/ici.radio-canada.ca\/ohdio\/premiere\/emissions\/le-matin-du-nord\/segments\/rattrapage\/1799292\/realite-proches-aidants-francophones-nord\" target=\"_blank\" rel=\"noopener\">https:\/\/ici.radio-canada.ca\/ohdio\/premiere\/emissions\/le-matin-du-nord\/segments\/rattrapage\/1799292\/realite-proches-aidants-francophones-nord<\/a><\/li>\n<\/ul>\n<ul>\n<li>Vers une meilleure compr\u00e9hension du vieillissement des francophones (Avril 2019). <a href=\"https:\/\/ici.radio-canada.ca\/amp\/1162746\/recherche-scientifique-vieillissement-sudbury-universite-laurentienne\" target=\"_blank\" rel=\"noopener\">https:\/\/ici.radio-canada.ca\/amp\/1162746\/recherche-scientifique-vieillissement-sudbury-universite-laurentienne<\/a><\/li>\n<\/ul>\n<ul>\n<li>Une 10e conf\u00e9rence annuelle pour la Facult\u00e9 de sant\u00e9 de la Laurentienne (D\u00e9cembre 2018).<a href=\"https:\/\/ici.radio-canada.ca\/premiere\/emissions\/le-matin-du-nord\/segments\/entrevue\/97706\/conference-annuelle-sante-laurentienne-anniversaire\" target=\"_blank\" rel=\"noopener\">https:\/\/ici.radio-canada.ca\/premiere\/emissions\/le-matin-du-nord\/segments\/entrevue\/97706\/conference-annuelle-sante-laurentienne-anniversaire<\/a><\/li>\n<\/ul>\n","protected":false},"excerpt":{"rendered":"<p>La r\u00e9alit\u00e9 des proches-aidants francophones du Nord (juillet 2024). https:\/\/ici.radio-canada.ca\/ohdio\/premiere\/emissions\/le-matin-du-nord\/segments\/rattrapage\/1799292\/realite-proches-aidants-francophones-nord Vers une meilleure compr\u00e9hension du vieillissement des francophones (Avril 2019). https:\/\/ici.radio-canada.ca\/amp\/1162746\/recherche-scientifique-vieillissement-sudbury-universite-laurentienne Une 10e conf\u00e9rence annuelle pour la Facult\u00e9 de sant\u00e9 de la Laurentienne (D\u00e9cembre 2018).https:\/\/ici.radio-canada.ca\/premiere\/emissions\/le-matin-du-nord\/segments\/entrevue\/97706\/conference-annuelle-sante-laurentienne-anniversaire<\/p>\n","protected":false},"author":362,"featured_media":0,"parent":0,"menu_order":0,"comment_status":"closed","ping_status":"closed","template":"","meta":{"footnotes":""},"tags":[],"_links":{"self":[{"href":"https:\/\/portfolio.uqac.ca\/frantzsimeon\/wp-json\/wp\/v2\/pages\/242"}],"collection":[{"href":"https:\/\/portfolio.uqac.ca\/frantzsimeon\/wp-json\/wp\/v2\/pages"}],"about":[{"href":"https:\/\/portfolio.uqac.ca\/frantzsimeon\/wp-json\/wp\/v2\/types\/page"}],"author":[{"embeddable":true,"href":"https:\/\/portfolio.uqac.ca\/frantzsimeon\/wp-json\/wp\/v2\/users\/362"}],"replies":[{"embeddable":true,"href":"https:\/\/portfolio.uqac.ca\/frantzsimeon\/wp-json\/wp\/v2\/comments?post=242"}],"version-history":[{"count":3,"href":"https:\/\/portfolio.uqac.ca\/frantzsimeon\/wp-json\/wp\/v2\/pages\/242\/revisions"}],"predecessor-version":[{"id":264,"href":"https:\/\/portfolio.uqac.ca\/frantzsimeon\/wp-json\/wp\/v2\/pages\/242\/revisions\/264"}],"wp:attachment":[{"href":"https:\/\/portfolio.uqac.ca\/frantzsimeon\/wp-json\/wp\/v2\/media?parent=242"}],"wp:term":[{"taxonomy":"post_tag","embeddable":true,"href":"https:\/\/portfolio.uqac.ca\/frantzsimeon\/wp-json\/wp\/v2\/tags?post=242"}],"curies":[{"name":"wp","href":"https:\/\/api.w.org\/{rel}","templated":true}]}}