{"id":46,"date":"2017-07-12T13:29:44","date_gmt":"2017-07-12T17:29:44","guid":{"rendered":"http:\/\/portfolio-pre.uqac.ca\/gabarit\/?page_id=46"},"modified":"2019-10-21T08:26:49","modified_gmt":"2019-10-21T12:26:49","slug":"recherche","status":"publish","type":"page","link":"https:\/\/portfolio.uqac.ca\/gelarehmomen\/recherche\/","title":{"rendered":"Recherche"},"content":{"rendered":"<p>(2020-2023) Development of an easy-to-clean and icephobic polyurethane based coating for aluminium\u00a0structures,Grant<br \/>\nNatural Sciences and Engineering Research Council of Canada (NSERC)<\/p>\n<p>(2020 &#8211; 2023) D\u00e9veloppement de rev\u00eatements \u00e0 base de polyur\u00e9thane faciles \u00e0 nettoyer et glaciophobes destin\u00e9s aux surfaces en alliages d&#8217;aluminium,<br \/>\nCentre qu\u00e9b\u00e9cois de recherche et de d\u00e9veloppement de l&#8217;aluminium (CQRDA)<\/p>\n<p>(2018- 2022) Improved performance of high voltage insulators in icing conditions Atmospheric, Grant<br \/>\nNatural Sciences and Engineering Research Council of Canada (NSERC)<br \/>\nCo-applicant : Christophe Volat; Issouf Fofana<\/p>\n<p>(2018 &#8211; 2021) Improved performance of high voltage insulators in icing conditions Atmospheric, Grant<br \/>\nPRIMA-QUEBEC<br \/>\nCollaborateurs : Christophe Volat; Issouf Fofana<\/p>\n<p>(2019 &#8211; 2021) Development of coatings to reduce ice adhesion and build-up to steel harbor structures,<br \/>\nReseau Quebec Maritime\/ \u2019Institut Nordique de Recherche en Environnement et en Sant\u00e9 au Travail &#8211; Mitacs<\/p>\n<p>(2018- 2020)\u00a0Novel chemically heterogeneous functional surfaces for icephobic applications,<br \/>\nFRQNT &#8211; the Qu\u00e9bec Center for Advances Materials<br \/>\nCo-applicant : Ali Nazemi<\/p>\n<p>(2019- 2020)<br \/>\nDevelopment of coatings to reduce ice adhesion and build-up to steel harbor structures,<br \/>\nLa Fondation de l\u2019Universit\u00e9 du Qu\u00e9bec \u00e0 Chicoutimi<\/p>\n<p>(2017 &#8211; 2020)\u00a0Development of self-cleaning\/ice phobic insulators,<br \/>\nNatural Sciences and Engineering Research Council of Canada (NSERC)<br \/>\nCollaborative Research and Development Grants<br \/>\nCo-applicant : Masoud Farzaneh<\/p>\n<p>(2018 &#8211; 2019)\u00a0Development of a water repellent\/anti-icing polyester fabric via atmospheric plasma jet polymerization,<br \/>\nNatural Sciences and Engineering Research Council of Canada (NSERC) &#8211; ENGAGE<\/p>\n<p>(2017 &#8211; 2018)\u00a0Development of nano-dielectrics and intelligent fluids for power transformers,<br \/>\nFondation de l&#8217;Universit\u00e9 du Qu\u00e9bec \u00e0 Chicoutimi (FUQAC)<br \/>\nPrincipal Applicant : Issouf Fofana<\/p>\n<p>(2017 &#8211; 2017)\u00a0Evaluation and optimizing silicone based coating for anti-ice application,<br \/>\nNatural Sciences and Engineering Research Council of Canada (NSERC) &#8211; Engage Grant<\/p>\n","protected":false},"excerpt":{"rendered":"<p>(2020-2023) Development of an easy-to-clean and icephobic polyurethane based coating for aluminium\u00a0structures,Grant Natural Sciences and Engineering Research Council of Canada (NSERC) (2020 &#8211; 2023) D\u00e9veloppement de rev\u00eatements \u00e0 base de polyur\u00e9thane faciles \u00e0 nettoyer et glaciophobes destin\u00e9s aux surfaces en alliages d&#8217;aluminium, Centre qu\u00e9b\u00e9cois de recherche et de d\u00e9veloppement de l&#8217;aluminium (CQRDA) (2018- 2022) Improved &hellip; <a href=\"https:\/\/portfolio.uqac.ca\/gelarehmomen\/recherche\/\" class=\"more-link\">Continuer la lecture de <span class=\"screen-reader-text\">Recherche<\/span>  <span class=\"meta-nav\">&rarr;<\/span><\/a><\/p>\n","protected":false},"author":89,"featured_media":0,"parent":0,"menu_order":0,"comment_status":"closed","ping_status":"closed","template":"","meta":{"footnotes":""},"tags":[],"_links":{"self":[{"href":"https:\/\/portfolio.uqac.ca\/gelarehmomen\/wp-json\/wp\/v2\/pages\/46"}],"collection":[{"href":"https:\/\/portfolio.uqac.ca\/gelarehmomen\/wp-json\/wp\/v2\/pages"}],"about":[{"href":"https:\/\/portfolio.uqac.ca\/gelarehmomen\/wp-json\/wp\/v2\/types\/page"}],"author":[{"embeddable":true,"href":"https:\/\/portfolio.uqac.ca\/gelarehmomen\/wp-json\/wp\/v2\/users\/89"}],"replies":[{"embeddable":true,"href":"https:\/\/portfolio.uqac.ca\/gelarehmomen\/wp-json\/wp\/v2\/comments?post=46"}],"version-history":[{"count":12,"href":"https:\/\/portfolio.uqac.ca\/gelarehmomen\/wp-json\/wp\/v2\/pages\/46\/revisions"}],"predecessor-version":[{"id":245,"href":"https:\/\/portfolio.uqac.ca\/gelarehmomen\/wp-json\/wp\/v2\/pages\/46\/revisions\/245"}],"wp:attachment":[{"href":"https:\/\/portfolio.uqac.ca\/gelarehmomen\/wp-json\/wp\/v2\/media?parent=46"}],"wp:term":[{"taxonomy":"post_tag","embeddable":true,"href":"https:\/\/portfolio.uqac.ca\/gelarehmomen\/wp-json\/wp\/v2\/tags?post=46"}],"curies":[{"name":"wp","href":"https:\/\/api.w.org\/{rel}","templated":true}]}}