{"id":46,"date":"2012-07-24T14:17:13","date_gmt":"2012-07-24T14:17:13","guid":{"rendered":"http:\/\/portfolio-pre.uqac.ca\/gabarit\/?page_id=46"},"modified":"2014-12-03T11:52:25","modified_gmt":"2014-12-03T16:52:25","slug":"recherche","status":"publish","type":"page","link":"https:\/\/portfolio.uqac.ca\/genevievenootens\/recherche\/","title":{"rendered":"Colloques, comit\u00e9s"},"content":{"rendered":"<h2><strong>Organisation de colloques<\/strong><\/h2>\n<p style=\"text-align: justify\">Membre du comit\u00e9 ex\u00e9cutif responsable de l\u2019organisation du Symposium international sur l\u2019interculturalisme, Montr\u00e9al, mai 2011 (avec G. Bouchard, C. St-Pierre, F. Fournier) et de l\u2019atelier sur l\u2019interculturalisme (Montr\u00e9al, janvier 2011).<\/p>\n<p style=\"text-align: justify\">Co-organisatrice, avec R. Chung, d\u2019un atelier sur l\u2019ouvrage de M. Seymour, <em>De la tol\u00e9rance \u00e0 la reconnaissance<\/em>, Universit\u00e9 de Montr\u00e9al, 13 novembre 2008.<\/p>\n<p style=\"text-align: justify\">Co-organisatrice, avec E. Nimni (Queen\u2019s University, Belfast) d\u2019un atelier dans le cadre de la 4<sup>e<\/sup> conf\u00e9rence internationale du <em>European Consortium of Political Research<\/em>, Pise, 6-8 septembre 2007.<\/p>\n<p style=\"text-align: justify\">Co-organisatrice, avec Ryoa Chung (philosophie, Universit\u00e9 de Montr\u00e9al), du colloque \u00ab\u00a0Cosmopolitisme, justice et d\u00e9mocratie\u00a0\u00bb, ACFAS, Trois-Rivi\u00e8res, mai 2007.<\/p>\n<p style=\"text-align: justify\">Co-organisatrice (avec Pierre-Andr\u00e9 Tremblay, UQAC) de la table ronde <em>Aux fronti\u00e8res de la communaut\u00e9\u00a0: pratiques sociales, identit\u00e9s politiques et mobilisation au 21<sup>e<\/sup> si\u00e8cle<\/em>, ACFAS, Chicoutimi, mai 2005.<\/p>\n<p style=\"text-align: justify\">Co-organisatrice (avec Pierre-Andr\u00e9 Tremblay, UQAC) du colloque <em>Sens, marges et limites du lien social\u00a0\u00bb<\/em>, ACFAS, Rimouski, mai 2003.<\/p>\n<h2><strong>Participation \u00e0 des comit\u00e9s de pairs, \u00e9valuation de la recherche<\/strong><\/h2>\n<p style=\"text-align: justify\">Membre du comit\u00e9 charg\u00e9 d\u2019attribuer les bourses de doctorat et de ma\u00eetrise du CRIDAQ (printemps 2010)<\/p>\n<p style=\"text-align: justify\">Membre du jury responsable d\u2019attribuer le prix C.B. Macpherson, 2010 (prix d\u00e9cern\u00e9 par l\u2019Association canadienne de science politique au meilleur ouvrage de th\u00e9orie politique \u00e9crit par un Canadien)<\/p>\n<p style=\"text-align: justify\">Membre du Comit\u00e9 interdisciplinaire d\u2019\u00e9valuation du Programme des Chaires de recherche du Canada (2008-2010, 2011)<\/p>\n<p style=\"text-align: justify\">\u00c9valuation d\u2019une candidature \u00e0 une chaire de recherche du Canada (printemps 2007)<\/p>\n<p style=\"text-align: justify\">Membre du comit\u00e9 scientifique de l\u2019Association internationale des \u00e9tudes qu\u00e9b\u00e9coises (2004-2008)<\/p>\n<p style=\"text-align: justify\">Membre du comit\u00e9 d\u2019attribution des bourses postdoctorales, FQRSC (2004,2005, 2006, 2014)<\/p>\n<p style=\"text-align: justify\">\u00c9valuateur externe CRSH (2002)<\/p>\n<p style=\"text-align: justify\">Membre du comit\u00e9 institutionnel d\u2019attribution des fonds de recherche (programme d\u2019aide institutionnelle \u00e0 la recherche et subventions de la FUQAC) (1998-2000)<\/p>\n","protected":false},"excerpt":{"rendered":"<p>Organisation de colloques Membre du comit\u00e9 ex\u00e9cutif responsable de l\u2019organisation du Symposium international sur l\u2019interculturalisme, Montr\u00e9al, mai 2011 (avec G. Bouchard, C. St-Pierre, F. Fournier) et de l\u2019atelier sur l\u2019interculturalisme (Montr\u00e9al, janvier 2011). Co-organisatrice, avec R. Chung, d\u2019un atelier sur l\u2019ouvrage de M. Seymour, De la tol\u00e9rance \u00e0 la reconnaissance, Universit\u00e9 de Montr\u00e9al, 13 novembre &hellip; <a href=\"https:\/\/portfolio.uqac.ca\/genevievenootens\/recherche\/\" class=\"more-link\">Continuer la lecture de <span class=\"screen-reader-text\">Colloques, comit\u00e9s<\/span>  <span class=\"meta-nav\">&rarr;<\/span><\/a><\/p>\n","protected":false},"author":37,"featured_media":0,"parent":0,"menu_order":0,"comment_status":"closed","ping_status":"closed","template":"","meta":{"footnotes":""},"tags":[],"_links":{"self":[{"href":"https:\/\/portfolio.uqac.ca\/genevievenootens\/wp-json\/wp\/v2\/pages\/46"}],"collection":[{"href":"https:\/\/portfolio.uqac.ca\/genevievenootens\/wp-json\/wp\/v2\/pages"}],"about":[{"href":"https:\/\/portfolio.uqac.ca\/genevievenootens\/wp-json\/wp\/v2\/types\/page"}],"author":[{"embeddable":true,"href":"https:\/\/portfolio.uqac.ca\/genevievenootens\/wp-json\/wp\/v2\/users\/37"}],"replies":[{"embeddable":true,"href":"https:\/\/portfolio.uqac.ca\/genevievenootens\/wp-json\/wp\/v2\/comments?post=46"}],"version-history":[{"count":5,"href":"https:\/\/portfolio.uqac.ca\/genevievenootens\/wp-json\/wp\/v2\/pages\/46\/revisions"}],"predecessor-version":[{"id":119,"href":"https:\/\/portfolio.uqac.ca\/genevievenootens\/wp-json\/wp\/v2\/pages\/46\/revisions\/119"}],"wp:attachment":[{"href":"https:\/\/portfolio.uqac.ca\/genevievenootens\/wp-json\/wp\/v2\/media?parent=46"}],"wp:term":[{"taxonomy":"post_tag","embeddable":true,"href":"https:\/\/portfolio.uqac.ca\/genevievenootens\/wp-json\/wp\/v2\/tags?post=46"}],"curies":[{"name":"wp","href":"https:\/\/api.w.org\/{rel}","templated":true}]}}