{"id":18,"date":"2012-07-23T20:05:15","date_gmt":"2012-07-23T20:05:15","guid":{"rendered":"http:\/\/portfolio-pre.uqac.ca\/gabarit\/?page_id=18"},"modified":"2025-09-15T14:04:30","modified_gmt":"2025-09-15T18:04:30","slug":"profil","status":"publish","type":"page","link":"https:\/\/portfolio.uqac.ca\/gerardbouchard\/profil\/","title":{"rendered":"Profil"},"content":{"rendered":"<p><span style=\"line-height: 1.5;\">G\u00e9rard Bouchard est professeur \u00e9m\u00e9rite en histoire et sociologie \u00e0 l&#8217;Universit\u00e9 du Qu\u00e9bec \u00e0 Chicoutimi . Il a une ma\u00eetrise en sociologie de l\u2019Universit\u00e9 Laval (1968) et un doctorat en histoire de l\u2019Universit\u00e9 de Paris (1971). Il a fond\u00e9 le projet BALSAC et l\u2019a dirig\u00e9 de 1972 \u00e0 2010. L\u2019objectif de ce projet est d\u2019\u00e9laborer et d\u2019exploiter une base de donn\u00e9es nominatives informatis\u00e9es englobant l\u2019ensemble de la population du Qu\u00e9bec \u00e0 partir des d\u00e9buts du peuplement (17<\/span><sup>e<\/sup><span style=\"line-height: 1.5;\"> si\u00e8cle) jusqu\u2019\u00e0 l\u2019\u00e9poque contemporaine. \u00c0 l\u2019aide de la reconstitution automatique des familles et des \u00a0g\u00e9n\u00e9alogies, cette banque de donn\u00e9es permet la r\u00e9alisation de projets de recherche dans un vaste \u00e9ventail de domaines, de l\u2019histoire \u00e0 la sociologie, et de la g\u00e9n\u00e9tique des populations \u00e0 l\u2019\u00e9pid\u00e9miologie g\u00e9n\u00e9tique. L\u2019expansion de la base de donn\u00e9es se poursuit toujours.<\/span><\/p>\n<p>G\u00e9rard Bouchard a aussi \u00e9t\u00e9 directeur et fondateur du Centre SOREP, fond\u00e9 en 1977. En mai 1994, SOREP est devenu un institut interuniversitaire de recherche sur les populations (IREP) appuy\u00e9 sur une entente de collaboration entre sept universit\u00e9s qu\u00e9b\u00e9coise. Au moment o\u00f9 il en a laiss\u00e9 la direction (en 1998), l\u2019Institut \u00e9tait devenu une entit\u00e9 d\u2019envergure internationale regroupant 50 chercheurs et plus de 275 professionnels, assistants et techniciens.<\/p>\n<p>Depuis 2002, G\u00e9rard Bouchard est titulaire d\u2019une chaire de recherche du Canada sur les mythes sociaux et les imaginaires collectifs. Cette chaire a \u00e9t\u00e9 renouvel\u00e9e pour la p\u00e9riode 2010-2017.<\/p>\n<p>G\u00e9rard Bouchard est auteur, coauteur, directeur ou codirecteur de 40 ouvrages et a publi\u00e9 297 articles dans des revues scientifiques ou chapitres dans des ouvrages collectifs. Il a aussi pr\u00e9sent\u00e9 plus de 660 communications scientifiques et conf\u00e9rences publiques au Canada et \u00e0 l&#8217;\u00e9tranger. Parmi ses ouvrages principaux, on note: <i>Quelques Arpents d&#8217;Am\u00e9rique : Population, \u00e9conomie, famille au Saguenay, 1838-1971<\/i> (Montr\u00e9al, Bor\u00e9al, 1996); <i>Gen\u00e8se des nations et cultures du Nouveau Monde : Essai d\u2019histoire compar\u00e9e<\/i> (Montr\u00e9al, Bor\u00e9al, 2000); <i>La pens\u00e9e impuissante. \u00c9checs et mythes nationaux canadiens-fran\u00e7ais, 1850-1960 <\/i>(Montr\u00e9al, Bor\u00e9al, 2004); <i>La culture qu\u00e9b\u00e9coise est-elle en crise?<\/i> (avec Alain Roy) (Montr\u00e9al, Bor\u00e9al, 2007); <i>L\u2019interculturalisme\u00a0: un point de vue qu\u00e9b\u00e9cois<\/i> (Montr\u00e9al, Bor\u00e9al, 2012); <i>National Myths\u00a0: Constructed Pasts, Contested Presents <\/i>(directeur, Routledge, 2013). En parall\u00e8le, il a aussi publi\u00e9 trois romans chez Bor\u00e9al\u00a0: <i>Mistouk<\/i> (2002), <i>Pikauba<\/i> (2005) et <i>Uashat<\/i> (2009).<\/p>\n<p>En 2007, il a \u00e9t\u00e9 nomm\u00e9 co-pr\u00e9sident avec Charles Taylor de la Commission de consultation sur les pratiques d&#8217;accommodement reli\u00e9es aux diff\u00e9rences culturelles (CCPARDC) du Qu\u00e9bec. La Commission, cr\u00e9\u00e9e par le gouvernement du Qu\u00e9bec, a remis son rapport en mai 2008 (<i>Fonder l\u2019avenir\u00a0: Le temps de la conciliation<\/i>, 310 pages). En 2008-2009, G\u00e9rard Bouchard a enseign\u00e9 comme professeur invit\u00e9 au d\u00e9partement de sociologie de l\u2019Universit\u00e9 Harvard. Il est, depuis 2002, chercheur au Canadian Institute for Advanced Research (groupe \u00ab\u00a0Successful Societies\u00a0\u00bb).<\/p>\n<p>Il a re\u00e7u de nombreux prix et distinctions, notamment\u00a0: le prix Lionel-Groulx de l\u2019Institut d\u2019histoire de l\u2019Am\u00e9rique fran\u00e7aise (1994); le prix Jacques-Rousseau de l\u2019ACFAS (1985); le prix L\u00e9on-G\u00e9rin du gouvernement du Qu\u00e9bec (1993); le prix John A. Macdonald de la Soci\u00e9t\u00e9 historique du Canada (1996); le prix litt\u00e9raire du Gouverneur g\u00e9n\u00e9ral du Canada (cat\u00e9gorie\u00a0: Etudes et essais) pour son ouvrage <i>Gen\u00e8se des nations et cultures du Nouveau Monde <\/i>(2000); le prix G\u00e9rard-Parizeau en histoire du Qu\u00e9bec (2001); le deuxi\u00e8me prix de la Pr\u00e9sidence de l\u2019Assembl\u00e9e nationale du Qu\u00e9bec (livre politique) pour <i>L&#8217;interculturalisme\u00a0: Un point de vue qu\u00e9b\u00e9cois <\/i>(2013).<\/p>\n<p>Il a \u00e9t\u00e9 admis \u00e0 la Soci\u00e9t\u00e9 royale du Canada (1985), \u00e0 l\u2019Ordre de la L\u00e9gion d\u2019honneur de la France (2002) et \u00e0 l\u2019Acad\u00e9mie des lettres du Qu\u00e9bec (2003). Il est aussi r\u00e9cipiendaire de trois doctorats <i>honoris causa\u00a0<\/i>: Universit\u00e9 McGill (2001), Universit\u00e9 de Moncton (2006), Universit\u00e9 Guelph (2011).<\/p>\n","protected":false},"excerpt":{"rendered":"<p>G\u00e9rard Bouchard est professeur \u00e9m\u00e9rite en histoire et sociologie \u00e0 l&#8217;Universit\u00e9 du Qu\u00e9bec \u00e0 Chicoutimi . Il a une ma\u00eetrise en sociologie de l\u2019Universit\u00e9 Laval (1968) et un doctorat en histoire de l\u2019Universit\u00e9 de Paris (1971). Il a fond\u00e9 le projet BALSAC et l\u2019a dirig\u00e9 de 1972 \u00e0 2010. L\u2019objectif de ce projet est d\u2019\u00e9laborer &hellip; <a href=\"https:\/\/portfolio.uqac.ca\/gerardbouchard\/profil\/\" class=\"more-link\">Continuer la lecture de <span class=\"screen-reader-text\">Profil<\/span>  <span class=\"meta-nav\">&rarr;<\/span><\/a><\/p>\n","protected":false},"author":17,"featured_media":0,"parent":0,"menu_order":0,"comment_status":"closed","ping_status":"closed","template":"","meta":{"footnotes":""},"tags":[],"_links":{"self":[{"href":"https:\/\/portfolio.uqac.ca\/gerardbouchard\/wp-json\/wp\/v2\/pages\/18"}],"collection":[{"href":"https:\/\/portfolio.uqac.ca\/gerardbouchard\/wp-json\/wp\/v2\/pages"}],"about":[{"href":"https:\/\/portfolio.uqac.ca\/gerardbouchard\/wp-json\/wp\/v2\/types\/page"}],"author":[{"embeddable":true,"href":"https:\/\/portfolio.uqac.ca\/gerardbouchard\/wp-json\/wp\/v2\/users\/17"}],"replies":[{"embeddable":true,"href":"https:\/\/portfolio.uqac.ca\/gerardbouchard\/wp-json\/wp\/v2\/comments?post=18"}],"version-history":[{"count":30,"href":"https:\/\/portfolio.uqac.ca\/gerardbouchard\/wp-json\/wp\/v2\/pages\/18\/revisions"}],"predecessor-version":[{"id":425,"href":"https:\/\/portfolio.uqac.ca\/gerardbouchard\/wp-json\/wp\/v2\/pages\/18\/revisions\/425"}],"wp:attachment":[{"href":"https:\/\/portfolio.uqac.ca\/gerardbouchard\/wp-json\/wp\/v2\/media?parent=18"}],"wp:term":[{"taxonomy":"post_tag","embeddable":true,"href":"https:\/\/portfolio.uqac.ca\/gerardbouchard\/wp-json\/wp\/v2\/tags?post=18"}],"curies":[{"name":"wp","href":"https:\/\/api.w.org\/{rel}","templated":true}]}}