{"id":325,"date":"2015-05-05T09:29:27","date_gmt":"2015-05-05T13:29:27","guid":{"rendered":"http:\/\/portfolio-pre.uqac.ca\/gerardbouchard\/?page_id=325"},"modified":"2025-06-19T09:01:07","modified_gmt":"2025-06-19T13:01:07","slug":"publication-recentes","status":"publish","type":"page","link":"https:\/\/portfolio.uqac.ca\/gerardbouchard\/publication-recentes\/","title":{"rendered":"Publication r\u00e9centes"},"content":{"rendered":"<p><a href=\"https:\/\/www.editionsboreal.qc.ca\/catalogue\/livres\/terre-des-humbles-4115.html\">Terre des humbles<\/a> (\u00e0 para\u00eetre, 2025)<\/p>\n<p><a href=\"https:\/\/sommetouteledevoir.com\/livre\/visions-du-quebec\/\">Visions du Qu\u00e9bec<\/a> (2025)<\/p>\n<p><a href=\"https:\/\/www.editionsboreal.qc.ca\/catalogue\/livres\/pour-histoire-nationale-3987.html\">Pour l&#8217;histoire nationale<\/a> (2023)<\/p>\n<p><a href=\"https:\/\/www.editionsboreal.qc.ca\/catalogue\/livres\/les-nations-savent-elles-encore-rever-3820.html\">Les nations savent-elles encore r\u00eaver ?<\/a> (2019)<\/p>\n<p><a href=\"https:\/\/www.editionsboreal.qc.ca\/catalogue\/livres\/raison-deraison-mythe-3563.html\">Raison et d\u00e9raison du mythe<\/a> (2014)<\/p>\n<p><em><a title=\"L'interculturalisme\" href=\"https:\/\/www.editionsboreal.qc.ca\/catalogue\/livres\/interculturalisme-2156.html\" target=\"_blank\" rel=\"noopener\">L&#8217;interculturalisme &#8211; Un point de vue qu\u00e9b\u00e9cois<\/a>\u00a0(2012)<\/em><\/p>\n<p><em><a title=\"National Myths\" href=\"https:\/\/www.routledge.com\/books\/details\/9780415631129\/\" target=\"_blank\" rel=\"noopener\">National Myths &#8211; Constructed Pasts, Contested Pr\u00e9sents<\/a>\u00a0(2013)<\/em><\/p>\n<p><a title=\"Raison et d\u00e9raison du mythe\" href=\"https:\/\/www.editionsboreal.qc.ca\/catalogue\/livres\/raison-deraison-mythe-2401.html\" target=\"_blank\" rel=\"noopener\"><em>Raison et d\u00e9raison du mythe &#8211; Au c\u0153ur des imaginaires collectifs<\/em><\/a>\u00a0(2014)<\/p>\n<p><a title=\"Interculturalism\" href=\"https:\/\/www.utppublishing.com\/Interculturalism-A-View-from-Quebec.html\" target=\"_blank\" rel=\"noopener\"><em>Interculturalism &#8211; A View from Quebec<\/em><\/a> (2015) [traduction anglaise de <em>L&#8217;interculturalisme &#8211; Un point de vue qu\u00e9b\u00e9cois<\/em>]<\/p>\n<p>&nbsp;<\/p>\n","protected":false},"excerpt":{"rendered":"<p>Terre des humbles (\u00e0 para\u00eetre, 2025) Visions du Qu\u00e9bec (2025) Pour l&#8217;histoire nationale (2023) Les nations savent-elles encore r\u00eaver ? (2019) Raison et d\u00e9raison du mythe (2014) L&#8217;interculturalisme &#8211; Un point de vue qu\u00e9b\u00e9cois\u00a0(2012) National Myths &#8211; Constructed Pasts, Contested Pr\u00e9sents\u00a0(2013) Raison et d\u00e9raison du mythe &#8211; Au c\u0153ur des imaginaires collectifs\u00a0(2014) Interculturalism &#8211; A &hellip; <a href=\"https:\/\/portfolio.uqac.ca\/gerardbouchard\/publication-recentes\/\" class=\"more-link\">Continuer la lecture de <span class=\"screen-reader-text\">Publication r\u00e9centes<\/span>  <span class=\"meta-nav\">&rarr;<\/span><\/a><\/p>\n","protected":false},"author":17,"featured_media":0,"parent":0,"menu_order":0,"comment_status":"closed","ping_status":"open","template":"","meta":{"footnotes":""},"tags":[],"_links":{"self":[{"href":"https:\/\/portfolio.uqac.ca\/gerardbouchard\/wp-json\/wp\/v2\/pages\/325"}],"collection":[{"href":"https:\/\/portfolio.uqac.ca\/gerardbouchard\/wp-json\/wp\/v2\/pages"}],"about":[{"href":"https:\/\/portfolio.uqac.ca\/gerardbouchard\/wp-json\/wp\/v2\/types\/page"}],"author":[{"embeddable":true,"href":"https:\/\/portfolio.uqac.ca\/gerardbouchard\/wp-json\/wp\/v2\/users\/17"}],"replies":[{"embeddable":true,"href":"https:\/\/portfolio.uqac.ca\/gerardbouchard\/wp-json\/wp\/v2\/comments?post=325"}],"version-history":[{"count":12,"href":"https:\/\/portfolio.uqac.ca\/gerardbouchard\/wp-json\/wp\/v2\/pages\/325\/revisions"}],"predecessor-version":[{"id":418,"href":"https:\/\/portfolio.uqac.ca\/gerardbouchard\/wp-json\/wp\/v2\/pages\/325\/revisions\/418"}],"wp:attachment":[{"href":"https:\/\/portfolio.uqac.ca\/gerardbouchard\/wp-json\/wp\/v2\/media?parent=325"}],"wp:term":[{"taxonomy":"post_tag","embeddable":true,"href":"https:\/\/portfolio.uqac.ca\/gerardbouchard\/wp-json\/wp\/v2\/tags?post=325"}],"curies":[{"name":"wp","href":"https:\/\/api.w.org\/{rel}","templated":true}]}}

Publication récentes

<p><a href="https://www.editionsboreal.qc.ca/catalogue/livres/terre-des-humbles-4115.html">Terre des humbles</a> (à paraître, 2025)</p>
<p><a href="https://sommetouteledevoir.com/livre/visions-du-quebec/">Visions du Québec</a> (2025)</p>
<p><a href="https://www.editionsboreal.qc.ca/catalogue/livres/pour-histoire-nationale-3987.html">Pour l&#8217;histoire nationale</a> (2023)</p>
<p><a href="https://www.editionsboreal.qc.ca/catalogue/livres/les-nations-savent-elles-encore-rever-3820.html">Les nations savent-elles encore rêver ?</a> (2019)</p>
<p><a href="https://www.editionsboreal.qc.ca/catalogue/livres/raison-deraison-mythe-3563.html">Raison et déraison du mythe</a> (2014)</p>
<p><em><a title="L'interculturalisme" href="https://www.editionsboreal.qc.ca/catalogue/livres/interculturalisme-2156.html" target="_blank" rel="noopener">L&#8217;interculturalisme &#8211; Un point de vue québécois</a> (2012)</em></p>
<p><em><a title="National Myths" href="https://www.routledge.com/books/details/9780415631129/" target="_blank" rel="noopener">National Myths &#8211; Constructed Pasts, Contested Présents</a> (2013)</em></p>
<p><a title="Raison et déraison du mythe" href="https://www.editionsboreal.qc.ca/catalogue/livres/raison-deraison-mythe-2401.html" target="_blank" rel="noopener"><em>Raison et déraison du mythe &#8211; Au cœur des imaginaires collectifs</em></a> (2014)</p>
<p><a title="Interculturalism" href="https://www.utppublishing.com/Interculturalism-A-View-from-Quebec.html" target="_blank" rel="noopener"><em>Interculturalism &#8211; A View from Quebec</em></a> (2015) [traduction anglaise de <em>L&#8217;interculturalisme &#8211; Un point de vue québécois</em>]</p>
<p>&nbsp;</p>

<p>Terre des humbles (à paraître, 2025) Visions du Québec (2025) Pour l&#8217;histoire nationale (2023) Les nations savent-elles encore rêver ? (2019) Raison et déraison du mythe (2014) L&#8217;interculturalisme &#8211; Un point de vue québécois (2012) National Myths &#8211; Constructed Pasts, Contested Présents (2013) Raison et déraison du mythe &#8211; Au cœur des imaginaires collectifs (2014) Interculturalism &#8211; A &hellip; <a href="https://portfolio.uqac.ca/gerardbouchard/publication-recentes/" class="more-link">Continuer la lecture de <span class="screen-reader-text">Publication récentes</span>  <span class="meta-nav">&rarr;</span></a></p>
