{"id":4,"date":"2012-07-23T17:46:31","date_gmt":"2012-07-23T17:46:31","guid":{"rendered":"http:\/\/portfolio-pre.uqac.ca\/gabarit\/?page_id=4"},"modified":"2025-09-15T14:01:10","modified_gmt":"2025-09-15T18:01:10","slug":"presentatio","status":"publish","type":"page","link":"https:\/\/portfolio.uqac.ca\/gerardbouchard\/","title":{"rendered":"Pr\u00e9sentation"},"content":{"rendered":"<h2>G\u00e9rard Bouchard<\/h2>\n<p>Historien et sociologue<\/p>\n<p>Professeur \u00e9m\u00e9rite<\/p>\n<p><strong>Principaux champs de recherche<\/strong><\/p>\n<ul>\n<li>Imaginaires collectifs<\/li>\n<li>Mythes sociaux et nationaux<\/li>\n<li>R\u00e9volution tranquille<\/li>\n<li>Mythes de l&#8217;Union europ\u00e9enne<\/li>\n<li>Fondements symboliques du lien social<\/li>\n<li>Gestion de la diversit\u00e9 ethnoculturelle<\/li>\n<\/ul>\n","protected":false},"excerpt":{"rendered":"<p>G\u00e9rard Bouchard Historien et sociologue Professeur \u00e9m\u00e9rite Principaux champs de recherche Imaginaires collectifs Mythes sociaux et nationaux R\u00e9volution tranquille Mythes de l&#8217;Union europ\u00e9enne Fondements symboliques du lien social Gestion de la diversit\u00e9 ethnoculturelle<\/p>\n","protected":false},"author":17,"featured_media":0,"parent":0,"menu_order":0,"comment_status":"closed","ping_status":"closed","template":"","meta":{"footnotes":""},"tags":[],"_links":{"self":[{"href":"https:\/\/portfolio.uqac.ca\/gerardbouchard\/wp-json\/wp\/v2\/pages\/4"}],"collection":[{"href":"https:\/\/portfolio.uqac.ca\/gerardbouchard\/wp-json\/wp\/v2\/pages"}],"about":[{"href":"https:\/\/portfolio.uqac.ca\/gerardbouchard\/wp-json\/wp\/v2\/types\/page"}],"author":[{"embeddable":true,"href":"https:\/\/portfolio.uqac.ca\/gerardbouchard\/wp-json\/wp\/v2\/users\/17"}],"replies":[{"embeddable":true,"href":"https:\/\/portfolio.uqac.ca\/gerardbouchard\/wp-json\/wp\/v2\/comments?post=4"}],"version-history":[{"count":41,"href":"https:\/\/portfolio.uqac.ca\/gerardbouchard\/wp-json\/wp\/v2\/pages\/4\/revisions"}],"predecessor-version":[{"id":424,"href":"https:\/\/portfolio.uqac.ca\/gerardbouchard\/wp-json\/wp\/v2\/pages\/4\/revisions\/424"}],"wp:attachment":[{"href":"https:\/\/portfolio.uqac.ca\/gerardbouchard\/wp-json\/wp\/v2\/media?parent=4"}],"wp:term":[{"taxonomy":"post_tag","embeddable":true,"href":"https:\/\/portfolio.uqac.ca\/gerardbouchard\/wp-json\/wp\/v2\/tags?post=4"}],"curies":[{"name":"wp","href":"https:\/\/api.w.org\/{rel}","templated":true}]}}

Présentation

<h2>Gérard Bouchard</h2>
<p>Historien et sociologue</p>
<p>Professeur émérite</p>
<p><strong>Principaux champs de recherche</strong></p>
<ul>
<li>Imaginaires collectifs</li>
<li>Mythes sociaux et nationaux</li>
<li>Révolution tranquille</li>
<li>Mythes de l&#8217;Union européenne</li>
<li>Fondements symboliques du lien social</li>
<li>Gestion de la diversité ethnoculturelle</li>
</ul>

<p>Gérard Bouchard Historien et sociologue Professeur émérite Principaux champs de recherche Imaginaires collectifs Mythes sociaux et nationaux Révolution tranquille Mythes de l&#8217;Union européenne Fondements symboliques du lien social Gestion de la diversité ethnoculturelle</p>
