{"id":4,"date":"2019-05-09T15:51:35","date_gmt":"2019-05-09T19:51:35","guid":{"rendered":"http:\/\/portfolio-pre.uqac.ca\/gabarit\/?page_id=4"},"modified":"2020-01-06T09:54:59","modified_gmt":"2020-01-06T14:54:59","slug":"presentatio","status":"publish","type":"page","link":"https:\/\/portfolio.uqac.ca\/gillesimbeau\/","title":{"rendered":"Pr\u00e9sentation"},"content":{"rendered":"<h2>Gilles Imbeau<\/h2>\n<p>Professeur au d\u00e9partement\u00a0d\u2019informatique et de math\u00e9matique<br \/>\nPr\u00e9sident du syndicat des professeures et professeurs<\/p>\n<h2>Champs d&#8217;int\u00e9r\u00eat<\/h2>\n<ul>\n<li>Gestion de projets informatiques<\/li>\n<li>M\u00e9thodologie Scrum<\/li>\n<li>Approches Agile<\/li>\n<\/ul>\n","protected":false},"excerpt":{"rendered":"<p>Gilles Imbeau Professeur au d\u00e9partement\u00a0d\u2019informatique et de math\u00e9matique Pr\u00e9sident du syndicat des professeures et professeurs Champs d&#8217;int\u00e9r\u00eat Gestion de projets informatiques M\u00e9thodologie Scrum Approches Agile<\/p>\n","protected":false},"author":89,"featured_media":0,"parent":0,"menu_order":0,"comment_status":"closed","ping_status":"closed","template":"","meta":{"footnotes":""},"tags":[],"_links":{"self":[{"href":"https:\/\/portfolio.uqac.ca\/gillesimbeau\/wp-json\/wp\/v2\/pages\/4"}],"collection":[{"href":"https:\/\/portfolio.uqac.ca\/gillesimbeau\/wp-json\/wp\/v2\/pages"}],"about":[{"href":"https:\/\/portfolio.uqac.ca\/gillesimbeau\/wp-json\/wp\/v2\/types\/page"}],"author":[{"embeddable":true,"href":"https:\/\/portfolio.uqac.ca\/gillesimbeau\/wp-json\/wp\/v2\/users\/89"}],"replies":[{"embeddable":true,"href":"https:\/\/portfolio.uqac.ca\/gillesimbeau\/wp-json\/wp\/v2\/comments?post=4"}],"version-history":[{"count":14,"href":"https:\/\/portfolio.uqac.ca\/gillesimbeau\/wp-json\/wp\/v2\/pages\/4\/revisions"}],"predecessor-version":[{"id":194,"href":"https:\/\/portfolio.uqac.ca\/gillesimbeau\/wp-json\/wp\/v2\/pages\/4\/revisions\/194"}],"wp:attachment":[{"href":"https:\/\/portfolio.uqac.ca\/gillesimbeau\/wp-json\/wp\/v2\/media?parent=4"}],"wp:term":[{"taxonomy":"post_tag","embeddable":true,"href":"https:\/\/portfolio.uqac.ca\/gillesimbeau\/wp-json\/wp\/v2\/tags?post=4"}],"curies":[{"name":"wp","href":"https:\/\/api.w.org\/{rel}","templated":true}]}}