{"id":18,"date":"2017-03-17T15:47:34","date_gmt":"2017-03-17T19:47:34","guid":{"rendered":"http:\/\/portfolio-pre.uqac.ca\/gabarit\/?page_id=18"},"modified":"2017-12-27T15:28:07","modified_gmt":"2017-12-27T20:28:07","slug":"enseignement","status":"publish","type":"page","link":"https:\/\/portfolio.uqac.ca\/guylaineduval\/enseignement\/","title":{"rendered":"Enseignement"},"content":{"rendered":"<ul>\n<li><span style=\"color: #000000;font-family: Calibri\">2CTB211: La profession comptable et les affaires<\/span><\/li>\n<li><span style=\"color: #000000;font-family: Calibri\"><span style=\"color: #000000;font-family: Calibri\">2CTB504: Certification avanc\u00e9e<\/span><\/span><\/li>\n<li><span style=\"color: #000000;font-family: Calibri\"><span style=\"color: #000000;font-family: Calibri\"><span style=\"color: #000000;font-family: Calibri\">2CTB609 :Certification\u00a0: sujets sp\u00e9cialis\u00e9s<\/span><\/span><\/span><\/li>\n<li><span style=\"color: #000000;font-family: Calibri\"><span style=\"color: #000000;font-family: Calibri\"><span style=\"color: #000000;font-family: Calibri\"><span style=\"color: #000000;font-family: Calibri\">2MSC833: S\u00e9minaire d\u2019int\u00e9gration en comptabilit\u00e9 g\u00e9n\u00e9rale et en comptabilit\u00e9 de gestion<\/span><\/span><\/span><\/span><\/li>\n<li><span style=\"color: #000000;font-family: Calibri\"><span style=\"color: #000000;font-family: Calibri\"><span style=\"color: #000000;font-family: Calibri\"><span style=\"color: #000000;font-family: Calibri\"><span style=\"color: #000000;font-family: Calibri\">2MSC852: S\u00e9minaire de sp\u00e9cialisation en certification<\/span><\/span><\/span><\/span><\/span><\/li>\n<li><span style=\"color: #000000;font-family: Calibri\"><span style=\"color: #000000;font-family: Calibri\"><span style=\"color: #000000;font-family: Calibri\"><span style=\"color: #000000;font-family: Calibri\"><span style=\"color: #000000;font-family: Calibri\"><span style=\"color: #000000;font-family: Calibri\">2MSC853: S\u00e9minaire de sp\u00e9cialisation en Gestion de la performance<\/span><\/span><\/span><\/span><\/span><\/span><\/li>\n<\/ul>\n","protected":false},"excerpt":{"rendered":"<p>2CTB211: La profession comptable et les affaires 2CTB504: Certification avanc\u00e9e 2CTB609 :Certification\u00a0: sujets sp\u00e9cialis\u00e9s 2MSC833: S\u00e9minaire d\u2019int\u00e9gration en comptabilit\u00e9 g\u00e9n\u00e9rale et en comptabilit\u00e9 de gestion 2MSC852: S\u00e9minaire de sp\u00e9cialisation en certification 2MSC853: S\u00e9minaire de sp\u00e9cialisation en Gestion de la performance<\/p>\n","protected":false},"author":89,"featured_media":0,"parent":0,"menu_order":0,"comment_status":"closed","ping_status":"closed","template":"","meta":{"footnotes":""},"tags":[],"_links":{"self":[{"href":"https:\/\/portfolio.uqac.ca\/guylaineduval\/wp-json\/wp\/v2\/pages\/18"}],"collection":[{"href":"https:\/\/portfolio.uqac.ca\/guylaineduval\/wp-json\/wp\/v2\/pages"}],"about":[{"href":"https:\/\/portfolio.uqac.ca\/guylaineduval\/wp-json\/wp\/v2\/types\/page"}],"author":[{"embeddable":true,"href":"https:\/\/portfolio.uqac.ca\/guylaineduval\/wp-json\/wp\/v2\/users\/89"}],"replies":[{"embeddable":true,"href":"https:\/\/portfolio.uqac.ca\/guylaineduval\/wp-json\/wp\/v2\/comments?post=18"}],"version-history":[{"count":5,"href":"https:\/\/portfolio.uqac.ca\/guylaineduval\/wp-json\/wp\/v2\/pages\/18\/revisions"}],"predecessor-version":[{"id":130,"href":"https:\/\/portfolio.uqac.ca\/guylaineduval\/wp-json\/wp\/v2\/pages\/18\/revisions\/130"}],"wp:attachment":[{"href":"https:\/\/portfolio.uqac.ca\/guylaineduval\/wp-json\/wp\/v2\/media?parent=18"}],"wp:term":[{"taxonomy":"post_tag","embeddable":true,"href":"https:\/\/portfolio.uqac.ca\/guylaineduval\/wp-json\/wp\/v2\/tags?post=18"}],"curies":[{"name":"wp","href":"https:\/\/api.w.org\/{rel}","templated":true}]}}