{"id":18,"date":"2012-07-23T20:05:15","date_gmt":"2012-07-23T20:05:15","guid":{"rendered":"http:\/\/portfolio-pre.uqac.ca\/gabarit\/?page_id=18"},"modified":"2019-03-21T11:25:56","modified_gmt":"2019-03-21T15:25:56","slug":"enseignement","status":"publish","type":"page","link":"https:\/\/portfolio.uqac.ca\/hassanezzaidi\/enseignement\/","title":{"rendered":"Enseignement"},"content":{"rendered":"<h2>Baccalaur\u00e9at (1er cycle)<\/h2>\n<ul>\n<li><strong>6GEN248<\/strong> &#8211; Informatique pour l&#8217;ing\u00e9nieur<\/li>\n<li><strong>6GEI328<\/strong> &#8211; Signaux et syst\u00e8mes<\/li>\n<li><strong>6GEI600<\/strong> &#8211; Traitement num\u00e9rique des signaux<\/li>\n<li><strong>6GEN708<\/strong> &#8211; Intelligence artificielle et reconnaissance des formes<\/li>\n<\/ul>\n<h2>Ma\u00eetrise (2i\u00e8me cycle)<\/h2>\n<ul>\n<li><span style=\"line-height: 15px;\"><strong>6MDI853<\/strong> &#8211; Sujets sp\u00e9ciaux en traitement de l&#8217;information<\/span><\/li>\n<li><strong>6INF911<\/strong> &#8211; R\u00e9seaux de neurones<\/li>\n<li><strong>6MDI853<\/strong> &#8211; Sujets sp\u00e9ciaux en traitement de l&#8217;information<\/li>\n<li><strong>6MIG822<\/strong> &#8211; S\u00e9minaire I<\/li>\n<li><strong>6MIG808<\/strong> &#8211; S\u00e9minaire II<\/li>\n<li><strong>6DIG990<\/strong> &#8211; Examen Doctoral<\/li>\n<li><strong>INF900<\/strong> &#8211; Projet de th\u00e8se<\/li>\n<li><strong>6MIG889<\/strong> &#8211; Projet d&#8217;application 15 cr.<\/li>\n<li><strong>6MIG890<\/strong> &#8211; Projet d&#8217;intervention en entreprise 15 cr.<\/li>\n<\/ul>\n<p>Regardez bien l&#8217;image ci-dessous&#8230;\u00a0 ELLE N&#8217;EST PAS ANIM\u00c9E ! Ce sont vos yeux qui la font bouger. Pour preuve : fixez le centre noir d&#8217;un des cercles pendant quelques secondes, et tout va s&#8217;arr\u00eater. D\u00e8s que vous passez au centre d&#8217;un autre cercle, tout recommence \u00e0 tourner &#8230;<\/p>\n<p><a href=\"https:\/\/portfolio.uqac.ca\/hassanezzaidi\/files\/2012\/07\/coursPass_clip_image002_0000.jpg\"><img loading=\"lazy\" decoding=\"async\" class=\"size-full wp-image-85 aligncenter\" src=\"https:\/\/portfolio.uqac.ca\/hassanezzaidi\/files\/2012\/07\/coursPass_clip_image002_0000.jpg\" alt=\"coursPass_clip_image002_0000\" width=\"269\" height=\"171\" \/><\/a><\/p>\n","protected":false},"excerpt":{"rendered":"<p>Baccalaur\u00e9at (1er cycle) 6GEN248 &#8211; Informatique pour l&#8217;ing\u00e9nieur 6GEI328 &#8211; Signaux et syst\u00e8mes 6GEI600 &#8211; Traitement num\u00e9rique des signaux 6GEN708 &#8211; Intelligence artificielle et reconnaissance des formes Ma\u00eetrise (2i\u00e8me cycle) 6MDI853 &#8211; Sujets sp\u00e9ciaux en traitement de l&#8217;information 6INF911 &#8211; R\u00e9seaux de neurones 6MDI853 &#8211; Sujets sp\u00e9ciaux en traitement de l&#8217;information 6MIG822 &#8211; S\u00e9minaire I &hellip; <a href=\"https:\/\/portfolio.uqac.ca\/hassanezzaidi\/enseignement\/\" class=\"more-link\">Continuer la lecture de <span class=\"screen-reader-text\">Enseignement<\/span>  <span class=\"meta-nav\">&rarr;<\/span><\/a><\/p>\n","protected":false},"author":219,"featured_media":0,"parent":0,"menu_order":0,"comment_status":"closed","ping_status":"closed","template":"","meta":{"footnotes":""},"tags":[],"_links":{"self":[{"href":"https:\/\/portfolio.uqac.ca\/hassanezzaidi\/wp-json\/wp\/v2\/pages\/18"}],"collection":[{"href":"https:\/\/portfolio.uqac.ca\/hassanezzaidi\/wp-json\/wp\/v2\/pages"}],"about":[{"href":"https:\/\/portfolio.uqac.ca\/hassanezzaidi\/wp-json\/wp\/v2\/types\/page"}],"author":[{"embeddable":true,"href":"https:\/\/portfolio.uqac.ca\/hassanezzaidi\/wp-json\/wp\/v2\/users\/219"}],"replies":[{"embeddable":true,"href":"https:\/\/portfolio.uqac.ca\/hassanezzaidi\/wp-json\/wp\/v2\/comments?post=18"}],"version-history":[{"count":11,"href":"https:\/\/portfolio.uqac.ca\/hassanezzaidi\/wp-json\/wp\/v2\/pages\/18\/revisions"}],"predecessor-version":[{"id":132,"href":"https:\/\/portfolio.uqac.ca\/hassanezzaidi\/wp-json\/wp\/v2\/pages\/18\/revisions\/132"}],"wp:attachment":[{"href":"https:\/\/portfolio.uqac.ca\/hassanezzaidi\/wp-json\/wp\/v2\/media?parent=18"}],"wp:term":[{"taxonomy":"post_tag","embeddable":true,"href":"https:\/\/portfolio.uqac.ca\/hassanezzaidi\/wp-json\/wp\/v2\/tags?post=18"}],"curies":[{"name":"wp","href":"https:\/\/api.w.org\/{rel}","templated":true}]}}