{"id":20,"date":"2012-07-23T20:20:59","date_gmt":"2012-07-23T20:20:59","guid":{"rendered":"http:\/\/portfolio-pre.uqac.ca\/gabarit\/?page_id=20"},"modified":"2022-10-31T09:15:31","modified_gmt":"2022-10-31T13:15:31","slug":"articles","status":"publish","type":"page","link":"https:\/\/portfolio.uqac.ca\/jacinthedion\/articles\/","title":{"rendered":"Articles"},"content":{"rendered":"<p><strong>Articles publi\u00e9s avec comit\u00e9 d&#8217;\u00e9valuation<\/strong><\/p>\n<p><iframe loading=\"lazy\" src=\"https:\/\/constellation.uqac.ca\/cgi\/search\/archive\/advanced\/export_eprints_uqac_HTMLUQAC.html?screen=Search&#038;dataset=archive&#038;_action_export=1&#038;output=HTMLUQAC&#038;exp=0%7C1%7C-date%2F-creators_name%2Ftitle%7Carchive%7C-%7Ccreators_name%2Fdirectors_name%3Acreators_name%2Fdirectors_name%3AALL%3AEQ%3ADion%2C+Jacinthe%7Cdivisions%3Adivisions%3AANY%3AEQ%3ADEP_SS+MOD_SH%7Ctype%3Atype%3AANY%3AEQ%3Aarticle_eval%7C-%7Ceprint_status%3Aeprint_status%3AANY%3AEQ%3Aarchive%7Cmetadata_visibility%3Ametadata_visibility%3AANY%3AEQ%3Ashow&#038;n=\" width=\"1300\" height=\"5700\"><\/iframe><\/p>\n<p><strong>Articles publi\u00e9s sans comit\u00e9 d&#8217;\u00e9valuation<\/strong><\/p>\n<p><iframe loading=\"lazy\" src=\"https:\/\/constellation.uqac.ca\/cgi\/search\/archive\/advanced\/export_eprints_uqac_HTMLUQAC.html?screen=Search&#038;dataset=archive&#038;_action_export=1&#038;output=HTMLUQAC&#038;exp=0%7C1%7C-date%2F-creators_name%2Ftitle%7Carchive%7C-%7Ccreators_name%2Fdirectors_name%3Acreators_name%2Fdirectors_name%3AALL%3AEQ%3ADion%2C+Jacinthe%7Cdivisions%3Adivisions%3AANY%3AEQ%3ADEP_SS+DEP_SH%7Ctype%3Atype%3AANY%3AEQ%3Aarticle%7C-%7Ceprint_status%3Aeprint_status%3AANY%3AEQ%3Aarchive%7Cmetadata_visibility%3Ametadata_visibility%3AANY%3AEQ%3Ashow&#038;n=\" width=\"1300\" height=\"1300\"><\/iframe><\/p>\n","protected":false},"excerpt":{"rendered":"<p>Articles publi\u00e9s avec comit\u00e9 d&#8217;\u00e9valuation Articles publi\u00e9s sans comit\u00e9 d&#8217;\u00e9valuation<\/p>\n","protected":false},"author":95,"featured_media":0,"parent":0,"menu_order":0,"comment_status":"closed","ping_status":"closed","template":"","meta":{"footnotes":""},"tags":[],"_links":{"self":[{"href":"https:\/\/portfolio.uqac.ca\/jacinthedion\/wp-json\/wp\/v2\/pages\/20"}],"collection":[{"href":"https:\/\/portfolio.uqac.ca\/jacinthedion\/wp-json\/wp\/v2\/pages"}],"about":[{"href":"https:\/\/portfolio.uqac.ca\/jacinthedion\/wp-json\/wp\/v2\/types\/page"}],"author":[{"embeddable":true,"href":"https:\/\/portfolio.uqac.ca\/jacinthedion\/wp-json\/wp\/v2\/users\/95"}],"replies":[{"embeddable":true,"href":"https:\/\/portfolio.uqac.ca\/jacinthedion\/wp-json\/wp\/v2\/comments?post=20"}],"version-history":[{"count":39,"href":"https:\/\/portfolio.uqac.ca\/jacinthedion\/wp-json\/wp\/v2\/pages\/20\/revisions"}],"predecessor-version":[{"id":337,"href":"https:\/\/portfolio.uqac.ca\/jacinthedion\/wp-json\/wp\/v2\/pages\/20\/revisions\/337"}],"wp:attachment":[{"href":"https:\/\/portfolio.uqac.ca\/jacinthedion\/wp-json\/wp\/v2\/media?parent=20"}],"wp:term":[{"taxonomy":"post_tag","embeddable":true,"href":"https:\/\/portfolio.uqac.ca\/jacinthedion\/wp-json\/wp\/v2\/tags?post=20"}],"curies":[{"name":"wp","href":"https:\/\/api.w.org\/{rel}","templated":true}]}}