{"id":317,"date":"2021-09-28T09:32:23","date_gmt":"2021-09-28T13:32:23","guid":{"rendered":"http:\/\/portfolio-pre.uqac.ca\/jacinthedion\/?page_id=317"},"modified":"2021-09-28T09:41:09","modified_gmt":"2021-09-28T13:41:09","slug":"autres-publications","status":"publish","type":"page","link":"https:\/\/portfolio.uqac.ca\/jacinthedion\/autres-publications\/","title":{"rendered":"Autres publications"},"content":{"rendered":"<p>Dion, J., Attard, V., Maltais, A., Tremblay, V., Julien, M., Bergeron-Leclerc, C.,\u00a0&amp; H\u00e9bert, M. (2020). <em>Rapport de l\u2019\u00e9valuation pilote du Programme\u00a0Lanterne|Awacic : Faire la lumi\u00e8re sur l\u2019\u00e9ducation \u00e0 la sexualit\u00e9 saine et les relations respectueuses chez les tout-petits<\/em>.\u00a0 Universit\u00e9 du Qu\u00e9bec \u00e0 Chicoutimi. <a href=\"https:\/\/cdn.marie-vincent.org\/wp-content\/uploads\/2021\/02\/MV_Rapport-Lanterne-Awacic-VF.pdf\">https:\/\/cdn.marie-vincent.org\/wp-content\/uploads\/2021\/02\/MV_Rapport-Lanterne-Awacic-VF.pdf<\/a><\/p>\n<p>Dion, J., Attard, V., Dion, J., Maltais, A., Tremblay, V., Julien, M., Bergeron-Leclerc, C., &amp; H\u00e9bert, M. (2020). <em>\u00c9valuation pilote du programme Lanterne|Awacic : Faire la lumi\u00e8re sur l\u2019\u00e9ducation \u00e0 la sexualit\u00e9 saine et les relations respectueuses chez les tout-petits <\/em>[Infographie]. Universit\u00e9 du Qu\u00e9bec \u00e0 Chicoutimi.\u00a0<a href=\"https:\/\/cdn.marie-vincent.org\/wp-content\/uploads\/2020\/10\/Coup-doeil-sur-la-recherche-Awacic.pdf\">https:\/\/cdn.marie-vincent.org\/wp-content\/uploads\/2020\/10\/Coup-doeil-sur-la-recherche-Awacic.pdf<\/a><\/p>\n<p>Dion, J., Collin-V\u00e9zina, D., Lavoie, F., Cyr, M., &amp; Corneau, M. (2016).\u00a0<em>\u00c9tat des connaissances en recherche sur la violence sexuelle et les femmes autochtones au Qu\u00e9bec : M\u00e9moire d\u00e9pos\u00e9 au Secr\u00e9taire de la Commission des relations avec les citoyens dans le cadre du mandat d&#8217;initiative &#8211; Les condition de vie des femmes autochtones en lien avec les agressions sexuelles et la violence conjugale.\u00a0<\/em>Centre de recherche interdisciplinaire sur les probl\u00e8mes conjugaux et les agressions sexuelles.\u00a0<a href=\"https:\/\/www.cripcas.ca\/images\/Publications\/Mmoire-sur-les-femmes-autochotones-au-Qubec-du-CRIPCAS.pdf\">https:\/\/www.cripcas.ca\/images\/Publications\/Mmoire-sur-les-femmes-autochotones-au-Qubec-du-CRIPCAS.pdf<\/a><\/p>\n<p>&nbsp;<\/p>\n","protected":false},"excerpt":{"rendered":"<p>Dion, J., Attard, V., Maltais, A., Tremblay, V., Julien, M., Bergeron-Leclerc, C.,\u00a0&amp; H\u00e9bert, M. (2020). Rapport de l\u2019\u00e9valuation pilote du Programme\u00a0Lanterne|Awacic : Faire la lumi\u00e8re sur l\u2019\u00e9ducation \u00e0 la sexualit\u00e9 saine et les relations respectueuses chez les tout-petits.\u00a0 Universit\u00e9 du Qu\u00e9bec \u00e0 Chicoutimi. https:\/\/cdn.marie-vincent.org\/wp-content\/uploads\/2021\/02\/MV_Rapport-Lanterne-Awacic-VF.pdf Dion, J., Attard, V., Dion, J., Maltais, A., Tremblay, V., Julien, &hellip; <a href=\"https:\/\/portfolio.uqac.ca\/jacinthedion\/autres-publications\/\" class=\"more-link\">Continuer la lecture de <span class=\"screen-reader-text\">Autres publications<\/span>  <span class=\"meta-nav\">&rarr;<\/span><\/a><\/p>\n","protected":false},"author":147,"featured_media":0,"parent":0,"menu_order":0,"comment_status":"closed","ping_status":"closed","template":"","meta":{"footnotes":""},"tags":[],"_links":{"self":[{"href":"https:\/\/portfolio.uqac.ca\/jacinthedion\/wp-json\/wp\/v2\/pages\/317"}],"collection":[{"href":"https:\/\/portfolio.uqac.ca\/jacinthedion\/wp-json\/wp\/v2\/pages"}],"about":[{"href":"https:\/\/portfolio.uqac.ca\/jacinthedion\/wp-json\/wp\/v2\/types\/page"}],"author":[{"embeddable":true,"href":"https:\/\/portfolio.uqac.ca\/jacinthedion\/wp-json\/wp\/v2\/users\/147"}],"replies":[{"embeddable":true,"href":"https:\/\/portfolio.uqac.ca\/jacinthedion\/wp-json\/wp\/v2\/comments?post=317"}],"version-history":[{"count":4,"href":"https:\/\/portfolio.uqac.ca\/jacinthedion\/wp-json\/wp\/v2\/pages\/317\/revisions"}],"predecessor-version":[{"id":323,"href":"https:\/\/portfolio.uqac.ca\/jacinthedion\/wp-json\/wp\/v2\/pages\/317\/revisions\/323"}],"wp:attachment":[{"href":"https:\/\/portfolio.uqac.ca\/jacinthedion\/wp-json\/wp\/v2\/media?parent=317"}],"wp:term":[{"taxonomy":"post_tag","embeddable":true,"href":"https:\/\/portfolio.uqac.ca\/jacinthedion\/wp-json\/wp\/v2\/tags?post=317"}],"curies":[{"name":"wp","href":"https:\/\/api.w.org\/{rel}","templated":true}]}}